{"id":6990,"date":"2026-04-18T09:06:07","date_gmt":"2026-04-18T07:06:07","guid":{"rendered":"https:\/\/adwokatura.krakow.pl\/adwokaci-i-aplikanci\/?post_type=galeria&#038;p=6990"},"modified":"2026-04-21T09:10:02","modified_gmt":"2026-04-21T07:10:02","slug":"konferencja-sedziow-sadow-dyscyplinarnych","status":"publish","type":"galeria","link":"https:\/\/adwokatura.krakow.pl\/adwokaci-i-aplikanci\/galeria\/konferencja-sedziow-sadow-dyscyplinarnych\/","title":{"rendered":"Konferencja S\u0119dzi\u00f3w S\u0105d\u00f3w Dyscyplinarnych"},"excerpt":{"rendered":"","protected":false},"featured_media":6995,"template":"","meta":{"_acf_changed":false,"inline_featured_image":false},"class_list":["post-6990","galeria","type-galeria","status-publish","has-post-thumbnail","hentry"],"acf":[],"_links":{"self":[{"href":"https:\/\/adwokatura.krakow.pl\/adwokaci-i-aplikanci\/wp-json\/wp\/v2\/galeria\/6990","targetHints":{"allow":["GET"]}}],"collection":[{"href":"https:\/\/adwokatura.krakow.pl\/adwokaci-i-aplikanci\/wp-json\/wp\/v2\/galeria"}],"about":[{"href":"https:\/\/adwokatura.krakow.pl\/adwokaci-i-aplikanci\/wp-json\/wp\/v2\/types\/galeria"}],"wp:featuredmedia":[{"embeddable":true,"href":"https:\/\/adwokatura.krakow.pl\/adwokaci-i-aplikanci\/wp-json\/wp\/v2\/media\/6995"}],"wp:attachment":[{"href":"https:\/\/adwokatura.krakow.pl\/adwokaci-i-aplikanci\/wp-json\/wp\/v2\/media?parent=6990"}],"curies":[{"name":"wp","href":"https:\/\/api.w.org\/{rel}","templated":true}]}}

Konferencja Sędziów Sądów Dyscyplinarnych
