{"id":127,"date":"2023-12-05T17:54:35","date_gmt":"2023-12-05T16:54:35","guid":{"rendered":"http:\/\/adwokatura.krakow.pl\/adwokaci-i-aplikanci\/?post_type=kalendarium&#038;p=127"},"modified":"2024-02-27T11:28:31","modified_gmt":"2024-02-27T10:28:31","slug":"sekcja-praktykow-sporow-w-sprawach-cywilnych-i-handlowych-przy-kia-zaprasza-na-wyklad-procesowe-aspekty-ochrony-dobr-osobistych-w-swietle-najnowszych-zmian-kc-i-kpc","status":"publish","type":"kalendarium","link":"https:\/\/adwokatura.krakow.pl\/adwokaci-i-aplikanci\/kalendarium\/sekcja-praktykow-sporow-w-sprawach-cywilnych-i-handlowych-przy-kia-zaprasza-na-wyklad-procesowe-aspekty-ochrony-dobr-osobistych-w-swietle-najnowszych-zmian-kc-i-kpc\/","title":{"rendered":"Sekcja praktyk\u00f3w spor\u00f3w w sprawach cywilnych i handlowych przy kia zaprasza na wyk\u0142ad: \u201eProcesowe aspekty ochrony d\u00f3br osobistych w \u015bwietle najnowszych zmian KC i KPC\u201d"},"content":{"rendered":"\n<figure class=\"wp-block-image size-large\"><img loading=\"lazy\" decoding=\"async\" width=\"1024\" height=\"577\" src=\"http:\/\/adwokatura.krakow.pl\/adwokaci-i-aplikanci\/wp-content\/uploads\/sites\/2\/2023\/11\/31-wyklad-5-grudnia-1024x577.png\" alt=\"\" class=\"wp-image-289\" srcset=\"https:\/\/adwokatura.krakow.pl\/adwokaci-i-aplikanci\/wp-content\/uploads\/sites\/2\/2023\/11\/31-wyklad-5-grudnia-1024x577.png 1024w, https:\/\/adwokatura.krakow.pl\/adwokaci-i-aplikanci\/wp-content\/uploads\/sites\/2\/2023\/11\/31-wyklad-5-grudnia-300x169.png 300w, https:\/\/adwokatura.krakow.pl\/adwokaci-i-aplikanci\/wp-content\/uploads\/sites\/2\/2023\/11\/31-wyklad-5-grudnia-768x433.png 768w, https:\/\/adwokatura.krakow.pl\/adwokaci-i-aplikanci\/wp-content\/uploads\/sites\/2\/2023\/11\/31-wyklad-5-grudnia-1536x865.png 1536w, https:\/\/adwokatura.krakow.pl\/adwokaci-i-aplikanci\/wp-content\/uploads\/sites\/2\/2023\/11\/31-wyklad-5-grudnia.png 1640w\" sizes=\"auto, (max-width: 1024px) 100vw, 1024px\" \/><\/figure>\n","protected":false},"template":"","meta":{"_acf_changed":false,"inline_featured_image":false},"class_list":["post-127","kalendarium","type-kalendarium","status-publish","hentry"],"acf":[],"_links":{"self":[{"href":"https:\/\/adwokatura.krakow.pl\/adwokaci-i-aplikanci\/wp-json\/wp\/v2\/kalendarium\/127","targetHints":{"allow":["GET"]}}],"collection":[{"href":"https:\/\/adwokatura.krakow.pl\/adwokaci-i-aplikanci\/wp-json\/wp\/v2\/kalendarium"}],"about":[{"href":"https:\/\/adwokatura.krakow.pl\/adwokaci-i-aplikanci\/wp-json\/wp\/v2\/types\/kalendarium"}],"wp:attachment":[{"href":"https:\/\/adwokatura.krakow.pl\/adwokaci-i-aplikanci\/wp-json\/wp\/v2\/media?parent=127"}],"curies":[{"name":"wp","href":"https:\/\/api.w.org\/{rel}","templated":true}]}}

Sekcja praktyków sporów w sprawach cywilnych i handlowych przy kia zaprasza na wykład: „Procesowe aspekty ochrony dóbr osobistych w świetle najnowszych zmian KC i KPC”
