{"id":3925,"date":"2024-05-16T12:44:25","date_gmt":"2024-05-16T10:44:25","guid":{"rendered":"https:\/\/adwokatura.krakow.pl\/adwokaci-i-aplikanci\/?post_type=kalendarium&#038;p=3925"},"modified":"2024-05-16T12:44:26","modified_gmt":"2024-05-16T10:44:26","slug":"szkolenie-w-pogoni-za-trucizna-doskonala-na-toksycznych-szlakach-jej-wedrowek","status":"publish","type":"kalendarium","link":"https:\/\/adwokatura.krakow.pl\/adwokaci-i-aplikanci\/kalendarium\/szkolenie-w-pogoni-za-trucizna-doskonala-na-toksycznych-szlakach-jej-wedrowek\/","title":{"rendered":"Szkolenie &#8211; W pogoni za trucizn\u0105 doskona\u0142\u0105 &#8211; na toksycznych szlakach jej w\u0119dr\u00f3wek"},"content":{"rendered":"\n<figure class=\"wp-block-image size-full is-resized\"><img loading=\"lazy\" decoding=\"async\" width=\"556\" height=\"787\" src=\"http:\/\/adwokatura.krakow.pl\/adwokaci-i-aplikanci\/wp-content\/uploads\/sites\/2\/2024\/05\/szkolenie-20-czerwca-1.png\" alt=\"\" class=\"wp-image-3850\" style=\"width:455px;height:auto\" srcset=\"https:\/\/adwokatura.krakow.pl\/adwokaci-i-aplikanci\/wp-content\/uploads\/sites\/2\/2024\/05\/szkolenie-20-czerwca-1.png 556w, https:\/\/adwokatura.krakow.pl\/adwokaci-i-aplikanci\/wp-content\/uploads\/sites\/2\/2024\/05\/szkolenie-20-czerwca-1-212x300.png 212w\" sizes=\"auto, (max-width: 556px) 100vw, 556px\" \/><\/figure>\n\n\n<a class=\"button button--zielony-ze-strzalka\" href=\"\">\n        ZOOM<\/a>\n","protected":false},"template":"","meta":{"_acf_changed":false,"inline_featured_image":false},"class_list":["post-3925","kalendarium","type-kalendarium","status-publish","hentry"],"acf":[],"_links":{"self":[{"href":"https:\/\/adwokatura.krakow.pl\/adwokaci-i-aplikanci\/wp-json\/wp\/v2\/kalendarium\/3925","targetHints":{"allow":["GET"]}}],"collection":[{"href":"https:\/\/adwokatura.krakow.pl\/adwokaci-i-aplikanci\/wp-json\/wp\/v2\/kalendarium"}],"about":[{"href":"https:\/\/adwokatura.krakow.pl\/adwokaci-i-aplikanci\/wp-json\/wp\/v2\/types\/kalendarium"}],"wp:attachment":[{"href":"https:\/\/adwokatura.krakow.pl\/adwokaci-i-aplikanci\/wp-json\/wp\/v2\/media?parent=3925"}],"curies":[{"name":"wp","href":"https:\/\/api.w.org\/{rel}","templated":true}]}}

Szkolenie &#8211; W pogoni za trucizną doskonałą &#8211; na toksycznych szlakach jej wędrówek
