{"id":4162,"date":"2024-07-11T08:46:19","date_gmt":"2024-07-11T06:46:19","guid":{"rendered":"https:\/\/adwokatura.krakow.pl\/adwokaci-i-aplikanci\/?post_type=kalendarium&#038;p=4162"},"modified":"2024-07-11T08:47:24","modified_gmt":"2024-07-11T06:47:24","slug":"zaproszenie-na-xvi-bieszczadzki-rajd-w-dniach-10-13-pazdziernika-2024-r-w-hotelu-skalny-w-polanczyku","status":"publish","type":"kalendarium","link":"https:\/\/adwokatura.krakow.pl\/adwokaci-i-aplikanci\/kalendarium\/zaproszenie-na-xvi-bieszczadzki-rajd-w-dniach-10-13-pazdziernika-2024-r-w-hotelu-skalny-w-polanczyku\/","title":{"rendered":"Zaproszenie na XVI Bieszczadzki Rajd w dniach 10 &#8211; 13 pa\u017adziernika 2024 r. w Hotelu \u201eSkalny\u201d w Pola\u0144czyku"},"content":{"rendered":"\n<p>Szanowni Pa\u0144stwo,&nbsp;<\/p>\n\n\n\n<p>Okr\u0119gowa Rada Adwokacka w Rzeszowie oraz Komisja Integracji \u015arodowiskowej, Sportu i&nbsp;Turystyki przy Naczelnej Radzie Adwokackiej maj\u0105 zaszczyt zaprosi\u0107 wszystkich adwokat\u00f3w i&nbsp;aplikant\u00f3w adwokackich wraz z rodzinami i przyjaci\u00f3\u0142mi na<strong> XVI Bieszczadzki Rajd po\u0142\u0105czony ze szkoleniem, kt\u00f3ry odb\u0119dzie si\u0119 w dniach 10 &#8211; 13 pa\u017adziernika 2024 r. w Hotelu \u201eSkalny\u201d w&nbsp;Pola\u0144czyku.<\/strong><\/p>\n\n\n\n<p>W za\u0142\u0105czeniu szczeg\u00f3\u0142owe informacje, program rajdu oraz formularz zg\u0142oszenia.<\/p>\n\n\n\n<p>Serdecznie pozdrawiamy i zapraszamy!<\/p>\n\n\n<a class=\"button button--zielony-ze-strzalka\" href=\"http:\/\/www.ora.rzeszow.pl\/zaproszenie-xvi\/2024\/07\/10\">\n        CZYTAJ WI\u0118CEJ<\/a>\n\n\n\n<p><\/p>\n","protected":false},"template":"","meta":{"_acf_changed":false,"inline_featured_image":false},"class_list":["post-4162","kalendarium","type-kalendarium","status-publish","hentry"],"acf":[],"_links":{"self":[{"href":"https:\/\/adwokatura.krakow.pl\/adwokaci-i-aplikanci\/wp-json\/wp\/v2\/kalendarium\/4162","targetHints":{"allow":["GET"]}}],"collection":[{"href":"https:\/\/adwokatura.krakow.pl\/adwokaci-i-aplikanci\/wp-json\/wp\/v2\/kalendarium"}],"about":[{"href":"https:\/\/adwokatura.krakow.pl\/adwokaci-i-aplikanci\/wp-json\/wp\/v2\/types\/kalendarium"}],"wp:attachment":[{"href":"https:\/\/adwokatura.krakow.pl\/adwokaci-i-aplikanci\/wp-json\/wp\/v2\/media?parent=4162"}],"curies":[{"name":"wp","href":"https:\/\/api.w.org\/{rel}","templated":true}]}}

Zaproszenie na XVI Bieszczadzki Rajd w dniach 10 &#8211; 13 października 2024 r. w Hotelu „Skalny” w Polańczyku

<p>Szanowni Państwo,&nbsp;</p>



<p>Okręgowa Rada Adwokacka w Rzeszowie oraz Komisja Integracji Środowiskowej, Sportu i&nbsp;Turystyki przy Naczelnej Radzie Adwokackiej mają zaszczyt zaprosić wszystkich adwokatów i&nbsp;aplikantów adwokackich wraz z rodzinami i przyjaciółmi na<strong> XVI Bieszczadzki Rajd połączony ze szkoleniem, który odbędzie się w dniach 10 &#8211; 13 października 2024 r. w Hotelu „Skalny” w&nbsp;Polańczyku.</strong></p>



<p>W załączeniu szczegółowe informacje, program rajdu oraz formularz zgłoszenia.</p>



<p>Serdecznie pozdrawiamy i zapraszamy!</p>


<a class="button button--zielony-ze-strzalka" href="http://www.ora.rzeszow.pl/zaproszenie-xvi/2024/07/10">
        CZYTAJ WIĘCEJ</a>



<p></p>
