{"id":4397,"date":"2024-09-11T13:41:32","date_gmt":"2024-09-11T11:41:32","guid":{"rendered":"https:\/\/adwokatura.krakow.pl\/adwokaci-i-aplikanci\/?post_type=kalendarium&#038;p=4397"},"modified":"2024-09-11T13:41:32","modified_gmt":"2024-09-11T11:41:32","slug":"drugie-zycie-zelazek","status":"publish","type":"kalendarium","link":"https:\/\/adwokatura.krakow.pl\/adwokaci-i-aplikanci\/kalendarium\/drugie-zycie-zelazek\/","title":{"rendered":"DRUGIE \u017bYCIE \u017bELAZEK"},"content":{"rendered":"\n<figure class=\"wp-block-image size-large is-resized\"><img loading=\"lazy\" decoding=\"async\" width=\"642\" height=\"1024\" src=\"https:\/\/adwokatura.krakow.pl\/adwokaci-i-aplikanci\/wp-content\/uploads\/sites\/2\/2024\/09\/propozycja-1-642x1024.jpg\" alt=\"\" class=\"wp-image-4398\" style=\"width:537px;height:auto\" srcset=\"https:\/\/adwokatura.krakow.pl\/adwokaci-i-aplikanci\/wp-content\/uploads\/sites\/2\/2024\/09\/propozycja-1-642x1024.jpg 642w, https:\/\/adwokatura.krakow.pl\/adwokaci-i-aplikanci\/wp-content\/uploads\/sites\/2\/2024\/09\/propozycja-1-188x300.jpg 188w, https:\/\/adwokatura.krakow.pl\/adwokaci-i-aplikanci\/wp-content\/uploads\/sites\/2\/2024\/09\/propozycja-1-768x1226.jpg 768w, https:\/\/adwokatura.krakow.pl\/adwokaci-i-aplikanci\/wp-content\/uploads\/sites\/2\/2024\/09\/propozycja-1-963x1536.jpg 963w, https:\/\/adwokatura.krakow.pl\/adwokaci-i-aplikanci\/wp-content\/uploads\/sites\/2\/2024\/09\/propozycja-1-1283x2048.jpg 1283w, https:\/\/adwokatura.krakow.pl\/adwokaci-i-aplikanci\/wp-content\/uploads\/sites\/2\/2024\/09\/propozycja-1.jpg 1410w\" sizes=\"auto, (max-width: 642px) 100vw, 642px\" \/><\/figure>\n\n\n\n<p>Mamy przyjemno\u015b\u0107 zaprosi\u0107 Pa\u0144stwa na niezwyk\u0142e wydarzenie, kt\u00f3re z pewno\u015bci\u0105 wyr\u00f3\u017cni si\u0119 na tle innych !<\/p>\n\n\n\n<p>Ju\u017c wkr\u00f3tce, 12 wrze\u015bnia 2024 roku, o godz. 18.00, przy B17 zaprezentujemy wyj\u0105tkowy wernisa\u017c Drugie \u017bycie \u017belazek BY Adwokat Rafa\u0142 Kr\u00f3l, kt\u00f3ry nie tylko zaskakuje, ale te\u017c inspiruje !!!<\/p>\n\n\n\n<p>Wydaje si\u0119 to nietypowe? Mo\u017ce w\u0142a\u015bnie dlatego warto wzi\u0105\u0107 w nim udzia\u0142! To doskona\u0142a okazja, by spojrze\u0107 na codzienny przedmiot w zupe\u0142nie nowym \u015bwietle. Ka\u017cde \u017celazko opowiada swoj\u0105 w\u0142asn\u0105 histori\u0119 <\/p>\n\n\n\n<p>Czekaj\u0105 na Pa\u0144stwa nie tylko inspiruj\u0105ce eksponaty, ale tak\u017ce interesuj\u0105ce rozmowy z Panem Mecenasem Rafa\u0142em Kr\u00f3lem, kt\u00f3ry jest nie tylko kolekcjonerem ale i profesjonalnym renowatorem wszystkich eksponat\u00f3w <\/p>\n\n\n\n<p>Spotkajmy si\u0119 na wernisa\u017cu \u017celazek i przekonajmy si\u0119, \u017ce sztuka ma wiele twarzy!<\/p>\n","protected":false},"template":"","meta":{"_acf_changed":false,"inline_featured_image":false},"class_list":["post-4397","kalendarium","type-kalendarium","status-publish","hentry"],"acf":[],"_links":{"self":[{"href":"https:\/\/adwokatura.krakow.pl\/adwokaci-i-aplikanci\/wp-json\/wp\/v2\/kalendarium\/4397","targetHints":{"allow":["GET"]}}],"collection":[{"href":"https:\/\/adwokatura.krakow.pl\/adwokaci-i-aplikanci\/wp-json\/wp\/v2\/kalendarium"}],"about":[{"href":"https:\/\/adwokatura.krakow.pl\/adwokaci-i-aplikanci\/wp-json\/wp\/v2\/types\/kalendarium"}],"wp:attachment":[{"href":"https:\/\/adwokatura.krakow.pl\/adwokaci-i-aplikanci\/wp-json\/wp\/v2\/media?parent=4397"}],"curies":[{"name":"wp","href":"https:\/\/api.w.org\/{rel}","templated":true}]}}

DRUGIE ŻYCIE ŻELAZEK

<figure class="wp-block-image size-large is-resized"><img loading="lazy" decoding="async" width="642" height="1024" src="https://adwokatura.krakow.pl/adwokaci-i-aplikanci/wp-content/uploads/sites/2/2024/09/propozycja-1-642x1024.jpg" alt="" class="wp-image-4398" style="width:537px;height:auto" srcset="https://adwokatura.krakow.pl/adwokaci-i-aplikanci/wp-content/uploads/sites/2/2024/09/propozycja-1-642x1024.jpg 642w, https://adwokatura.krakow.pl/adwokaci-i-aplikanci/wp-content/uploads/sites/2/2024/09/propozycja-1-188x300.jpg 188w, https://adwokatura.krakow.pl/adwokaci-i-aplikanci/wp-content/uploads/sites/2/2024/09/propozycja-1-768x1226.jpg 768w, https://adwokatura.krakow.pl/adwokaci-i-aplikanci/wp-content/uploads/sites/2/2024/09/propozycja-1-963x1536.jpg 963w, https://adwokatura.krakow.pl/adwokaci-i-aplikanci/wp-content/uploads/sites/2/2024/09/propozycja-1-1283x2048.jpg 1283w, https://adwokatura.krakow.pl/adwokaci-i-aplikanci/wp-content/uploads/sites/2/2024/09/propozycja-1.jpg 1410w" sizes="auto, (max-width: 642px) 100vw, 642px" /></figure>



<p>Mamy przyjemność zaprosić Państwa na niezwykłe wydarzenie, które z pewnością wyróżni się na tle innych !</p>



<p>Już wkrótce, 12 września 2024 roku, o godz. 18.00, przy B17 zaprezentujemy wyjątkowy wernisaż Drugie Życie Żelazek BY Adwokat Rafał Król, który nie tylko zaskakuje, ale też inspiruje !!!</p>



<p>Wydaje się to nietypowe? Może właśnie dlatego warto wziąć w nim udział! To doskonała okazja, by spojrzeć na codzienny przedmiot w zupełnie nowym świetle. Każde żelazko opowiada swoją własną historię </p>



<p>Czekają na Państwa nie tylko inspirujące eksponaty, ale także interesujące rozmowy z Panem Mecenasem Rafałem Królem, który jest nie tylko kolekcjonerem ale i profesjonalnym renowatorem wszystkich eksponatów </p>



<p>Spotkajmy się na wernisażu żelazek i przekonajmy się, że sztuka ma wiele twarzy!</p>
