{"id":4552,"date":"2024-10-09T10:24:21","date_gmt":"2024-10-09T08:24:21","guid":{"rendered":"https:\/\/adwokatura.krakow.pl\/adwokaci-i-aplikanci\/?post_type=kalendarium&#038;p=4552"},"modified":"2024-10-09T10:24:22","modified_gmt":"2024-10-09T08:24:22","slug":"konferencja-naukowa-z-okazji-miedzynarodowego-dnia-mediacji","status":"publish","type":"kalendarium","link":"https:\/\/adwokatura.krakow.pl\/adwokaci-i-aplikanci\/kalendarium\/konferencja-naukowa-z-okazji-miedzynarodowego-dnia-mediacji\/","title":{"rendered":"Konferencja Naukowa z okazji Mi\u0119dzynarodowego Dnia Mediacji"},"content":{"rendered":"\n<p><strong>nt. \u201eMEDIACJA NOW\u0104 AKTYWNO\u015aCI\u0104 W ZAWODACH PRAWNICZYCH &#8211; PERSPEKTYWY I WYZWANIA\u201d<\/strong><\/p>\n\n\n\n<p class=\"has-text-align-center\"><em>Europejskie Stowarzyszenie S\u0119dzi\u00f3w na Rzecz Mediacji GEMME (sekcja polska)<br>Izba Komornicza w Krakowie<br>Okr\u0119gowa Izba Radc\u00f3w Prawnych w Krakowie<br>Okr\u0119gowa Rada Adwokacka w Krakowie<br>Izba Notarialna w Krakowie<br>maj\u0105 zaszczyt zaprosi\u0107<\/em><br>na Konferencj\u0119 Naukow\u0105 z okazji Mi\u0119dzynarodowego Dnia Mediacji<br>nt. \u201eMEDIACJA NOW\u0104 AKTYWNO\u015aCI\u0104 W ZAWODACH PRAWNICZYCH &#8211; PERSPEKTYWY I WYZWANIA\u201d<br>kt\u00f3ra odb\u0119dzie si\u0119 21 pa\u017adziernika 2024 roku w godz. 9:00 &#8211; 14:30<br>w sali wyk\u0142adowej Okr\u0119gowej Izby Radc\u00f3w Prawnych w Krakowie przy ul. Francesco Nullo 8 (I p.)<\/p>\n\n\n\n<p><\/p>\n\n\n\n<div class=\"wp-block-columns is-layout-flex wp-container-core-columns-is-layout-9d6595d7 wp-block-columns-is-layout-flex\">\n<div class=\"wp-block-column is-layout-flow wp-block-column-is-layout-flow\">\n<figure class=\"wp-block-image size-full\"><img loading=\"lazy\" decoding=\"async\" width=\"874\" height=\"621\" src=\"https:\/\/adwokatura.krakow.pl\/adwokaci-i-aplikanci\/wp-content\/uploads\/sites\/2\/2024\/10\/zaproszenie-pdf_page-0001.jpg\" alt=\"\" class=\"wp-image-4553\" srcset=\"https:\/\/adwokatura.krakow.pl\/adwokaci-i-aplikanci\/wp-content\/uploads\/sites\/2\/2024\/10\/zaproszenie-pdf_page-0001.jpg 874w, https:\/\/adwokatura.krakow.pl\/adwokaci-i-aplikanci\/wp-content\/uploads\/sites\/2\/2024\/10\/zaproszenie-pdf_page-0001-300x213.jpg 300w, https:\/\/adwokatura.krakow.pl\/adwokaci-i-aplikanci\/wp-content\/uploads\/sites\/2\/2024\/10\/zaproszenie-pdf_page-0001-768x546.jpg 768w\" sizes=\"auto, (max-width: 874px) 100vw, 874px\" \/><\/figure>\n<\/div>\n\n\n\n<div class=\"wp-block-column is-layout-flow wp-block-column-is-layout-flow\">\n<figure class=\"wp-block-image size-full\"><img loading=\"lazy\" decoding=\"async\" width=\"874\" height=\"621\" src=\"https:\/\/adwokatura.krakow.pl\/adwokaci-i-aplikanci\/wp-content\/uploads\/sites\/2\/2024\/10\/zaproszenie-pdf_page-0002.jpg\" alt=\"\" class=\"wp-image-4554\" srcset=\"https:\/\/adwokatura.krakow.pl\/adwokaci-i-aplikanci\/wp-content\/uploads\/sites\/2\/2024\/10\/zaproszenie-pdf_page-0002.jpg 874w, https:\/\/adwokatura.krakow.pl\/adwokaci-i-aplikanci\/wp-content\/uploads\/sites\/2\/2024\/10\/zaproszenie-pdf_page-0002-300x213.jpg 300w, https:\/\/adwokatura.krakow.pl\/adwokaci-i-aplikanci\/wp-content\/uploads\/sites\/2\/2024\/10\/zaproszenie-pdf_page-0002-768x546.jpg 768w\" sizes=\"auto, (max-width: 874px) 100vw, 874px\" \/><\/figure>\n<\/div>\n<\/div>\n\n\n\n<div class=\"wp-block-columns is-layout-flex wp-container-core-columns-is-layout-9d6595d7 wp-block-columns-is-layout-flex\">\n<div class=\"wp-block-column is-layout-flow wp-block-column-is-layout-flow\">\n<figure class=\"wp-block-image size-full\"><img loading=\"lazy\" decoding=\"async\" width=\"874\" height=\"621\" src=\"https:\/\/adwokatura.krakow.pl\/adwokaci-i-aplikanci\/wp-content\/uploads\/sites\/2\/2024\/10\/zaproszenie-pdf_page-0003.jpg\" alt=\"\" class=\"wp-image-4555\" srcset=\"https:\/\/adwokatura.krakow.pl\/adwokaci-i-aplikanci\/wp-content\/uploads\/sites\/2\/2024\/10\/zaproszenie-pdf_page-0003.jpg 874w, https:\/\/adwokatura.krakow.pl\/adwokaci-i-aplikanci\/wp-content\/uploads\/sites\/2\/2024\/10\/zaproszenie-pdf_page-0003-300x213.jpg 300w, https:\/\/adwokatura.krakow.pl\/adwokaci-i-aplikanci\/wp-content\/uploads\/sites\/2\/2024\/10\/zaproszenie-pdf_page-0003-768x546.jpg 768w\" sizes=\"auto, (max-width: 874px) 100vw, 874px\" \/><\/figure>\n<\/div>\n\n\n\n<div class=\"wp-block-column is-layout-flow wp-block-column-is-layout-flow\">\n<figure class=\"wp-block-image size-full\"><img loading=\"lazy\" decoding=\"async\" width=\"874\" height=\"621\" src=\"https:\/\/adwokatura.krakow.pl\/adwokaci-i-aplikanci\/wp-content\/uploads\/sites\/2\/2024\/10\/zaproszenie-pdf_page-0004.jpg\" alt=\"\" class=\"wp-image-4556\" srcset=\"https:\/\/adwokatura.krakow.pl\/adwokaci-i-aplikanci\/wp-content\/uploads\/sites\/2\/2024\/10\/zaproszenie-pdf_page-0004.jpg 874w, https:\/\/adwokatura.krakow.pl\/adwokaci-i-aplikanci\/wp-content\/uploads\/sites\/2\/2024\/10\/zaproszenie-pdf_page-0004-300x213.jpg 300w, https:\/\/adwokatura.krakow.pl\/adwokaci-i-aplikanci\/wp-content\/uploads\/sites\/2\/2024\/10\/zaproszenie-pdf_page-0004-768x546.jpg 768w\" sizes=\"auto, (max-width: 874px) 100vw, 874px\" \/><\/figure>\n<\/div>\n<\/div>\n\n\n\n<div class=\"wp-block-columns is-layout-flex wp-container-core-columns-is-layout-9d6595d7 wp-block-columns-is-layout-flex\">\n<div class=\"wp-block-column is-layout-flow wp-block-column-is-layout-flow\">\n<figure class=\"wp-block-image size-full\"><img loading=\"lazy\" decoding=\"async\" width=\"874\" height=\"621\" src=\"https:\/\/adwokatura.krakow.pl\/adwokaci-i-aplikanci\/wp-content\/uploads\/sites\/2\/2024\/10\/zaproszenie-pdf_page-0005.jpg\" alt=\"\" class=\"wp-image-4557\" srcset=\"https:\/\/adwokatura.krakow.pl\/adwokaci-i-aplikanci\/wp-content\/uploads\/sites\/2\/2024\/10\/zaproszenie-pdf_page-0005.jpg 874w, https:\/\/adwokatura.krakow.pl\/adwokaci-i-aplikanci\/wp-content\/uploads\/sites\/2\/2024\/10\/zaproszenie-pdf_page-0005-300x213.jpg 300w, https:\/\/adwokatura.krakow.pl\/adwokaci-i-aplikanci\/wp-content\/uploads\/sites\/2\/2024\/10\/zaproszenie-pdf_page-0005-768x546.jpg 768w\" sizes=\"auto, (max-width: 874px) 100vw, 874px\" \/><\/figure>\n<\/div>\n\n\n\n<div class=\"wp-block-column is-layout-flow wp-block-column-is-layout-flow\">\n<figure class=\"wp-block-image size-full\"><img loading=\"lazy\" decoding=\"async\" width=\"874\" height=\"621\" src=\"https:\/\/adwokatura.krakow.pl\/adwokaci-i-aplikanci\/wp-content\/uploads\/sites\/2\/2024\/10\/zaproszenie-pdf_page-0006.jpg\" alt=\"\" class=\"wp-image-4558\" srcset=\"https:\/\/adwokatura.krakow.pl\/adwokaci-i-aplikanci\/wp-content\/uploads\/sites\/2\/2024\/10\/zaproszenie-pdf_page-0006.jpg 874w, https:\/\/adwokatura.krakow.pl\/adwokaci-i-aplikanci\/wp-content\/uploads\/sites\/2\/2024\/10\/zaproszenie-pdf_page-0006-300x213.jpg 300w, https:\/\/adwokatura.krakow.pl\/adwokaci-i-aplikanci\/wp-content\/uploads\/sites\/2\/2024\/10\/zaproszenie-pdf_page-0006-768x546.jpg 768w\" sizes=\"auto, (max-width: 874px) 100vw, 874px\" \/><\/figure>\n<\/div>\n<\/div>\n\n\n\n<p>R E J E S T R A C J A<\/p>\n\n\n<a class=\"button button--zielony-ze-strzalka\" href=\"https:\/\/www.izba.krakowska.komornik.pl\/\">\n        REJESTRACJA<\/a>\n","protected":false},"template":"","meta":{"_acf_changed":false,"inline_featured_image":false},"class_list":["post-4552","kalendarium","type-kalendarium","status-publish","hentry"],"acf":[],"_links":{"self":[{"href":"https:\/\/adwokatura.krakow.pl\/adwokaci-i-aplikanci\/wp-json\/wp\/v2\/kalendarium\/4552","targetHints":{"allow":["GET"]}}],"collection":[{"href":"https:\/\/adwokatura.krakow.pl\/adwokaci-i-aplikanci\/wp-json\/wp\/v2\/kalendarium"}],"about":[{"href":"https:\/\/adwokatura.krakow.pl\/adwokaci-i-aplikanci\/wp-json\/wp\/v2\/types\/kalendarium"}],"wp:attachment":[{"href":"https:\/\/adwokatura.krakow.pl\/adwokaci-i-aplikanci\/wp-json\/wp\/v2\/media?parent=4552"}],"curies":[{"name":"wp","href":"https:\/\/api.w.org\/{rel}","templated":true}]}}

Konferencja Naukowa z okazji Międzynarodowego Dnia Mediacji

<p><strong>nt. „MEDIACJA NOWĄ AKTYWNOŚCIĄ W ZAWODACH PRAWNICZYCH &#8211; PERSPEKTYWY I WYZWANIA”</strong></p>



<p class="has-text-align-center"><em>Europejskie Stowarzyszenie Sędziów na Rzecz Mediacji GEMME (sekcja polska)<br>Izba Komornicza w Krakowie<br>Okręgowa Izba Radców Prawnych w Krakowie<br>Okręgowa Rada Adwokacka w Krakowie<br>Izba Notarialna w Krakowie<br>mają zaszczyt zaprosić</em><br>na Konferencję Naukową z okazji Międzynarodowego Dnia Mediacji<br>nt. „MEDIACJA NOWĄ AKTYWNOŚCIĄ W ZAWODACH PRAWNICZYCH &#8211; PERSPEKTYWY I WYZWANIA”<br>która odbędzie się 21 października 2024 roku w godz. 9:00 &#8211; 14:30<br>w sali wykładowej Okręgowej Izby Radców Prawnych w Krakowie przy ul. Francesco Nullo 8 (I p.)</p>



<p></p>



<div class="wp-block-columns is-layout-flex wp-container-core-columns-is-layout-9d6595d7 wp-block-columns-is-layout-flex">
<div class="wp-block-column is-layout-flow wp-block-column-is-layout-flow">
<figure class="wp-block-image size-full"><img loading="lazy" decoding="async" width="874" height="621" src="https://adwokatura.krakow.pl/adwokaci-i-aplikanci/wp-content/uploads/sites/2/2024/10/zaproszenie-pdf_page-0001.jpg" alt="" class="wp-image-4553" srcset="https://adwokatura.krakow.pl/adwokaci-i-aplikanci/wp-content/uploads/sites/2/2024/10/zaproszenie-pdf_page-0001.jpg 874w, https://adwokatura.krakow.pl/adwokaci-i-aplikanci/wp-content/uploads/sites/2/2024/10/zaproszenie-pdf_page-0001-300x213.jpg 300w, https://adwokatura.krakow.pl/adwokaci-i-aplikanci/wp-content/uploads/sites/2/2024/10/zaproszenie-pdf_page-0001-768x546.jpg 768w" sizes="auto, (max-width: 874px) 100vw, 874px" /></figure>
</div>



<div class="wp-block-column is-layout-flow wp-block-column-is-layout-flow">
<figure class="wp-block-image size-full"><img loading="lazy" decoding="async" width="874" height="621" src="https://adwokatura.krakow.pl/adwokaci-i-aplikanci/wp-content/uploads/sites/2/2024/10/zaproszenie-pdf_page-0002.jpg" alt="" class="wp-image-4554" srcset="https://adwokatura.krakow.pl/adwokaci-i-aplikanci/wp-content/uploads/sites/2/2024/10/zaproszenie-pdf_page-0002.jpg 874w, https://adwokatura.krakow.pl/adwokaci-i-aplikanci/wp-content/uploads/sites/2/2024/10/zaproszenie-pdf_page-0002-300x213.jpg 300w, https://adwokatura.krakow.pl/adwokaci-i-aplikanci/wp-content/uploads/sites/2/2024/10/zaproszenie-pdf_page-0002-768x546.jpg 768w" sizes="auto, (max-width: 874px) 100vw, 874px" /></figure>
</div>
</div>



<div class="wp-block-columns is-layout-flex wp-container-core-columns-is-layout-9d6595d7 wp-block-columns-is-layout-flex">
<div class="wp-block-column is-layout-flow wp-block-column-is-layout-flow">
<figure class="wp-block-image size-full"><img loading="lazy" decoding="async" width="874" height="621" src="https://adwokatura.krakow.pl/adwokaci-i-aplikanci/wp-content/uploads/sites/2/2024/10/zaproszenie-pdf_page-0003.jpg" alt="" class="wp-image-4555" srcset="https://adwokatura.krakow.pl/adwokaci-i-aplikanci/wp-content/uploads/sites/2/2024/10/zaproszenie-pdf_page-0003.jpg 874w, https://adwokatura.krakow.pl/adwokaci-i-aplikanci/wp-content/uploads/sites/2/2024/10/zaproszenie-pdf_page-0003-300x213.jpg 300w, https://adwokatura.krakow.pl/adwokaci-i-aplikanci/wp-content/uploads/sites/2/2024/10/zaproszenie-pdf_page-0003-768x546.jpg 768w" sizes="auto, (max-width: 874px) 100vw, 874px" /></figure>
</div>



<div class="wp-block-column is-layout-flow wp-block-column-is-layout-flow">
<figure class="wp-block-image size-full"><img loading="lazy" decoding="async" width="874" height="621" src="https://adwokatura.krakow.pl/adwokaci-i-aplikanci/wp-content/uploads/sites/2/2024/10/zaproszenie-pdf_page-0004.jpg" alt="" class="wp-image-4556" srcset="https://adwokatura.krakow.pl/adwokaci-i-aplikanci/wp-content/uploads/sites/2/2024/10/zaproszenie-pdf_page-0004.jpg 874w, https://adwokatura.krakow.pl/adwokaci-i-aplikanci/wp-content/uploads/sites/2/2024/10/zaproszenie-pdf_page-0004-300x213.jpg 300w, https://adwokatura.krakow.pl/adwokaci-i-aplikanci/wp-content/uploads/sites/2/2024/10/zaproszenie-pdf_page-0004-768x546.jpg 768w" sizes="auto, (max-width: 874px) 100vw, 874px" /></figure>
</div>
</div>



<div class="wp-block-columns is-layout-flex wp-container-core-columns-is-layout-9d6595d7 wp-block-columns-is-layout-flex">
<div class="wp-block-column is-layout-flow wp-block-column-is-layout-flow">
<figure class="wp-block-image size-full"><img loading="lazy" decoding="async" width="874" height="621" src="https://adwokatura.krakow.pl/adwokaci-i-aplikanci/wp-content/uploads/sites/2/2024/10/zaproszenie-pdf_page-0005.jpg" alt="" class="wp-image-4557" srcset="https://adwokatura.krakow.pl/adwokaci-i-aplikanci/wp-content/uploads/sites/2/2024/10/zaproszenie-pdf_page-0005.jpg 874w, https://adwokatura.krakow.pl/adwokaci-i-aplikanci/wp-content/uploads/sites/2/2024/10/zaproszenie-pdf_page-0005-300x213.jpg 300w, https://adwokatura.krakow.pl/adwokaci-i-aplikanci/wp-content/uploads/sites/2/2024/10/zaproszenie-pdf_page-0005-768x546.jpg 768w" sizes="auto, (max-width: 874px) 100vw, 874px" /></figure>
</div>



<div class="wp-block-column is-layout-flow wp-block-column-is-layout-flow">
<figure class="wp-block-image size-full"><img loading="lazy" decoding="async" width="874" height="621" src="https://adwokatura.krakow.pl/adwokaci-i-aplikanci/wp-content/uploads/sites/2/2024/10/zaproszenie-pdf_page-0006.jpg" alt="" class="wp-image-4558" srcset="https://adwokatura.krakow.pl/adwokaci-i-aplikanci/wp-content/uploads/sites/2/2024/10/zaproszenie-pdf_page-0006.jpg 874w, https://adwokatura.krakow.pl/adwokaci-i-aplikanci/wp-content/uploads/sites/2/2024/10/zaproszenie-pdf_page-0006-300x213.jpg 300w, https://adwokatura.krakow.pl/adwokaci-i-aplikanci/wp-content/uploads/sites/2/2024/10/zaproszenie-pdf_page-0006-768x546.jpg 768w" sizes="auto, (max-width: 874px) 100vw, 874px" /></figure>
</div>
</div>



<p>R E J E S T R A C J A</p>


<a class="button button--zielony-ze-strzalka" href="https://www.izba.krakowska.komornik.pl/">
        REJESTRACJA</a>
