{"id":5272,"date":"2024-11-27T09:31:29","date_gmt":"2024-11-27T08:31:29","guid":{"rendered":"https:\/\/adwokatura.krakow.pl\/adwokaci-i-aplikanci\/?post_type=kalendarium&#038;p=5272"},"modified":"2024-11-27T09:31:29","modified_gmt":"2024-11-27T08:31:29","slug":"przedswiateczne-spotkanie-integracyjne-palestry-krakowskiej","status":"publish","type":"kalendarium","link":"https:\/\/adwokatura.krakow.pl\/adwokaci-i-aplikanci\/kalendarium\/przedswiateczne-spotkanie-integracyjne-palestry-krakowskiej\/","title":{"rendered":"Przed\u015bwi\u0105teczne spotkanie integracyjne Palestry krakowskiej"},"content":{"rendered":"\n<figure class=\"wp-block-image size-large\"><img loading=\"lazy\" decoding=\"async\" width=\"1024\" height=\"576\" src=\"https:\/\/adwokatura.krakow.pl\/adwokaci-i-aplikanci\/wp-content\/uploads\/sites\/2\/2024\/11\/Typography-Illustrative-Santa-Christmas-Party-Facebook-Event-Cover-1-1024x576.png\" alt=\"\" class=\"wp-image-5273\" srcset=\"https:\/\/adwokatura.krakow.pl\/adwokaci-i-aplikanci\/wp-content\/uploads\/sites\/2\/2024\/11\/Typography-Illustrative-Santa-Christmas-Party-Facebook-Event-Cover-1-1024x576.png 1024w, https:\/\/adwokatura.krakow.pl\/adwokaci-i-aplikanci\/wp-content\/uploads\/sites\/2\/2024\/11\/Typography-Illustrative-Santa-Christmas-Party-Facebook-Event-Cover-1-300x169.png 300w, https:\/\/adwokatura.krakow.pl\/adwokaci-i-aplikanci\/wp-content\/uploads\/sites\/2\/2024\/11\/Typography-Illustrative-Santa-Christmas-Party-Facebook-Event-Cover-1-768x432.png 768w, https:\/\/adwokatura.krakow.pl\/adwokaci-i-aplikanci\/wp-content\/uploads\/sites\/2\/2024\/11\/Typography-Illustrative-Santa-Christmas-Party-Facebook-Event-Cover-1-1536x864.png 1536w, https:\/\/adwokatura.krakow.pl\/adwokaci-i-aplikanci\/wp-content\/uploads\/sites\/2\/2024\/11\/Typography-Illustrative-Santa-Christmas-Party-Facebook-Event-Cover-1.png 1920w\" sizes=\"auto, (max-width: 1024px) 100vw, 1024px\" \/><\/figure>\n\n\n\n<p><img loading=\"lazy\" decoding=\"async\" height=\"16\" width=\"16\" alt=\"\u203c\ufe0f\" src=\"https:\/\/static.xx.fbcdn.net\/images\/emoji.php\/v9\/t77\/1\/16\/203c.png\">Przed\u015bwi\u0105teczne spotkanie integracyjne Palestry krakowskiej <img loading=\"lazy\" decoding=\"async\" height=\"16\" width=\"16\" alt=\"\u203c\ufe0f\" src=\"https:\/\/static.xx.fbcdn.net\/images\/emoji.php\/v9\/t77\/1\/16\/203c.png\"><\/p>\n\n\n\n<p><img loading=\"lazy\" decoding=\"async\" height=\"16\" width=\"16\" alt=\"\ud83d\udc40\" src=\"https:\/\/static.xx.fbcdn.net\/images\/emoji.php\/v9\/tc8\/1\/16\/1f440.png\"><img loading=\"lazy\" decoding=\"async\" height=\"16\" width=\"16\" alt=\"\ud83d\udc40\" src=\"https:\/\/static.xx.fbcdn.net\/images\/emoji.php\/v9\/tc8\/1\/16\/1f440.png\"><img loading=\"lazy\" decoding=\"async\" height=\"16\" width=\"16\" alt=\"\ud83d\udc40\" src=\"https:\/\/static.xx.fbcdn.net\/images\/emoji.php\/v9\/tc8\/1\/16\/1f440.png\">Komisja <a href=\"https:\/\/www.facebook.com\/hashtag\/nowoczesnaadwokatura?__eep__=6&amp;__cft__[0]=AZXNEJTtSDnSwUB274GQccvOGTKXPTopki8hEY5Pvkh8bk1mL2vhNchOE3bj2PiriUfjrqmyS8MpjNtJkvYjuvmybkA8O-TqdlgZPfSz2zt1rVL2E1JXufCGBchfGBNNKsfpQ4N1Uwm8GAf98k9CG8_R9JduB_RNUHYT0oE4LoI15ACgAETy3L_VhvCapjrgRQk&amp;__tn__=*NK-R\">#Nowoczesnaadwokatura<\/a> przy ORA Krak\u00f3w zaprasza serdecznie wszystkich Adwokat\u00f3w i Aplikant\u00f3w Adwokackich na przed\u015bwi\u0105teczne spotkanie integracyjne, kt\u00f3re odb\u0119dzie w dniu 12 grudnia br. (czwartek) od godz. 20.00, jak zawsze w Klubie No7 przy Rynku G\u0142\u00f3wnym 7.<\/p>\n\n\n\n<p>Komisja Integracji \u015arodowiskowej, Kultury i Sportu ORA Krak\u00f3w<\/p>\n\n\n\n<p>Komisja <a href=\"https:\/\/www.facebook.com\/hashtag\/nowoczesnaadwokatura?__eep__=6&amp;__cft__[0]=AZXNEJTtSDnSwUB274GQccvOGTKXPTopki8hEY5Pvkh8bk1mL2vhNchOE3bj2PiriUfjrqmyS8MpjNtJkvYjuvmybkA8O-TqdlgZPfSz2zt1rVL2E1JXufCGBchfGBNNKsfpQ4N1Uwm8GAf98k9CG8_R9JduB_RNUHYT0oE4LoI15ACgAETy3L_VhvCapjrgRQk&amp;__tn__=*NK-R\">#Nowoczesnaadwokatura<\/a> ORA Krak\u00f3w<\/p>\n\n\n\n<p>adw. <a><\/a>Dariusz Gradzi<\/p>\n","protected":false},"template":"","meta":{"_acf_changed":false,"inline_featured_image":false},"class_list":["post-5272","kalendarium","type-kalendarium","status-publish","hentry"],"acf":[],"_links":{"self":[{"href":"https:\/\/adwokatura.krakow.pl\/adwokaci-i-aplikanci\/wp-json\/wp\/v2\/kalendarium\/5272","targetHints":{"allow":["GET"]}}],"collection":[{"href":"https:\/\/adwokatura.krakow.pl\/adwokaci-i-aplikanci\/wp-json\/wp\/v2\/kalendarium"}],"about":[{"href":"https:\/\/adwokatura.krakow.pl\/adwokaci-i-aplikanci\/wp-json\/wp\/v2\/types\/kalendarium"}],"wp:attachment":[{"href":"https:\/\/adwokatura.krakow.pl\/adwokaci-i-aplikanci\/wp-json\/wp\/v2\/media?parent=5272"}],"curies":[{"name":"wp","href":"https:\/\/api.w.org\/{rel}","templated":true}]}}

Przedświąteczne spotkanie integracyjne Palestry krakowskiej

<figure class="wp-block-image size-large"><img loading="lazy" decoding="async" width="1024" height="576" src="https://adwokatura.krakow.pl/adwokaci-i-aplikanci/wp-content/uploads/sites/2/2024/11/Typography-Illustrative-Santa-Christmas-Party-Facebook-Event-Cover-1-1024x576.png" alt="" class="wp-image-5273" srcset="https://adwokatura.krakow.pl/adwokaci-i-aplikanci/wp-content/uploads/sites/2/2024/11/Typography-Illustrative-Santa-Christmas-Party-Facebook-Event-Cover-1-1024x576.png 1024w, https://adwokatura.krakow.pl/adwokaci-i-aplikanci/wp-content/uploads/sites/2/2024/11/Typography-Illustrative-Santa-Christmas-Party-Facebook-Event-Cover-1-300x169.png 300w, https://adwokatura.krakow.pl/adwokaci-i-aplikanci/wp-content/uploads/sites/2/2024/11/Typography-Illustrative-Santa-Christmas-Party-Facebook-Event-Cover-1-768x432.png 768w, https://adwokatura.krakow.pl/adwokaci-i-aplikanci/wp-content/uploads/sites/2/2024/11/Typography-Illustrative-Santa-Christmas-Party-Facebook-Event-Cover-1-1536x864.png 1536w, https://adwokatura.krakow.pl/adwokaci-i-aplikanci/wp-content/uploads/sites/2/2024/11/Typography-Illustrative-Santa-Christmas-Party-Facebook-Event-Cover-1.png 1920w" sizes="auto, (max-width: 1024px) 100vw, 1024px" /></figure>



<p><img loading="lazy" decoding="async" height="16" width="16" alt="‼️" src="https://static.xx.fbcdn.net/images/emoji.php/v9/t77/1/16/203c.png">Przedświąteczne spotkanie integracyjne Palestry krakowskiej <img loading="lazy" decoding="async" height="16" width="16" alt="‼️" src="https://static.xx.fbcdn.net/images/emoji.php/v9/t77/1/16/203c.png"></p>



<p><img loading="lazy" decoding="async" height="16" width="16" alt="👀" src="https://static.xx.fbcdn.net/images/emoji.php/v9/tc8/1/16/1f440.png"><img loading="lazy" decoding="async" height="16" width="16" alt="👀" src="https://static.xx.fbcdn.net/images/emoji.php/v9/tc8/1/16/1f440.png"><img loading="lazy" decoding="async" height="16" width="16" alt="👀" src="https://static.xx.fbcdn.net/images/emoji.php/v9/tc8/1/16/1f440.png">Komisja <a href="https://www.facebook.com/hashtag/nowoczesnaadwokatura?__eep__=6&amp;__cft__[0]=AZXNEJTtSDnSwUB274GQccvOGTKXPTopki8hEY5Pvkh8bk1mL2vhNchOE3bj2PiriUfjrqmyS8MpjNtJkvYjuvmybkA8O-TqdlgZPfSz2zt1rVL2E1JXufCGBchfGBNNKsfpQ4N1Uwm8GAf98k9CG8_R9JduB_RNUHYT0oE4LoI15ACgAETy3L_VhvCapjrgRQk&amp;__tn__=*NK-R">#Nowoczesnaadwokatura</a> przy ORA Kraków zaprasza serdecznie wszystkich Adwokatów i Aplikantów Adwokackich na przedświąteczne spotkanie integracyjne, które odbędzie w dniu 12 grudnia br. (czwartek) od godz. 20.00, jak zawsze w Klubie No7 przy Rynku Głównym 7.</p>



<p>Komisja Integracji Środowiskowej, Kultury i Sportu ORA Kraków</p>



<p>Komisja <a href="https://www.facebook.com/hashtag/nowoczesnaadwokatura?__eep__=6&amp;__cft__[0]=AZXNEJTtSDnSwUB274GQccvOGTKXPTopki8hEY5Pvkh8bk1mL2vhNchOE3bj2PiriUfjrqmyS8MpjNtJkvYjuvmybkA8O-TqdlgZPfSz2zt1rVL2E1JXufCGBchfGBNNKsfpQ4N1Uwm8GAf98k9CG8_R9JduB_RNUHYT0oE4LoI15ACgAETy3L_VhvCapjrgRQk&amp;__tn__=*NK-R">#Nowoczesnaadwokatura</a> ORA Kraków</p>



<p>adw. <a></a>Dariusz Gradzi</p>
