{"id":5618,"date":"2025-03-03T12:35:12","date_gmt":"2025-03-03T11:35:12","guid":{"rendered":"https:\/\/adwokatura.krakow.pl\/adwokaci-i-aplikanci\/?post_type=kalendarium&#038;p=5618"},"modified":"2025-03-03T12:35:23","modified_gmt":"2025-03-03T11:35:23","slug":"odpowiedzialnosc-za-szkody-wyrzadzone-przez-ai","status":"publish","type":"kalendarium","link":"https:\/\/adwokatura.krakow.pl\/adwokaci-i-aplikanci\/kalendarium\/odpowiedzialnosc-za-szkody-wyrzadzone-przez-ai\/","title":{"rendered":"Odpowiedzialno\u015b\u0107 za szkody wyrz\u0105dzone przez AI"},"content":{"rendered":"\n<figure class=\"wp-block-image size-full is-resized\"><img loading=\"lazy\" decoding=\"async\" width=\"707\" height=\"1000\" src=\"https:\/\/adwokatura.krakow.pl\/adwokaci-i-aplikanci\/wp-content\/uploads\/sites\/2\/2025\/03\/szkolenie-13-marca-1.png\" alt=\"\" class=\"wp-image-5619\" style=\"width:421px;height:auto\" srcset=\"https:\/\/adwokatura.krakow.pl\/adwokaci-i-aplikanci\/wp-content\/uploads\/sites\/2\/2025\/03\/szkolenie-13-marca-1.png 707w, https:\/\/adwokatura.krakow.pl\/adwokaci-i-aplikanci\/wp-content\/uploads\/sites\/2\/2025\/03\/szkolenie-13-marca-1-212x300.png 212w\" sizes=\"auto, (max-width: 707px) 100vw, 707px\" \/><\/figure>\n\n\n<a class=\"button button--zielony-ze-strzalka\" href=\"https:\/\/zoom.us\/j\/99568966606?pwd=as1e8w9WNshe2xo6SBSS96GXDzP3CW.1#success\">\n        ZOOM<\/a>\n\n\n\n<p>Sekcja Prawa W\u0142asno\u015bci Intelektualnej i Nowych Technologii przy Okr\u0119gowej Radzie Adwokackiej w Krakowie zaprasza na debat\u0119 eksperck\u0105 pod tytu\u0142em &#8222;Odpowiedzialno\u015b\u0107 za szkody wyrz\u0105dzone przez AI&#8221;.<\/p>\n\n\n\n<p>&#8211; 13 marca 2025 r.<\/p>\n\n\n\n<p>&#8211; godz. 18&nbsp;<\/p>\n\n\n\n<p>&#8211; Klub B17 oraz Platforma ZOOM.&nbsp;<\/p>\n\n\n\n<p>Debata odb\u0119dzie si\u0119 w ramach cyklu organizowanego przez Sekcj\u0119 &#8211; Praktycznie o AI.<\/p>\n\n\n\n<p>Tym razem dyskusja dotyczy\u0107 b\u0119dzie aktualnych przepis\u00f3w, potencjalnych kierunk\u00f3w przysz\u0142ych regulacji i wyzwa\u0144, jakie stoj\u0105 przed adwokatami w zwi\u0105zku z mo\u017cliwo\u015bci\u0105 wyrz\u0105dzenia szkody przez systemy sztucznej inteligencji.&#8221;&nbsp;<\/p>\n\n\n\n<p><em>pozdrawiam,\u00a0<\/em><\/p>\n\n\n\n<p><em>adw. Jakub Hajduk<\/em><\/p>\n","protected":false},"template":"","meta":{"_acf_changed":false,"inline_featured_image":false},"class_list":["post-5618","kalendarium","type-kalendarium","status-publish","hentry"],"acf":[],"_links":{"self":[{"href":"https:\/\/adwokatura.krakow.pl\/adwokaci-i-aplikanci\/wp-json\/wp\/v2\/kalendarium\/5618","targetHints":{"allow":["GET"]}}],"collection":[{"href":"https:\/\/adwokatura.krakow.pl\/adwokaci-i-aplikanci\/wp-json\/wp\/v2\/kalendarium"}],"about":[{"href":"https:\/\/adwokatura.krakow.pl\/adwokaci-i-aplikanci\/wp-json\/wp\/v2\/types\/kalendarium"}],"wp:attachment":[{"href":"https:\/\/adwokatura.krakow.pl\/adwokaci-i-aplikanci\/wp-json\/wp\/v2\/media?parent=5618"}],"curies":[{"name":"wp","href":"https:\/\/api.w.org\/{rel}","templated":true}]}}

Odpowiedzialność za szkody wyrządzone przez AI

<figure class="wp-block-image size-full is-resized"><img loading="lazy" decoding="async" width="707" height="1000" src="https://adwokatura.krakow.pl/adwokaci-i-aplikanci/wp-content/uploads/sites/2/2025/03/szkolenie-13-marca-1.png" alt="" class="wp-image-5619" style="width:421px;height:auto" srcset="https://adwokatura.krakow.pl/adwokaci-i-aplikanci/wp-content/uploads/sites/2/2025/03/szkolenie-13-marca-1.png 707w, https://adwokatura.krakow.pl/adwokaci-i-aplikanci/wp-content/uploads/sites/2/2025/03/szkolenie-13-marca-1-212x300.png 212w" sizes="auto, (max-width: 707px) 100vw, 707px" /></figure>


<a class="button button--zielony-ze-strzalka" href="https://zoom.us/j/99568966606?pwd=as1e8w9WNshe2xo6SBSS96GXDzP3CW.1#success">
        ZOOM</a>



<p>Sekcja Prawa Własności Intelektualnej i Nowych Technologii przy Okręgowej Radzie Adwokackiej w Krakowie zaprasza na debatę ekspercką pod tytułem &#8222;Odpowiedzialność za szkody wyrządzone przez AI&#8221;.</p>



<p>&#8211; 13 marca 2025 r.</p>



<p>&#8211; godz. 18&nbsp;</p>



<p>&#8211; Klub B17 oraz Platforma ZOOM.&nbsp;</p>



<p>Debata odbędzie się w ramach cyklu organizowanego przez Sekcję &#8211; Praktycznie o AI.</p>



<p>Tym razem dyskusja dotyczyć będzie aktualnych przepisów, potencjalnych kierunków przyszłych regulacji i wyzwań, jakie stoją przed adwokatami w związku z możliwością wyrządzenia szkody przez systemy sztucznej inteligencji.&#8221;&nbsp;</p>



<p><em>pozdrawiam, </em></p>



<p><em>adw. Jakub Hajduk</em></p>
