{"id":5766,"date":"2025-04-04T10:34:55","date_gmt":"2025-04-04T08:34:55","guid":{"rendered":"https:\/\/adwokatura.krakow.pl\/adwokaci-i-aplikanci\/?post_type=kalendarium&#038;p=5766"},"modified":"2025-04-04T10:35:32","modified_gmt":"2025-04-04T08:35:32","slug":"szkolenie-przeciwdzialanie-slapp-om-w-praktyce","status":"publish","type":"kalendarium","link":"https:\/\/adwokatura.krakow.pl\/adwokaci-i-aplikanci\/kalendarium\/szkolenie-przeciwdzialanie-slapp-om-w-praktyce\/","title":{"rendered":"szkolenie: Przeciwdzia\u0142anie SLAPP-om w praktyce!"},"content":{"rendered":"\n<figure class=\"wp-block-image size-large is-resized\"><img loading=\"lazy\" decoding=\"async\" width=\"576\" height=\"1024\" src=\"https:\/\/adwokatura.krakow.pl\/adwokaci-i-aplikanci\/wp-content\/uploads\/sites\/2\/2025\/04\/SLAPP-22.04.20025-576x1024.png\" alt=\"\" class=\"wp-image-5767\" style=\"width:420px;height:auto\" srcset=\"https:\/\/adwokatura.krakow.pl\/adwokaci-i-aplikanci\/wp-content\/uploads\/sites\/2\/2025\/04\/SLAPP-22.04.20025-576x1024.png 576w, https:\/\/adwokatura.krakow.pl\/adwokaci-i-aplikanci\/wp-content\/uploads\/sites\/2\/2025\/04\/SLAPP-22.04.20025-169x300.png 169w, https:\/\/adwokatura.krakow.pl\/adwokaci-i-aplikanci\/wp-content\/uploads\/sites\/2\/2025\/04\/SLAPP-22.04.20025.png 648w\" sizes=\"auto, (max-width: 576px) 100vw, 576px\" \/><\/figure>\n\n\n\n<p>Sekcja Praktyk\u00f3w Spor\u00f3w w Sprawach Cywilnych i Handlowych przy KIA organizuje szkolenie po\u015bwi\u0119cone nowym regulacjom dotycz\u0105cym SLAPP oraz ich wp\u0142ywowi na post\u0119powania s\u0105dowe.<\/p>\n\n\n\n<p><img loading=\"lazy\" decoding=\"async\" height=\"16\" width=\"16\" alt=\"\ud83d\uddd3\" src=\"https:\/\/static.xx.fbcdn.net\/images\/emoji.php\/v9\/t5c\/1\/16\/1f5d3.png\"> Data: 22 kwietnia 2025 r.<\/p>\n\n\n\n<p><img loading=\"lazy\" decoding=\"async\" height=\"16\" width=\"16\" alt=\"\u23f0\" src=\"https:\/\/static.xx.fbcdn.net\/images\/emoji.php\/v9\/t34\/1\/16\/23f0.png\"> Godzina: 16:00<\/p>\n\n\n\n<p><img loading=\"lazy\" decoding=\"async\" height=\"16\" width=\"16\" alt=\"\ud83d\udccd\" src=\"https:\/\/static.xx.fbcdn.net\/images\/emoji.php\/v9\/t2d\/1\/16\/1f4cd.png\"> Miejsce: Siedziba ORA, ul. Batorego 17, II pi\u0119tro oraz online<\/p>\n\n\n\n<p><img loading=\"lazy\" decoding=\"async\" height=\"16\" width=\"16\" alt=\"\ud83d\udc68\u200d\ud83c\udfeb\" src=\"https:\/\/static.xx.fbcdn.net\/images\/emoji.php\/v9\/tb5\/1\/16\/1f468_200d_1f3eb.png\"> Prowadz\u0105cy: Rafa\u0142 Stronk (Izba Adwokacka w Warszawie, UW)<\/p>\n\n\n\n<p><img loading=\"lazy\" decoding=\"async\" height=\"16\" width=\"16\" src=\"https:\/\/static.xx.fbcdn.net\/images\/emoji.php\/v9\/tc0\/1\/16\/1f4e9.png\" alt=\"\ud83d\udce9\"> Zapisy<\/p>\n\n\n<a class=\"button button--zielony-ze-strzalka\" href=\"https:\/\/docs.google.com\/forms\/d\/1RbTM0zcIEyZNWfGeZltxj_Hz5J0vc56c-2VL3eb-NC0\/preview\">\n        LINK<\/a>\n\n\n\n<p><img loading=\"lazy\" decoding=\"async\" height=\"16\" width=\"16\" alt=\"\ud83d\uddef\" src=\"https:\/\/static.xx.fbcdn.net\/images\/emoji.php\/v9\/tae\/1\/16\/1f5ef.png\"><img loading=\"lazy\" decoding=\"async\" height=\"16\" width=\"16\" alt=\"\u27a1\ufe0f\" src=\"https:\/\/static.xx.fbcdn.net\/images\/emoji.php\/v9\/t9e\/1\/16\/27a1.png\">Link do szkolenia online dla zapisanych wy\u015blemy na dzie\u0144 przed wydarzeniem.<\/p>\n","protected":false},"template":"","meta":{"_acf_changed":false,"inline_featured_image":false},"class_list":["post-5766","kalendarium","type-kalendarium","status-publish","hentry"],"acf":[],"_links":{"self":[{"href":"https:\/\/adwokatura.krakow.pl\/adwokaci-i-aplikanci\/wp-json\/wp\/v2\/kalendarium\/5766","targetHints":{"allow":["GET"]}}],"collection":[{"href":"https:\/\/adwokatura.krakow.pl\/adwokaci-i-aplikanci\/wp-json\/wp\/v2\/kalendarium"}],"about":[{"href":"https:\/\/adwokatura.krakow.pl\/adwokaci-i-aplikanci\/wp-json\/wp\/v2\/types\/kalendarium"}],"wp:attachment":[{"href":"https:\/\/adwokatura.krakow.pl\/adwokaci-i-aplikanci\/wp-json\/wp\/v2\/media?parent=5766"}],"curies":[{"name":"wp","href":"https:\/\/api.w.org\/{rel}","templated":true}]}}

szkolenie: Przeciwdziałanie SLAPP-om w praktyce!

<figure class="wp-block-image size-large is-resized"><img loading="lazy" decoding="async" width="576" height="1024" src="https://adwokatura.krakow.pl/adwokaci-i-aplikanci/wp-content/uploads/sites/2/2025/04/SLAPP-22.04.20025-576x1024.png" alt="" class="wp-image-5767" style="width:420px;height:auto" srcset="https://adwokatura.krakow.pl/adwokaci-i-aplikanci/wp-content/uploads/sites/2/2025/04/SLAPP-22.04.20025-576x1024.png 576w, https://adwokatura.krakow.pl/adwokaci-i-aplikanci/wp-content/uploads/sites/2/2025/04/SLAPP-22.04.20025-169x300.png 169w, https://adwokatura.krakow.pl/adwokaci-i-aplikanci/wp-content/uploads/sites/2/2025/04/SLAPP-22.04.20025.png 648w" sizes="auto, (max-width: 576px) 100vw, 576px" /></figure>



<p>Sekcja Praktyków Sporów w Sprawach Cywilnych i Handlowych przy KIA organizuje szkolenie poświęcone nowym regulacjom dotyczącym SLAPP oraz ich wpływowi na postępowania sądowe.</p>



<p><img loading="lazy" decoding="async" height="16" width="16" alt="🗓" src="https://static.xx.fbcdn.net/images/emoji.php/v9/t5c/1/16/1f5d3.png"> Data: 22 kwietnia 2025 r.</p>



<p><img loading="lazy" decoding="async" height="16" width="16" alt="⏰" src="https://static.xx.fbcdn.net/images/emoji.php/v9/t34/1/16/23f0.png"> Godzina: 16:00</p>



<p><img loading="lazy" decoding="async" height="16" width="16" alt="📍" src="https://static.xx.fbcdn.net/images/emoji.php/v9/t2d/1/16/1f4cd.png"> Miejsce: Siedziba ORA, ul. Batorego 17, II piętro oraz online</p>



<p><img loading="lazy" decoding="async" height="16" width="16" alt="👨‍🏫" src="https://static.xx.fbcdn.net/images/emoji.php/v9/tb5/1/16/1f468_200d_1f3eb.png"> Prowadzący: Rafał Stronk (Izba Adwokacka w Warszawie, UW)</p>



<p><img loading="lazy" decoding="async" height="16" width="16" src="https://static.xx.fbcdn.net/images/emoji.php/v9/tc0/1/16/1f4e9.png" alt="📩"> Zapisy</p>


<a class="button button--zielony-ze-strzalka" href="https://docs.google.com/forms/d/1RbTM0zcIEyZNWfGeZltxj_Hz5J0vc56c-2VL3eb-NC0/preview">
        LINK</a>



<p><img loading="lazy" decoding="async" height="16" width="16" alt="🗯" src="https://static.xx.fbcdn.net/images/emoji.php/v9/tae/1/16/1f5ef.png"><img loading="lazy" decoding="async" height="16" width="16" alt="➡️" src="https://static.xx.fbcdn.net/images/emoji.php/v9/t9e/1/16/27a1.png">Link do szkolenia online dla zapisanych wyślemy na dzień przed wydarzeniem.</p>
