{"id":5890,"date":"2025-05-14T12:41:30","date_gmt":"2025-05-14T10:41:30","guid":{"rendered":"https:\/\/adwokatura.krakow.pl\/adwokaci-i-aplikanci\/?post_type=kalendarium&#038;p=5890"},"modified":"2025-05-14T12:41:31","modified_gmt":"2025-05-14T10:41:31","slug":"summer-party-w-klubie-adwokatow","status":"publish","type":"kalendarium","link":"https:\/\/adwokatura.krakow.pl\/adwokaci-i-aplikanci\/kalendarium\/summer-party-w-klubie-adwokatow\/","title":{"rendered":"Summer Party w Klubie Adwokat\u00f3w\u00a0"},"content":{"rendered":"\n<figure class=\"wp-block-image size-large is-resized\"><img loading=\"lazy\" decoding=\"async\" width=\"724\" height=\"1024\" src=\"https:\/\/adwokatura.krakow.pl\/adwokaci-i-aplikanci\/wp-content\/uploads\/sites\/2\/2025\/05\/Borcelle-Club-Presents_page-0001-724x1024.jpg\" alt=\"\" class=\"wp-image-5891\" style=\"width:543px;height:auto\" srcset=\"https:\/\/adwokatura.krakow.pl\/adwokaci-i-aplikanci\/wp-content\/uploads\/sites\/2\/2025\/05\/Borcelle-Club-Presents_page-0001-724x1024.jpg 724w, https:\/\/adwokatura.krakow.pl\/adwokaci-i-aplikanci\/wp-content\/uploads\/sites\/2\/2025\/05\/Borcelle-Club-Presents_page-0001-212x300.jpg 212w, https:\/\/adwokatura.krakow.pl\/adwokaci-i-aplikanci\/wp-content\/uploads\/sites\/2\/2025\/05\/Borcelle-Club-Presents_page-0001-768x1087.jpg 768w, https:\/\/adwokatura.krakow.pl\/adwokaci-i-aplikanci\/wp-content\/uploads\/sites\/2\/2025\/05\/Borcelle-Club-Presents_page-0001.jpg 992w\" sizes=\"auto, (max-width: 724px) 100vw, 724px\" \/><\/figure>\n\n\n\n<p>Aplikanci adwokaccy Krakowskiej Izby Adwokackiej wesp\u00f3\u0142 z W\u0142adzami Izby zapraszaj\u0105 na Summer Party w Klubie Adwokat\u00f3w w Krakowie.<br>Wsp\u00f3lnie b\u0119dziemy \u015bwi\u0119towa\u0107 p\u00f3\u0142metek II roku aplikacji, koniec I semestru roku szkoleniowego oraz zbli\u017caj\u0105cy si\u0119 pocz\u0105tek sezonu letniego.\ud83c\udfd6\ufe0f<br><br>KIEDY? GDZIE?<br>SOBOTA dn. 7 czerwca 2025 roku, godz. 20:00<br>Klub Adwokat\u00f3w ul. Stefana Batorego 17, 31-135 Krak\u00f3w<br><br>WEJ\u015aCI\u00d3WKI:<br>\ud83d\udc49 70 z\u0142 &#8211; Adwokaci\/tki KIA<br>\ud83d\udc49 90 z\u0142 &#8211; Go\u015bcie spoza KIA<br>\ud83d\udc49 50 z\u0142 &#8211; Aplikanci KIA<br><br>W cenie biletu catering, napoje 0%, napoje alkoholowe, oprawa muzyczna etc.<br>Wej\u015bcie do Klubu na podstawie listy Go\u015bci oraz za okazaniem legitymacji aplikanta\/adwokata albo dowodu osobistego w przypadku os\u00f3b towarzysz\u0105cych spoza Izby Adwokackiej w Krakowie.<br><br>ZAPISY PRZY U\u017bYCIU FORMULARZA REJESTRACYJNEGO:<br><a href=\"https:\/\/forms.office.com\/pages\/responsepage.aspx?id=6yYO676_0keekOvSQm286wPFEddp5MRMhN99bpBnyZtUMjdSQzdPSk5CV0FIQk1UQUYySEdNTlFVVi4u&amp;route=shorturl\" target=\"_blank\" rel=\"noreferrer noopener\">https:\/\/forms.office.com\/pages\/responsepage.aspx?id=6yYO676_0keekOvSQm286wPFEddp5MRMhN99bpBnyZtUMjdSQzdPSk5CV0FIQk1UQUYySEdNTlFVVi4u&amp;route=shorturl<\/a><br><br>Po wype\u0142nieniu formularza otrzymacie Pa\u0144stwo wiadomo\u015b\u0107 e-mail z danymi do wp\u0142aty.<br>Potwierdzenie mailowe jest wysy\u0142ane do 3 dni roboczych, poniewa\u017c ka\u017cde zg\u0142oszenie jest indywidualnie weryfikowane przez osob\u0119 do tego upowa\u017cnion\u0105 spo\u015br\u00f3d organizator\u00f3w.<br>Tylko terminowa wp\u0142ata jest gwarancj\u0105 uczestnictwa.<br><br>Zapisy zamykamy dnia 25 maja 2025 roku o godz. 23:59 &#8211; termin nie podlega przywr\u00f3ceniu. \ud83d\ude09<br>Zwroty mo\u017cliwe s\u0105 do dn. 20 maja 2025 roku.<br>Dress code: coctail attire.<br><\/p>\n\n\n\n<figure class=\"wp-block-image size-full is-resized\"><img loading=\"lazy\" decoding=\"async\" width=\"945\" height=\"945\" src=\"https:\/\/adwokatura.krakow.pl\/adwokaci-i-aplikanci\/wp-content\/uploads\/sites\/2\/2025\/05\/4f721b3e473670fee44d5199d287dcab.png\" alt=\"\" class=\"wp-image-5892\" style=\"width:335px;height:auto\" srcset=\"https:\/\/adwokatura.krakow.pl\/adwokaci-i-aplikanci\/wp-content\/uploads\/sites\/2\/2025\/05\/4f721b3e473670fee44d5199d287dcab.png 945w, https:\/\/adwokatura.krakow.pl\/adwokaci-i-aplikanci\/wp-content\/uploads\/sites\/2\/2025\/05\/4f721b3e473670fee44d5199d287dcab-300x300.png 300w, https:\/\/adwokatura.krakow.pl\/adwokaci-i-aplikanci\/wp-content\/uploads\/sites\/2\/2025\/05\/4f721b3e473670fee44d5199d287dcab-150x150.png 150w, https:\/\/adwokatura.krakow.pl\/adwokaci-i-aplikanci\/wp-content\/uploads\/sites\/2\/2025\/05\/4f721b3e473670fee44d5199d287dcab-768x768.png 768w\" sizes=\"auto, (max-width: 945px) 100vw, 945px\" \/><\/figure>\n","protected":false},"template":"","meta":{"_acf_changed":false,"inline_featured_image":false},"class_list":["post-5890","kalendarium","type-kalendarium","status-publish","hentry"],"acf":[],"_links":{"self":[{"href":"https:\/\/adwokatura.krakow.pl\/adwokaci-i-aplikanci\/wp-json\/wp\/v2\/kalendarium\/5890","targetHints":{"allow":["GET"]}}],"collection":[{"href":"https:\/\/adwokatura.krakow.pl\/adwokaci-i-aplikanci\/wp-json\/wp\/v2\/kalendarium"}],"about":[{"href":"https:\/\/adwokatura.krakow.pl\/adwokaci-i-aplikanci\/wp-json\/wp\/v2\/types\/kalendarium"}],"wp:attachment":[{"href":"https:\/\/adwokatura.krakow.pl\/adwokaci-i-aplikanci\/wp-json\/wp\/v2\/media?parent=5890"}],"curies":[{"name":"wp","href":"https:\/\/api.w.org\/{rel}","templated":true}]}}

Summer Party w Klubie Adwokatów

<figure class="wp-block-image size-large is-resized"><img loading="lazy" decoding="async" width="724" height="1024" src="https://adwokatura.krakow.pl/adwokaci-i-aplikanci/wp-content/uploads/sites/2/2025/05/Borcelle-Club-Presents_page-0001-724x1024.jpg" alt="" class="wp-image-5891" style="width:543px;height:auto" srcset="https://adwokatura.krakow.pl/adwokaci-i-aplikanci/wp-content/uploads/sites/2/2025/05/Borcelle-Club-Presents_page-0001-724x1024.jpg 724w, https://adwokatura.krakow.pl/adwokaci-i-aplikanci/wp-content/uploads/sites/2/2025/05/Borcelle-Club-Presents_page-0001-212x300.jpg 212w, https://adwokatura.krakow.pl/adwokaci-i-aplikanci/wp-content/uploads/sites/2/2025/05/Borcelle-Club-Presents_page-0001-768x1087.jpg 768w, https://adwokatura.krakow.pl/adwokaci-i-aplikanci/wp-content/uploads/sites/2/2025/05/Borcelle-Club-Presents_page-0001.jpg 992w" sizes="auto, (max-width: 724px) 100vw, 724px" /></figure>



<p>Aplikanci adwokaccy Krakowskiej Izby Adwokackiej wespół z Władzami Izby zapraszają na Summer Party w Klubie Adwokatów w Krakowie.<br>Wspólnie będziemy świętować półmetek II roku aplikacji, koniec I semestru roku szkoleniowego oraz zbliżający się początek sezonu letniego.🏖️<br><br>KIEDY? GDZIE?<br>SOBOTA dn. 7 czerwca 2025 roku, godz. 20:00<br>Klub Adwokatów ul. Stefana Batorego 17, 31-135 Kraków<br><br>WEJŚCIÓWKI:<br>👉 70 zł &#8211; Adwokaci/tki KIA<br>👉 90 zł &#8211; Goście spoza KIA<br>👉 50 zł &#8211; Aplikanci KIA<br><br>W cenie biletu catering, napoje 0%, napoje alkoholowe, oprawa muzyczna etc.<br>Wejście do Klubu na podstawie listy Gości oraz za okazaniem legitymacji aplikanta/adwokata albo dowodu osobistego w przypadku osób towarzyszących spoza Izby Adwokackiej w Krakowie.<br><br>ZAPISY PRZY UŻYCIU FORMULARZA REJESTRACYJNEGO:<br><a href="https://forms.office.com/pages/responsepage.aspx?id=6yYO676_0keekOvSQm286wPFEddp5MRMhN99bpBnyZtUMjdSQzdPSk5CV0FIQk1UQUYySEdNTlFVVi4u&amp;route=shorturl" target="_blank" rel="noreferrer noopener">https://forms.office.com/pages/responsepage.aspx?id=6yYO676_0keekOvSQm286wPFEddp5MRMhN99bpBnyZtUMjdSQzdPSk5CV0FIQk1UQUYySEdNTlFVVi4u&amp;route=shorturl</a><br><br>Po wypełnieniu formularza otrzymacie Państwo wiadomość e-mail z danymi do wpłaty.<br>Potwierdzenie mailowe jest wysyłane do 3 dni roboczych, ponieważ każde zgłoszenie jest indywidualnie weryfikowane przez osobę do tego upoważnioną spośród organizatorów.<br>Tylko terminowa wpłata jest gwarancją uczestnictwa.<br><br>Zapisy zamykamy dnia 25 maja 2025 roku o godz. 23:59 &#8211; termin nie podlega przywróceniu. 😉<br>Zwroty możliwe są do dn. 20 maja 2025 roku.<br>Dress code: coctail attire.<br></p>



<figure class="wp-block-image size-full is-resized"><img loading="lazy" decoding="async" width="945" height="945" src="https://adwokatura.krakow.pl/adwokaci-i-aplikanci/wp-content/uploads/sites/2/2025/05/4f721b3e473670fee44d5199d287dcab.png" alt="" class="wp-image-5892" style="width:335px;height:auto" srcset="https://adwokatura.krakow.pl/adwokaci-i-aplikanci/wp-content/uploads/sites/2/2025/05/4f721b3e473670fee44d5199d287dcab.png 945w, https://adwokatura.krakow.pl/adwokaci-i-aplikanci/wp-content/uploads/sites/2/2025/05/4f721b3e473670fee44d5199d287dcab-300x300.png 300w, https://adwokatura.krakow.pl/adwokaci-i-aplikanci/wp-content/uploads/sites/2/2025/05/4f721b3e473670fee44d5199d287dcab-150x150.png 150w, https://adwokatura.krakow.pl/adwokaci-i-aplikanci/wp-content/uploads/sites/2/2025/05/4f721b3e473670fee44d5199d287dcab-768x768.png 768w" sizes="auto, (max-width: 945px) 100vw, 945px" /></figure>
