{"id":6010,"date":"2025-07-04T09:27:34","date_gmt":"2025-07-04T07:27:34","guid":{"rendered":"https:\/\/adwokatura.krakow.pl\/adwokaci-i-aplikanci\/?post_type=kalendarium&#038;p=6010"},"modified":"2025-07-04T09:27:35","modified_gmt":"2025-07-04T07:27:35","slug":"prawo-upadlosciowe-i-restrukturyzacyjne-10-lat-pozniej-w-skrocie-dla-kia","status":"publish","type":"kalendarium","link":"https:\/\/adwokatura.krakow.pl\/adwokaci-i-aplikanci\/kalendarium\/prawo-upadlosciowe-i-restrukturyzacyjne-10-lat-pozniej-w-skrocie-dla-kia\/","title":{"rendered":"PRAWO UPAD\u0141O\u015aCIOWE I RESTRUKTURYZACYJNE 10 LAT P\u00d3\u017bNIEJ &#8211; w skr\u00f3cie dla KIA"},"content":{"rendered":"\n<p>Z dum\u0105 informujemy, \u017ce Pan Mecenas Bartosz Groele reprezentowa\u0142 Krakowsk\u0105 Izb\u0119 Adwokack\u0105 podczas Konferencji Prawo upad\u0142o\u015bciowe i restrukturyzacyjne 10 lat p\u00f3\u017aniej, jaka odby\u0142a si\u0119 w dniach\/\/13-14 maja 2025r. w Warszawie.<\/p>\n\n\n\n<p>Wyst\u0105pienie Pana Mecenasa spotka\u0142o si\u0119 z du\u017cym zainteresowaniem i uznaniem uczestnik\u00f3w konferencji. Teraz z rado\u015bci\u0105 og\u0142aszamy, \u017ce wiedz\u0105 i do\u015bwiadczeniem podzieli si\u0119 \u2013 ju\u017c wkr\u00f3tce podczas wyk\u0142adu zaplanowanego na dzie\u0144 7 lipca 2025 w ramach DZ.<\/p>\n\n\n\n<p>zapraszamy \ud83d\ude42<\/p>\n\n\n\n<figure class=\"wp-block-image size-large is-resized\"><img loading=\"lazy\" decoding=\"async\" width=\"724\" height=\"1024\" src=\"https:\/\/adwokatura.krakow.pl\/adwokaci-i-aplikanci\/wp-content\/uploads\/sites\/2\/2025\/07\/503652229_1315379913924128_8804870743239948194_n-724x1024.jpg\" alt=\"\" class=\"wp-image-6011\" style=\"width:475px;height:auto\" srcset=\"https:\/\/adwokatura.krakow.pl\/adwokaci-i-aplikanci\/wp-content\/uploads\/sites\/2\/2025\/07\/503652229_1315379913924128_8804870743239948194_n-724x1024.jpg 724w, https:\/\/adwokatura.krakow.pl\/adwokaci-i-aplikanci\/wp-content\/uploads\/sites\/2\/2025\/07\/503652229_1315379913924128_8804870743239948194_n-212x300.jpg 212w, https:\/\/adwokatura.krakow.pl\/adwokaci-i-aplikanci\/wp-content\/uploads\/sites\/2\/2025\/07\/503652229_1315379913924128_8804870743239948194_n-768x1086.jpg 768w, https:\/\/adwokatura.krakow.pl\/adwokaci-i-aplikanci\/wp-content\/uploads\/sites\/2\/2025\/07\/503652229_1315379913924128_8804870743239948194_n-1086x1536.jpg 1086w, https:\/\/adwokatura.krakow.pl\/adwokaci-i-aplikanci\/wp-content\/uploads\/sites\/2\/2025\/07\/503652229_1315379913924128_8804870743239948194_n.jpg 1448w\" sizes=\"auto, (max-width: 724px) 100vw, 724px\" \/><\/figure>\n\n\n\n<p><\/p>\n","protected":false},"template":"","meta":{"_acf_changed":true,"inline_featured_image":false},"class_list":["post-6010","kalendarium","type-kalendarium","status-publish","hentry"],"acf":[],"_links":{"self":[{"href":"https:\/\/adwokatura.krakow.pl\/adwokaci-i-aplikanci\/wp-json\/wp\/v2\/kalendarium\/6010","targetHints":{"allow":["GET"]}}],"collection":[{"href":"https:\/\/adwokatura.krakow.pl\/adwokaci-i-aplikanci\/wp-json\/wp\/v2\/kalendarium"}],"about":[{"href":"https:\/\/adwokatura.krakow.pl\/adwokaci-i-aplikanci\/wp-json\/wp\/v2\/types\/kalendarium"}],"wp:attachment":[{"href":"https:\/\/adwokatura.krakow.pl\/adwokaci-i-aplikanci\/wp-json\/wp\/v2\/media?parent=6010"}],"curies":[{"name":"wp","href":"https:\/\/api.w.org\/{rel}","templated":true}]}}

PRAWO UPADŁOŚCIOWE I RESTRUKTURYZACYJNE 10 LAT PÓŻNIEJ &#8211; w skrócie dla KIA

<p>Z dumą informujemy, że Pan Mecenas Bartosz Groele reprezentował Krakowską Izbę Adwokacką podczas Konferencji Prawo upadłościowe i restrukturyzacyjne 10 lat później, jaka odbyła się w dniach//13-14 maja 2025r. w Warszawie.</p>



<p>Wystąpienie Pana Mecenasa spotkało się z dużym zainteresowaniem i uznaniem uczestników konferencji. Teraz z radością ogłaszamy, że wiedzą i doświadczeniem podzieli się – już wkrótce podczas wykładu zaplanowanego na dzień 7 lipca 2025 w ramach DZ.</p>



<p>zapraszamy 🙂</p>



<figure class="wp-block-image size-large is-resized"><img loading="lazy" decoding="async" width="724" height="1024" src="https://adwokatura.krakow.pl/adwokaci-i-aplikanci/wp-content/uploads/sites/2/2025/07/503652229_1315379913924128_8804870743239948194_n-724x1024.jpg" alt="" class="wp-image-6011" style="width:475px;height:auto" srcset="https://adwokatura.krakow.pl/adwokaci-i-aplikanci/wp-content/uploads/sites/2/2025/07/503652229_1315379913924128_8804870743239948194_n-724x1024.jpg 724w, https://adwokatura.krakow.pl/adwokaci-i-aplikanci/wp-content/uploads/sites/2/2025/07/503652229_1315379913924128_8804870743239948194_n-212x300.jpg 212w, https://adwokatura.krakow.pl/adwokaci-i-aplikanci/wp-content/uploads/sites/2/2025/07/503652229_1315379913924128_8804870743239948194_n-768x1086.jpg 768w, https://adwokatura.krakow.pl/adwokaci-i-aplikanci/wp-content/uploads/sites/2/2025/07/503652229_1315379913924128_8804870743239948194_n-1086x1536.jpg 1086w, https://adwokatura.krakow.pl/adwokaci-i-aplikanci/wp-content/uploads/sites/2/2025/07/503652229_1315379913924128_8804870743239948194_n.jpg 1448w" sizes="auto, (max-width: 724px) 100vw, 724px" /></figure>



<p></p>
