{"id":6335,"date":"2025-09-30T13:07:08","date_gmt":"2025-09-30T11:07:08","guid":{"rendered":"https:\/\/adwokatura.krakow.pl\/adwokaci-i-aplikanci\/?post_type=kalendarium&#038;p=6335"},"modified":"2025-09-30T13:07:09","modified_gmt":"2025-09-30T11:07:09","slug":"warsztaty-pt-wstep-do-arbitrazu","status":"publish","type":"kalendarium","link":"https:\/\/adwokatura.krakow.pl\/adwokaci-i-aplikanci\/kalendarium\/warsztaty-pt-wstep-do-arbitrazu\/","title":{"rendered":"Warsztaty pt. Wst\u0119p do arbitra\u017cu"},"content":{"rendered":"\n<figure class=\"wp-block-image size-full\"><img loading=\"lazy\" decoding=\"async\" width=\"477\" height=\"674\" src=\"https:\/\/adwokatura.krakow.pl\/adwokaci-i-aplikanci\/wp-content\/uploads\/sites\/2\/2025\/09\/ARBITRAZ-2.png\" alt=\"\" class=\"wp-image-6338\" srcset=\"https:\/\/adwokatura.krakow.pl\/adwokaci-i-aplikanci\/wp-content\/uploads\/sites\/2\/2025\/09\/ARBITRAZ-2.png 477w, https:\/\/adwokatura.krakow.pl\/adwokaci-i-aplikanci\/wp-content\/uploads\/sites\/2\/2025\/09\/ARBITRAZ-2-212x300.png 212w\" sizes=\"auto, (max-width: 477px) 100vw, 477px\" \/><\/figure>\n\n\n\n<p>Szanowni Pa\u0144stwo<\/p>\n\n\n\n<p>serdecznie zapraszamy na warsztaty pt. \u201eWst\u0119p do arbitra\u017cu\u201d <\/p>\n\n\n\n<p>Prowadz\u0105cy: adw. dr Tomasz Cyrol, MCIArb,<\/p>\n\n\n\n<p><a href=\"https:\/\/l.facebook.com\/l.php?u=http%3A%2F%2Fr.pr%2F%3Ffbclid%3DIwZXh0bgNhZW0CMTAAYnJpZBEwUm9DTjJ3YTZZdkNnS3ZaZgEe4yAtGOgVaysscYQauQ-XVGe3qKwuClBOyMubKp97tuxfnkursp4A-qTJVd8_aem_SjZMpD8-rEyyTf4s6uAvyA&amp;h=AT1ttqTjtUzlx1YI-EYb4u5GNX_RiiXAYE0sOvjdg2KVxhrRqA0kQR9WfsmGkvkJFbnvLJm3Q6M1G37WvrerLrDmNdmsUey8n_ZUKuLAyXCs2Jki9pxEpXoPXMiqVASs6ZGFXZ3yoTW4BcDI&amp;__tn__=-UK-R&amp;c[0]=AT2JtwAsjyM-gLKstH8smt1A1MTK153yYGXaEchG9qoaz-_xBBSi6ihLuv3kNfkpznkkSqb67w_lClE2GvDfI1qthdWb-TtEaIaRM3O6IDJVFkWnp3o5dCHznQWqum__LEHc-A1GK8zJFilpAKTHA2tfQN_I6UcweERp5wNPmMQoHMuZRlJRZ0SWfxR6EH89GK9S6LdqOE__c3AxfJoyd1PBlw\" target=\"_blank\" rel=\"noreferrer noopener\">r.pr.<\/a> Marek Puwalski, FCIArb<\/p>\n\n\n\n<p>(prowadz\u0105cy z do\u015bwiadczeniem w szeregu krajowych i zagranicznych post\u0119powa\u0144 arbitra\u017cowych zar\u00f3wno jako arbitrzy jak i pe\u0142nomocnicy. S\u0105 aktywnymi cz\u0142onkami Chartered Institute of Arbitrators)<\/p>\n\n\n\n<p>Szkolenie obejmuje praktyczne informacje dla os\u00f3b, kt\u00f3re chc\u0105 bra\u0107 udzia\u0142 w post\u0119powaniach arbitra\u017cowych jako pe\u0142nomocnicy.<\/p>\n\n\n\n<p>Szkolenie zostanie przeprowadzone stacjonarnie dla os\u00f3b, kt\u00f3re zg\u0142osz\u0105 sw\u00f3j akces za pomoc\u0105 formularza <img loading=\"lazy\" decoding=\"async\" height=\"16\" width=\"16\" src=\"https:\/\/static.xx.fbcdn.net\/images\/emoji.php\/v9\/t4f\/1\/16\/1f447.png\" alt=\"\ud83d\udc47\"><img loading=\"lazy\" decoding=\"async\" height=\"16\" width=\"16\" src=\"https:\/\/static.xx.fbcdn.net\/images\/emoji.php\/v9\/t4f\/1\/16\/1f447.png\" alt=\"\ud83d\udc47\"><img loading=\"lazy\" decoding=\"async\" height=\"16\" width=\"16\" src=\"https:\/\/static.xx.fbcdn.net\/images\/emoji.php\/v9\/t4f\/1\/16\/1f447.png\" alt=\"\ud83d\udc47\"><\/p>\n\n\n<a class=\"button button--zielony-ze-strzalka\" href=\"https:\/\/docs.google.com\/forms\/d\/e\/1FAIpQLSc_3ybcuMnhuyTklxvSamtQkml7A91UhrkfejQCknWHIN6MHA\/viewform\">\n        ZAPISY<\/a>\n\n\n\n<p><\/p>\n\n\n\n<p><strong>Data: 14.10.2025<\/strong><\/p>\n\n\n\n<p><strong>Godz.: 16.30-19.30<\/strong><\/p>\n\n\n\n<p><strong>Miejsce: Batorego 17, Klub Adwokat\u00f3w, III pi\u0119tro<\/strong><\/p>\n\n\n\n<p><em>Zapraszamy!<\/em><\/p>\n","protected":false},"template":"","meta":{"_acf_changed":true,"inline_featured_image":false},"class_list":["post-6335","kalendarium","type-kalendarium","status-publish","hentry"],"acf":[],"_links":{"self":[{"href":"https:\/\/adwokatura.krakow.pl\/adwokaci-i-aplikanci\/wp-json\/wp\/v2\/kalendarium\/6335","targetHints":{"allow":["GET"]}}],"collection":[{"href":"https:\/\/adwokatura.krakow.pl\/adwokaci-i-aplikanci\/wp-json\/wp\/v2\/kalendarium"}],"about":[{"href":"https:\/\/adwokatura.krakow.pl\/adwokaci-i-aplikanci\/wp-json\/wp\/v2\/types\/kalendarium"}],"wp:attachment":[{"href":"https:\/\/adwokatura.krakow.pl\/adwokaci-i-aplikanci\/wp-json\/wp\/v2\/media?parent=6335"}],"curies":[{"name":"wp","href":"https:\/\/api.w.org\/{rel}","templated":true}]}}

Warsztaty pt. Wstęp do arbitrażu

<figure class="wp-block-image size-full"><img loading="lazy" decoding="async" width="477" height="674" src="https://adwokatura.krakow.pl/adwokaci-i-aplikanci/wp-content/uploads/sites/2/2025/09/ARBITRAZ-2.png" alt="" class="wp-image-6338" srcset="https://adwokatura.krakow.pl/adwokaci-i-aplikanci/wp-content/uploads/sites/2/2025/09/ARBITRAZ-2.png 477w, https://adwokatura.krakow.pl/adwokaci-i-aplikanci/wp-content/uploads/sites/2/2025/09/ARBITRAZ-2-212x300.png 212w" sizes="auto, (max-width: 477px) 100vw, 477px" /></figure>



<p>Szanowni Państwo</p>



<p>serdecznie zapraszamy na warsztaty pt. „Wstęp do arbitrażu” </p>



<p>Prowadzący: adw. dr Tomasz Cyrol, MCIArb,</p>



<p><a href="https://l.facebook.com/l.php?u=http%3A%2F%2Fr.pr%2F%3Ffbclid%3DIwZXh0bgNhZW0CMTAAYnJpZBEwUm9DTjJ3YTZZdkNnS3ZaZgEe4yAtGOgVaysscYQauQ-XVGe3qKwuClBOyMubKp97tuxfnkursp4A-qTJVd8_aem_SjZMpD8-rEyyTf4s6uAvyA&amp;h=AT1ttqTjtUzlx1YI-EYb4u5GNX_RiiXAYE0sOvjdg2KVxhrRqA0kQR9WfsmGkvkJFbnvLJm3Q6M1G37WvrerLrDmNdmsUey8n_ZUKuLAyXCs2Jki9pxEpXoPXMiqVASs6ZGFXZ3yoTW4BcDI&amp;__tn__=-UK-R&amp;c[0]=AT2JtwAsjyM-gLKstH8smt1A1MTK153yYGXaEchG9qoaz-_xBBSi6ihLuv3kNfkpznkkSqb67w_lClE2GvDfI1qthdWb-TtEaIaRM3O6IDJVFkWnp3o5dCHznQWqum__LEHc-A1GK8zJFilpAKTHA2tfQN_I6UcweERp5wNPmMQoHMuZRlJRZ0SWfxR6EH89GK9S6LdqOE__c3AxfJoyd1PBlw" target="_blank" rel="noreferrer noopener">r.pr.</a> Marek Puwalski, FCIArb</p>



<p>(prowadzący z doświadczeniem w szeregu krajowych i zagranicznych postępowań arbitrażowych zarówno jako arbitrzy jak i pełnomocnicy. Są aktywnymi członkami Chartered Institute of Arbitrators)</p>



<p>Szkolenie obejmuje praktyczne informacje dla osób, które chcą brać udział w postępowaniach arbitrażowych jako pełnomocnicy.</p>



<p>Szkolenie zostanie przeprowadzone stacjonarnie dla osób, które zgłoszą swój akces za pomocą formularza <img loading="lazy" decoding="async" height="16" width="16" src="https://static.xx.fbcdn.net/images/emoji.php/v9/t4f/1/16/1f447.png" alt="👇"><img loading="lazy" decoding="async" height="16" width="16" src="https://static.xx.fbcdn.net/images/emoji.php/v9/t4f/1/16/1f447.png" alt="👇"><img loading="lazy" decoding="async" height="16" width="16" src="https://static.xx.fbcdn.net/images/emoji.php/v9/t4f/1/16/1f447.png" alt="👇"></p>


<a class="button button--zielony-ze-strzalka" href="https://docs.google.com/forms/d/e/1FAIpQLSc_3ybcuMnhuyTklxvSamtQkml7A91UhrkfejQCknWHIN6MHA/viewform">
        ZAPISY</a>



<p></p>



<p><strong>Data: 14.10.2025</strong></p>



<p><strong>Godz.: 16.30-19.30</strong></p>



<p><strong>Miejsce: Batorego 17, Klub Adwokatów, III piętro</strong></p>



<p><em>Zapraszamy!</em></p>
