{"id":6340,"date":"2025-10-09T13:36:35","date_gmt":"2025-10-09T11:36:35","guid":{"rendered":"https:\/\/adwokatura.krakow.pl\/adwokaci-i-aplikanci\/?post_type=kalendarium&#038;p=6340"},"modified":"2025-10-21T10:46:33","modified_gmt":"2025-10-21T08:46:33","slug":"xiv-dni-kultury-adwokatury-2025","status":"publish","type":"kalendarium","link":"https:\/\/adwokatura.krakow.pl\/adwokaci-i-aplikanci\/kalendarium\/xiv-dni-kultury-adwokatury-2025\/","title":{"rendered":"XIV DNI KULTURY ADWOKATURY 2025"},"content":{"rendered":"\n<div class=\"wp-block-columns is-layout-flex wp-container-core-columns-is-layout-9d6595d7 wp-block-columns-is-layout-flex\">\n<div class=\"wp-block-column is-layout-flow wp-block-column-is-layout-flow\">\n<figure class=\"wp-block-image size-full\"><img loading=\"lazy\" decoding=\"async\" width=\"540\" height=\"960\" src=\"https:\/\/adwokatura.krakow.pl\/adwokaci-i-aplikanci\/wp-content\/uploads\/sites\/2\/2025\/10\/DNI-KULTURY-ADWOKATURY-1.png\" alt=\"\" class=\"wp-image-6386\" srcset=\"https:\/\/adwokatura.krakow.pl\/adwokaci-i-aplikanci\/wp-content\/uploads\/sites\/2\/2025\/10\/DNI-KULTURY-ADWOKATURY-1.png 540w, https:\/\/adwokatura.krakow.pl\/adwokaci-i-aplikanci\/wp-content\/uploads\/sites\/2\/2025\/10\/DNI-KULTURY-ADWOKATURY-1-169x300.png 169w\" sizes=\"auto, (max-width: 540px) 100vw, 540px\" \/><\/figure>\n<\/div>\n\n\n\n<div class=\"wp-block-column is-layout-flow wp-block-column-is-layout-flow\">\n<figure class=\"wp-block-image size-full\"><img loading=\"lazy\" decoding=\"async\" width=\"540\" height=\"960\" src=\"https:\/\/adwokatura.krakow.pl\/adwokaci-i-aplikanci\/wp-content\/uploads\/sites\/2\/2025\/10\/2-1.png\" alt=\"\" class=\"wp-image-6344\" srcset=\"https:\/\/adwokatura.krakow.pl\/adwokaci-i-aplikanci\/wp-content\/uploads\/sites\/2\/2025\/10\/2-1.png 540w, https:\/\/adwokatura.krakow.pl\/adwokaci-i-aplikanci\/wp-content\/uploads\/sites\/2\/2025\/10\/2-1-169x300.png 169w\" sizes=\"auto, (max-width: 540px) 100vw, 540px\" \/><\/figure>\n<\/div>\n<\/div>\n\n\n\n<p class=\"has-text-align-center\">Przewodnicz\u0105cy Komisji Integracji \u015arodowiskowej, Kultury, Sportu i Turystyki Naczelnej Rady Adwokackiej adw. Stanis\u0142aw Estreich<\/p>\n\n\n\n<p class=\"has-text-align-center\">Krakowska Izba Adwokacka<\/p>\n\n\n\n<p class=\"has-text-align-center\">zapraszaj\u0105 na<\/p>\n\n\n\n<p class=\"has-text-align-center\"><strong>XIV DNI KULTURY ADWOKATURY POLSKIEJ<\/strong><\/p>\n\n\n\n<p class=\"has-text-align-center\"><strong>KRAK\u00d3W, 23-26 pa\u017adziernika 2025<\/strong><\/p>\n\n\n\n<p><em>W imieniu swoim i Organizator\u00f3w XIV Dni Kultury Adwokatury serdecznie zapraszam do udzia\u0142u w&nbsp; DKA 2025<\/em>. <em>Wydarzenie corocznie cieszy si\u0119 ogromnym zainteresowaniem w\u015br\u00f3d adwokat\u00f3w i aplikant\u00f3w z ca\u0142ej Polski.<\/em> <em>Licz\u0119 na Pa\u0144stwa obecno\u015b\u0107, jednocze\u015bnie zapewniam, \u017ce organizatorzy do\u0142o\u017cyli wszelkich stara\u0144, aby program DKA by\u0142 r\u00f3\u017cnorodny, ciekawy i inspiruj\u0105cy..<\/em><\/p>\n\n\n\n<p class=\"has-text-align-right\"><em>Komisja Integracji \u015arodowiskowej, Kultury, Sportu i Turystyki NRA<\/em><\/p>\n\n\n\n<p class=\"has-text-align-right\"><em>Przewodnicz\u0105cy adwokat Stanis\u0142aw Estreich<\/em><\/p>\n\n\n\n<p><\/p>\n\n\n\n<p><strong><em>WA\u017bNE INFORMACJE:<\/em><\/strong><\/p>\n\n\n\n<p><em>&#8211; przedstawiamy program <strong>DKA<\/strong> wraz z linkiem do zapis\u00f3w na poszczeg\u00f3lne wydarzenia,<\/em><\/p>\n\n\n\n<p><em>&#8211; prosimy, aby ka\u017cda osoba dokonywa\u0142a zapisu indywidualnie za pomoc\u0105 ankiety podaj\u0105c dane kontaktowe,<\/em><\/p>\n\n\n\n<p><em>&#8211; cz\u0119\u015b\u0107 z wydarze\u0144 w ramach DKA jest p\u0142atna, a liczba miejsc ograniczona,<\/em><\/p>\n\n\n\n<p><em>&#8211; w przedstawionej ankiecie jest opis poszczeg\u00f3lnych wydarze\u0144 oraz p\u0142atno\u015bci,<\/em><\/p>\n\n\n\n<p><em>&#8211; w razie pyta\u0144 prosimy o kontakt z organizatorem wydarzenia, b\u0105d\u017a biurem ORA w Krakowie,<\/em><\/p>\n\n\n\n<p><em>\u2013 zapis poprzez ankiet\u0119 jest automatyczny. W przypadku braku miejsc biuro ORA w Krakowie b\u0119dzie informowa\u0107 na bie\u017c\u0105co.<\/em><\/p>\n\n\n<a class=\"button button--zielony-ze-strzalka\" href=\"https:\/\/docs.google.com\/forms\/d\/1IN0rx-TwSe_12uJRmWHh7BKvEtT8rtokso6pYHsj_04\/preview\">\n        ZAPISY NA DKA<\/a>\n\n\n\n<p><\/p>\n\n\n\n<p><strong>PROGRAM<\/strong> <strong>PLAN DKA 2025<\/strong><\/p>\n\n\n\n<p><strong>CZWARTEK | 23 PA\u0179DZIERNIKA<\/strong><\/p>\n\n\n\n<p><em>Klub Adwokat\u00f3w w Krakowie, ul. Batorego 17 w Krakowie<\/em><\/p>\n\n\n\n<ul class=\"wp-block-list\">\n<li><strong>GODZ. 17:30<\/strong> &#8211; Wiecz\u00f3r autorski i wyk\u0142ad redaktora Grzegorza Teodora Gaudena (promocja ksi\u0105\u017cki pt. \u201ePolska sprawa Dreyfusa. Kto pr\u00f3bowa\u0142 zabi\u0107 prezydenta\u201d)<\/li>\n\n\n\n<li><strong>GODZ. 19:15<\/strong> &#8211; Koncert muzyki kameralnej w wykonaniu adw. dr. Marka Pola\u0144skiego (skrzypce) i prof. S\u0142awomira Cierpika (fortepian) AM w Krakowie<\/li>\n\n\n\n<li><strong>GODZ. 20:30 <\/strong>&#8211; Wernisa\u017c prof. Marty Bo\u017cyk, ASP w Krakowie <em>(Stowarzyszenie Mi\u0119dzynarodowe Triennale Grafiki w Krakowie)<\/em><\/li>\n<\/ul>\n\n\n\n<div class=\"wp-block-columns is-layout-flex wp-container-core-columns-is-layout-9d6595d7 wp-block-columns-is-layout-flex\">\n<div class=\"wp-block-column is-layout-flow wp-block-column-is-layout-flow\">\n<figure class=\"wp-block-image size-large is-resized\"><img loading=\"lazy\" decoding=\"async\" width=\"1024\" height=\"1024\" src=\"https:\/\/adwokatura.krakow.pl\/adwokaci-i-aplikanci\/wp-content\/uploads\/sites\/2\/2025\/10\/Wernisaz-Marta-Bozyk-1024x1024.jpg\" alt=\"\" class=\"wp-image-6345\" style=\"width:368px;height:auto\" srcset=\"https:\/\/adwokatura.krakow.pl\/adwokaci-i-aplikanci\/wp-content\/uploads\/sites\/2\/2025\/10\/Wernisaz-Marta-Bozyk-1024x1024.jpg 1024w, https:\/\/adwokatura.krakow.pl\/adwokaci-i-aplikanci\/wp-content\/uploads\/sites\/2\/2025\/10\/Wernisaz-Marta-Bozyk-300x300.jpg 300w, https:\/\/adwokatura.krakow.pl\/adwokaci-i-aplikanci\/wp-content\/uploads\/sites\/2\/2025\/10\/Wernisaz-Marta-Bozyk-150x150.jpg 150w, https:\/\/adwokatura.krakow.pl\/adwokaci-i-aplikanci\/wp-content\/uploads\/sites\/2\/2025\/10\/Wernisaz-Marta-Bozyk-768x768.jpg 768w, https:\/\/adwokatura.krakow.pl\/adwokaci-i-aplikanci\/wp-content\/uploads\/sites\/2\/2025\/10\/Wernisaz-Marta-Bozyk.jpg 1080w\" sizes=\"auto, (max-width: 1024px) 100vw, 1024px\" \/><\/figure>\n<\/div>\n\n\n\n<div class=\"wp-block-column is-layout-flow wp-block-column-is-layout-flow\">\n<figure class=\"wp-block-image size-large is-resized\"><img loading=\"lazy\" decoding=\"async\" width=\"1024\" height=\"1024\" src=\"https:\/\/adwokatura.krakow.pl\/adwokaci-i-aplikanci\/wp-content\/uploads\/sites\/2\/2025\/10\/Marta-Bozyk-1024x1024.jpg\" alt=\"\" class=\"wp-image-6346\" style=\"width:367px;height:auto\" srcset=\"https:\/\/adwokatura.krakow.pl\/adwokaci-i-aplikanci\/wp-content\/uploads\/sites\/2\/2025\/10\/Marta-Bozyk-1024x1024.jpg 1024w, https:\/\/adwokatura.krakow.pl\/adwokaci-i-aplikanci\/wp-content\/uploads\/sites\/2\/2025\/10\/Marta-Bozyk-300x300.jpg 300w, https:\/\/adwokatura.krakow.pl\/adwokaci-i-aplikanci\/wp-content\/uploads\/sites\/2\/2025\/10\/Marta-Bozyk-150x150.jpg 150w, https:\/\/adwokatura.krakow.pl\/adwokaci-i-aplikanci\/wp-content\/uploads\/sites\/2\/2025\/10\/Marta-Bozyk-768x768.jpg 768w, https:\/\/adwokatura.krakow.pl\/adwokaci-i-aplikanci\/wp-content\/uploads\/sites\/2\/2025\/10\/Marta-Bozyk.jpg 1080w\" sizes=\"auto, (max-width: 1024px) 100vw, 1024px\" \/><\/figure>\n<\/div>\n<\/div>\n\n\n\n<p>* WST\u0118P WOLNY DLA ADWOKAT\u00d3W I APLIKANT\u00d3W<\/p>\n\n\n\n<p><strong>PI\u0104TEK | 24 PA\u0179DZIERNIKA<\/strong><\/p>\n\n\n\n<ul class=\"wp-block-list\">\n<li><strong>GODZ. 10:00 <\/strong>&#8211; Sympozjum naukowe &#8211; \u201e60 lat obowi\u0105zywania kodeksu cywilnego w Polsce\u201d, organizowane przez prof. Jerzego Pisuli\u0144skiego <em>(Aula Wydzia\u0142u Prawa i Administracji UJ, ul. Krupnicza 33a)<\/em><\/li>\n<\/ul>\n\n\n\n<p>* WYDARZENIE ORGANIZOWANE PRZEZ UJ &#8211; KONIECZNY ZAPIS&nbsp; NA TO WYDARZENIE PRZEZ FORMULARZ<\/p>\n\n\n\n<p><a href=\"https:\/\/forms.office.com\/Pages\/ResponsePage.aspx?id=6yYO676_0keekOvSQm2862ACfH8HV-NEhFxIPGyE6YZUN0s5WUc4VUJUR1pPVEU2UEpWMlpNRTNCSC4u\">ZAPISY &#8211;&gt;&nbsp;LINK<\/a> ( DOST\u0118PNY W FORMULARZU ZG\u0141OSZENIOWYM DKA)<em><\/em><\/p>\n\n\n\n<ul class=\"wp-block-list\">\n<li><strong>GODZ. 11:20<\/strong> &#8211; Wystawa malarstwa J\u00f3zefa Che\u0142mo\u0144skiego <em>(Muzeum Narodowe w Krakowie, al. 3 Maja) zaprasza Dyrektor Muzeum Narodowego w Krakowie Andrzej Szczerski<\/em><\/li>\n<\/ul>\n\n\n\n<p>* WST\u0118P P\u0141ATNY &#8211; BILET 40 Z\u0141&nbsp; &#8211; OP\u0141AT\u0118 B\u0118DZIE POBIERA\u0141 ADWOKAT STANIS\u0141AW ESTREICH (lub inna wyznaczona osoba)&nbsp; PRZED WEJ\u015aCIEM DO MUZEUM<\/p>\n\n\n\n<ul class=\"wp-block-list\">\n<li><strong>GODZ. 19:00 <\/strong>&#8211; Koncert profesorski w Sali Poselskiej na Zamku Kr\u00f3lewskim na Wawelu <em>(Katarzyna Ole\u015b Blacha \u2013 sopran, Mariola Cieniawa \u2013 fortepian, Robert Kabara \u2013 skrzypce, Piotr Lato \u2013 klarnet).<\/em> Na koncert zaprasza prof. Andrzej Betlej \u2013 Dyrektor, prowadzenie adwokat Stanis\u0142aw K\u0142ys \u2013 KIA<\/li>\n<\/ul>\n\n\n\n<p>* ILO\u015a\u0106 MIEJSC OGRANICZONA, ZG\u0141OSZENIE PRZEZ ANKIET\u0118 PONI\u017bEJ<\/p>\n\n\n\n<p><strong>SOBOTA | 25 PA\u0179DZIERNIKA<\/strong><\/p>\n\n\n\n<ul class=\"wp-block-list\">\n<li><strong>GODZ. 09:55 <\/strong>&#8211; Muzeum \u017bup Solnych w Wieliczce <em>(ul. <\/em><a href=\"https:\/\/www.google.com\/maps\/place\/data=!4m2!3m1!1s0x47164162641027fb:0xfe7efe1619fd1baa?sa=X&amp;ved=1t:8290&amp;ictx=111\"><em>Zamkowa 8, Wieliczka<\/em><\/a><em>)<\/em><\/li>\n<\/ul>\n\n\n\n<p>WST\u0118P P\u0141ATNY &#8211; 72,10 Z\u0141 (bilet normalny) ORAZ&nbsp; 57,40 Z\u0141 (bilet ulgowy dla 65 +), P\u0141ATNE W AUTOKARZE- GOT\u00d3WKOWO<\/p>\n\n\n\n<ul class=\"wp-block-list\">\n<li><strong>GODZ. 20:00 <\/strong>&#8211; Kabaret Piwnica pod Baranami <em>(<\/em><a href=\"https:\/\/www.google.com\/maps\/place\/data=!4m2!3m1!1s0x47165b0ddc1d0f97:0x4e9ee563e7699ca8?sa=X&amp;ved=1t:8290&amp;ictx=111\"><em>Rynek G\u0142\u00f3wny 27<\/em><\/a><em>)<\/em><\/li>\n<\/ul>\n\n\n\n<p>WST\u0118P P\u0141ATNY&nbsp; &#8211; BILET 50 Z\u0141&nbsp; &#8211; OP\u0141AT\u0118 B\u0118DZIE POBIERA\u0141 ADWOKAT STANIS\u0141AW ESTREICH PRZED WEJ\u015aCIEM (lub inna wyznaczona osoba)&nbsp;<\/p>\n\n\n\n<p><strong>NIEDZIELA | 26 PA\u0179DZIERNIKA<\/strong><\/p>\n\n\n\n<ul class=\"wp-block-list\">\n<li><strong>GODZ. 09:45 <\/strong>&#8211; Msza \u015awi\u0119ta w intencji Adwokatury Polskiej, kt\u00f3r\u0105 odprawi Prowincja\u0142 Karmelit\u00f3w o. Wies\u0142aw Strzelecki <em>(Kaplicy Matki Boskiej \u201cna Piasku\u201c \u2013 ul. Karmelicka 19)<\/em><\/li>\n<\/ul>\n\n\n\n<p><\/p>\n\n\n<a class=\"button button--zielony-ze-strzalka\" href=\"https:\/\/docs.google.com\/forms\/d\/1IN0rx-TwSe_12uJRmWHh7BKvEtT8rtokso6pYHsj_04\/preview\">\n        ZAPISY NA DKA<\/a>\n\n\n\n<p><\/p>\n","protected":false},"template":"","meta":{"_acf_changed":true,"inline_featured_image":false},"class_list":["post-6340","kalendarium","type-kalendarium","status-publish","hentry"],"acf":[],"_links":{"self":[{"href":"https:\/\/adwokatura.krakow.pl\/adwokaci-i-aplikanci\/wp-json\/wp\/v2\/kalendarium\/6340","targetHints":{"allow":["GET"]}}],"collection":[{"href":"https:\/\/adwokatura.krakow.pl\/adwokaci-i-aplikanci\/wp-json\/wp\/v2\/kalendarium"}],"about":[{"href":"https:\/\/adwokatura.krakow.pl\/adwokaci-i-aplikanci\/wp-json\/wp\/v2\/types\/kalendarium"}],"wp:attachment":[{"href":"https:\/\/adwokatura.krakow.pl\/adwokaci-i-aplikanci\/wp-json\/wp\/v2\/media?parent=6340"}],"curies":[{"name":"wp","href":"https:\/\/api.w.org\/{rel}","templated":true}]}}

<div class="wp-block-columns is-layout-flex wp-container-core-columns-is-layout-9d6595d7 wp-block-columns-is-layout-flex">
<div class="wp-block-column is-layout-flow wp-block-column-is-layout-flow">
<figure class="wp-block-image size-full"><img loading="lazy" decoding="async" width="540" height="960" src="https://adwokatura.krakow.pl/adwokaci-i-aplikanci/wp-content/uploads/sites/2/2025/10/DNI-KULTURY-ADWOKATURY-1.png" alt="" class="wp-image-6386" srcset="https://adwokatura.krakow.pl/adwokaci-i-aplikanci/wp-content/uploads/sites/2/2025/10/DNI-KULTURY-ADWOKATURY-1.png 540w, https://adwokatura.krakow.pl/adwokaci-i-aplikanci/wp-content/uploads/sites/2/2025/10/DNI-KULTURY-ADWOKATURY-1-169x300.png 169w" sizes="auto, (max-width: 540px) 100vw, 540px" /></figure>
</div>



<div class="wp-block-column is-layout-flow wp-block-column-is-layout-flow">
<figure class="wp-block-image size-full"><img loading="lazy" decoding="async" width="540" height="960" src="https://adwokatura.krakow.pl/adwokaci-i-aplikanci/wp-content/uploads/sites/2/2025/10/2-1.png" alt="" class="wp-image-6344" srcset="https://adwokatura.krakow.pl/adwokaci-i-aplikanci/wp-content/uploads/sites/2/2025/10/2-1.png 540w, https://adwokatura.krakow.pl/adwokaci-i-aplikanci/wp-content/uploads/sites/2/2025/10/2-1-169x300.png 169w" sizes="auto, (max-width: 540px) 100vw, 540px" /></figure>
</div>
</div>



<p class="has-text-align-center">Przewodniczący Komisji Integracji Środowiskowej, Kultury, Sportu i Turystyki Naczelnej Rady Adwokackiej adw. Stanisław Estreich</p>



<p class="has-text-align-center">Krakowska Izba Adwokacka</p>



<p class="has-text-align-center">zapraszają na</p>



<p class="has-text-align-center"><strong>XIV DNI KULTURY ADWOKATURY POLSKIEJ</strong></p>



<p class="has-text-align-center"><strong>KRAKÓW, 23-26 października 2025</strong></p>



<p><em>W imieniu swoim i Organizatorów XIV Dni Kultury Adwokatury serdecznie zapraszam do udziału w&nbsp; DKA 2025</em>. <em>Wydarzenie corocznie cieszy się ogromnym zainteresowaniem wśród adwokatów i aplikantów z całej Polski.</em> <em>Liczę na Państwa obecność, jednocześnie zapewniam, że organizatorzy dołożyli wszelkich starań, aby program DKA był różnorodny, ciekawy i inspirujący..</em></p>



<p class="has-text-align-right"><em>Komisja Integracji Środowiskowej, Kultury, Sportu i Turystyki NRA</em></p>



<p class="has-text-align-right"><em>Przewodniczący adwokat Stanisław Estreich</em></p>



<p></p>



<p><strong><em>WAŻNE INFORMACJE:</em></strong></p>



<p><em>&#8211; przedstawiamy program <strong>DKA</strong> wraz z linkiem do zapisów na poszczególne wydarzenia,</em></p>



<p><em>&#8211; prosimy, aby każda osoba dokonywała zapisu indywidualnie za pomocą ankiety podając dane kontaktowe,</em></p>



<p><em>&#8211; część z wydarzeń w ramach DKA jest płatna, a liczba miejsc ograniczona,</em></p>



<p><em>&#8211; w przedstawionej ankiecie jest opis poszczególnych wydarzeń oraz płatności,</em></p>



<p><em>&#8211; w razie pytań prosimy o kontakt z organizatorem wydarzenia, bądź biurem ORA w Krakowie,</em></p>



<p><em>– zapis poprzez ankietę jest automatyczny. W przypadku braku miejsc biuro ORA w Krakowie będzie informować na bieżąco.</em></p>


<a class="button button--zielony-ze-strzalka" href="https://docs.google.com/forms/d/1IN0rx-TwSe_12uJRmWHh7BKvEtT8rtokso6pYHsj_04/preview">
        ZAPISY NA DKA</a>



<p></p>



<p><strong>PROGRAM</strong> <strong>PLAN DKA 2025</strong></p>



<p><strong>CZWARTEK | 23 PAŹDZIERNIKA</strong></p>



<p><em>Klub Adwokatów w Krakowie, ul. Batorego 17 w Krakowie</em></p>



<ul class="wp-block-list">
<li><strong>GODZ. 17:30</strong> &#8211; Wieczór autorski i wykład redaktora Grzegorza Teodora Gaudena (promocja książki pt. „Polska sprawa Dreyfusa. Kto próbował zabić prezydenta”)</li>



<li><strong>GODZ. 19:15</strong> &#8211; Koncert muzyki kameralnej w wykonaniu adw. dr. Marka Polańskiego (skrzypce) i prof. Sławomira Cierpika (fortepian) AM w Krakowie</li>



<li><strong>GODZ. 20:30 </strong>&#8211; Wernisaż prof. Marty Bożyk, ASP w Krakowie <em>(Stowarzyszenie Międzynarodowe Triennale Grafiki w Krakowie)</em></li>
</ul>



<div class="wp-block-columns is-layout-flex wp-container-core-columns-is-layout-9d6595d7 wp-block-columns-is-layout-flex">
<div class="wp-block-column is-layout-flow wp-block-column-is-layout-flow">
<figure class="wp-block-image size-large is-resized"><img loading="lazy" decoding="async" width="1024" height="1024" src="https://adwokatura.krakow.pl/adwokaci-i-aplikanci/wp-content/uploads/sites/2/2025/10/Wernisaz-Marta-Bozyk-1024x1024.jpg" alt="" class="wp-image-6345" style="width:368px;height:auto" srcset="https://adwokatura.krakow.pl/adwokaci-i-aplikanci/wp-content/uploads/sites/2/2025/10/Wernisaz-Marta-Bozyk-1024x1024.jpg 1024w, https://adwokatura.krakow.pl/adwokaci-i-aplikanci/wp-content/uploads/sites/2/2025/10/Wernisaz-Marta-Bozyk-300x300.jpg 300w, https://adwokatura.krakow.pl/adwokaci-i-aplikanci/wp-content/uploads/sites/2/2025/10/Wernisaz-Marta-Bozyk-150x150.jpg 150w, https://adwokatura.krakow.pl/adwokaci-i-aplikanci/wp-content/uploads/sites/2/2025/10/Wernisaz-Marta-Bozyk-768x768.jpg 768w, https://adwokatura.krakow.pl/adwokaci-i-aplikanci/wp-content/uploads/sites/2/2025/10/Wernisaz-Marta-Bozyk.jpg 1080w" sizes="auto, (max-width: 1024px) 100vw, 1024px" /></figure>
</div>



<div class="wp-block-column is-layout-flow wp-block-column-is-layout-flow">
<figure class="wp-block-image size-large is-resized"><img loading="lazy" decoding="async" width="1024" height="1024" src="https://adwokatura.krakow.pl/adwokaci-i-aplikanci/wp-content/uploads/sites/2/2025/10/Marta-Bozyk-1024x1024.jpg" alt="" class="wp-image-6346" style="width:367px;height:auto" srcset="https://adwokatura.krakow.pl/adwokaci-i-aplikanci/wp-content/uploads/sites/2/2025/10/Marta-Bozyk-1024x1024.jpg 1024w, https://adwokatura.krakow.pl/adwokaci-i-aplikanci/wp-content/uploads/sites/2/2025/10/Marta-Bozyk-300x300.jpg 300w, https://adwokatura.krakow.pl/adwokaci-i-aplikanci/wp-content/uploads/sites/2/2025/10/Marta-Bozyk-150x150.jpg 150w, https://adwokatura.krakow.pl/adwokaci-i-aplikanci/wp-content/uploads/sites/2/2025/10/Marta-Bozyk-768x768.jpg 768w, https://adwokatura.krakow.pl/adwokaci-i-aplikanci/wp-content/uploads/sites/2/2025/10/Marta-Bozyk.jpg 1080w" sizes="auto, (max-width: 1024px) 100vw, 1024px" /></figure>
</div>
</div>



<p>* WSTĘP WOLNY DLA ADWOKATÓW I APLIKANTÓW</p>



<p><strong>PIĄTEK | 24 PAŹDZIERNIKA</strong></p>



<ul class="wp-block-list">
<li><strong>GODZ. 10:00 </strong>&#8211; Sympozjum naukowe &#8211; „60 lat obowiązywania kodeksu cywilnego w Polsce”, organizowane przez prof. Jerzego Pisulińskiego <em>(Aula Wydziału Prawa i Administracji UJ, ul. Krupnicza 33a)</em></li>
</ul>



<p>* WYDARZENIE ORGANIZOWANE PRZEZ UJ &#8211; KONIECZNY ZAPIS&nbsp; NA TO WYDARZENIE PRZEZ FORMULARZ</p>



<p><a href="https://forms.office.com/Pages/ResponsePage.aspx?id=6yYO676_0keekOvSQm2862ACfH8HV-NEhFxIPGyE6YZUN0s5WUc4VUJUR1pPVEU2UEpWMlpNRTNCSC4u">ZAPISY &#8211;&gt;&nbsp;LINK</a> ( DOSTĘPNY W FORMULARZU ZGŁOSZENIOWYM DKA)<em></em></p>



<ul class="wp-block-list">
<li><strong>GODZ. 11:20</strong> &#8211; Wystawa malarstwa Józefa Chełmońskiego <em>(Muzeum Narodowe w Krakowie, al. 3 Maja) zaprasza Dyrektor Muzeum Narodowego w Krakowie Andrzej Szczerski</em></li>
</ul>



<p>* WSTĘP PŁATNY &#8211; BILET 40 ZŁ&nbsp; &#8211; OPŁATĘ BĘDZIE POBIERAŁ ADWOKAT STANISŁAW ESTREICH (lub inna wyznaczona osoba)&nbsp; PRZED WEJŚCIEM DO MUZEUM</p>



<ul class="wp-block-list">
<li><strong>GODZ. 19:00 </strong>&#8211; Koncert profesorski w Sali Poselskiej na Zamku Królewskim na Wawelu <em>(Katarzyna Oleś Blacha – sopran, Mariola Cieniawa – fortepian, Robert Kabara – skrzypce, Piotr Lato – klarnet).</em> Na koncert zaprasza prof. Andrzej Betlej – Dyrektor, prowadzenie adwokat Stanisław Kłys – KIA</li>
</ul>



<p>* ILOŚĆ MIEJSC OGRANICZONA, ZGŁOSZENIE PRZEZ ANKIETĘ PONIŻEJ</p>



<p><strong>SOBOTA | 25 PAŹDZIERNIKA</strong></p>



<ul class="wp-block-list">
<li><strong>GODZ. 09:55 </strong>&#8211; Muzeum Żup Solnych w Wieliczce <em>(ul. </em><a href="https://www.google.com/maps/place/data=!4m2!3m1!1s0x47164162641027fb:0xfe7efe1619fd1baa?sa=X&amp;ved=1t:8290&amp;ictx=111"><em>Zamkowa 8, Wieliczka</em></a><em>)</em></li>
</ul>



<p>WSTĘP PŁATNY &#8211; 72,10 ZŁ (bilet normalny) ORAZ&nbsp; 57,40 ZŁ (bilet ulgowy dla 65 +), PŁATNE W AUTOKARZE- GOTÓWKOWO</p>



<ul class="wp-block-list">
<li><strong>GODZ. 20:00 </strong>&#8211; Kabaret Piwnica pod Baranami <em>(</em><a href="https://www.google.com/maps/place/data=!4m2!3m1!1s0x47165b0ddc1d0f97:0x4e9ee563e7699ca8?sa=X&amp;ved=1t:8290&amp;ictx=111"><em>Rynek Główny 27</em></a><em>)</em></li>
</ul>



<p>WSTĘP PŁATNY&nbsp; &#8211; BILET 50 ZŁ&nbsp; &#8211; OPŁATĘ BĘDZIE POBIERAŁ ADWOKAT STANISŁAW ESTREICH PRZED WEJŚCIEM (lub inna wyznaczona osoba)&nbsp;</p>



<p><strong>NIEDZIELA | 26 PAŹDZIERNIKA</strong></p>



<ul class="wp-block-list">
<li><strong>GODZ. 09:45 </strong>&#8211; Msza Święta w intencji Adwokatury Polskiej, którą odprawi Prowincjał Karmelitów o. Wiesław Strzelecki <em>(Kaplicy Matki Boskiej “na Piasku“ – ul. Karmelicka 19)</em></li>
</ul>



<p></p>


<a class="button button--zielony-ze-strzalka" href="https://docs.google.com/forms/d/1IN0rx-TwSe_12uJRmWHh7BKvEtT8rtokso6pYHsj_04/preview">
        ZAPISY NA DKA</a>



<p></p>
