{"id":6939,"date":"2026-03-20T08:58:36","date_gmt":"2026-03-20T07:58:36","guid":{"rendered":"https:\/\/adwokatura.krakow.pl\/adwokaci-i-aplikanci\/?post_type=kalendarium&#038;p=6939"},"modified":"2026-03-20T08:59:00","modified_gmt":"2026-03-20T07:59:00","slug":"szkolenie-skladanie-pism-procesowych-w-portalu-informacyjnym-sadow-powszechnych-po-zmianach-2026","status":"publish","type":"kalendarium","link":"https:\/\/adwokatura.krakow.pl\/adwokaci-i-aplikanci\/kalendarium\/szkolenie-skladanie-pism-procesowych-w-portalu-informacyjnym-sadow-powszechnych-po-zmianach-2026\/","title":{"rendered":"Szkolenie &#8211; \u201eSk\u0142adanie pism procesowych w portalu informacyjnym s\u0105d\u00f3w powszechnych po zmianach 2026\u201d"},"content":{"rendered":"\n<figure class=\"wp-block-image size-large is-resized\"><img loading=\"lazy\" decoding=\"async\" width=\"724\" height=\"1024\" src=\"https:\/\/adwokatura.krakow.pl\/adwokaci-i-aplikanci\/wp-content\/uploads\/sites\/2\/2026\/03\/skladanie-pism-procesowych-w-portalu-31.03.2026-724x1024.jpg\" alt=\"\" class=\"wp-image-6940\" style=\"width:452px;height:auto\" srcset=\"https:\/\/adwokatura.krakow.pl\/adwokaci-i-aplikanci\/wp-content\/uploads\/sites\/2\/2026\/03\/skladanie-pism-procesowych-w-portalu-31.03.2026-724x1024.jpg 724w, https:\/\/adwokatura.krakow.pl\/adwokaci-i-aplikanci\/wp-content\/uploads\/sites\/2\/2026\/03\/skladanie-pism-procesowych-w-portalu-31.03.2026-212x300.jpg 212w, https:\/\/adwokatura.krakow.pl\/adwokaci-i-aplikanci\/wp-content\/uploads\/sites\/2\/2026\/03\/skladanie-pism-procesowych-w-portalu-31.03.2026-768x1086.jpg 768w, https:\/\/adwokatura.krakow.pl\/adwokaci-i-aplikanci\/wp-content\/uploads\/sites\/2\/2026\/03\/skladanie-pism-procesowych-w-portalu-31.03.2026-1086x1536.jpg 1086w, https:\/\/adwokatura.krakow.pl\/adwokaci-i-aplikanci\/wp-content\/uploads\/sites\/2\/2026\/03\/skladanie-pism-procesowych-w-portalu-31.03.2026-1448x2048.jpg 1448w, https:\/\/adwokatura.krakow.pl\/adwokaci-i-aplikanci\/wp-content\/uploads\/sites\/2\/2026\/03\/skladanie-pism-procesowych-w-portalu-31.03.2026.jpg 1587w\" sizes=\"auto, (max-width: 724px) 100vw, 724px\" \/><\/figure>\n\n\n\n<p>Ju\u017c 31 marca 2026 r.  o godz. 17:00 zapraszamy na szkolenie:<\/p>\n\n\n\n<p><em>\u201eSk\u0142adanie pism procesowych w portalu informacyjnym s\u0105d\u00f3w powszechnych po zmianach 2026\u201d<\/em><\/p>\n\n\n\n<p>Forma: online (ZOOM)<\/p>\n\n\n\n<p>Prowadz\u0105cy: adw. Marcin Barczyk, adw. Aleksandra N\u0119dzi-Marek<\/p>\n\n\n\n<p>Nie przegap okazji, aby uporz\u0105dkowa\u0107 wiedz\u0119 i by\u0107 na bie\u017c\u0105co ze zmianami<img loading=\"lazy\" decoding=\"async\" height=\"16\" width=\"16\" alt=\"\u2755\" src=\"https:\/\/static.xx.fbcdn.net\/images\/emoji.php\/v9\/t4e\/1\/16\/2755.png\"><\/p>\n\n\n\n<p>Do\u0142\u0105cz do spotkania Zoom<\/p>\n\n\n<a class=\"button button--zielony-ze-strzalka\" href=\"https:\/\/us02web.zoom.us\/meetings\/84235459503\/invitations?signature=5jOy_2d25m0COTW05pJY7lrGNEjdK8dey7lgqPwmhkM\">\n        Zoom<\/a>\n\n\n\n<p>Identyfikator spotkania: 842 3545 9503<\/p>\n\n\n\n<p>Kod dost\u0119pu: 584629<\/p>\n","protected":false},"template":"","meta":{"_acf_changed":true,"inline_featured_image":false},"class_list":["post-6939","kalendarium","type-kalendarium","status-publish","hentry"],"acf":[],"_links":{"self":[{"href":"https:\/\/adwokatura.krakow.pl\/adwokaci-i-aplikanci\/wp-json\/wp\/v2\/kalendarium\/6939","targetHints":{"allow":["GET"]}}],"collection":[{"href":"https:\/\/adwokatura.krakow.pl\/adwokaci-i-aplikanci\/wp-json\/wp\/v2\/kalendarium"}],"about":[{"href":"https:\/\/adwokatura.krakow.pl\/adwokaci-i-aplikanci\/wp-json\/wp\/v2\/types\/kalendarium"}],"wp:attachment":[{"href":"https:\/\/adwokatura.krakow.pl\/adwokaci-i-aplikanci\/wp-json\/wp\/v2\/media?parent=6939"}],"curies":[{"name":"wp","href":"https:\/\/api.w.org\/{rel}","templated":true}]}}

Szkolenie &#8211; „Składanie pism procesowych w portalu informacyjnym sądów powszechnych po zmianach 2026”

<figure class="wp-block-image size-large is-resized"><img loading="lazy" decoding="async" width="724" height="1024" src="https://adwokatura.krakow.pl/adwokaci-i-aplikanci/wp-content/uploads/sites/2/2026/03/skladanie-pism-procesowych-w-portalu-31.03.2026-724x1024.jpg" alt="" class="wp-image-6940" style="width:452px;height:auto" srcset="https://adwokatura.krakow.pl/adwokaci-i-aplikanci/wp-content/uploads/sites/2/2026/03/skladanie-pism-procesowych-w-portalu-31.03.2026-724x1024.jpg 724w, https://adwokatura.krakow.pl/adwokaci-i-aplikanci/wp-content/uploads/sites/2/2026/03/skladanie-pism-procesowych-w-portalu-31.03.2026-212x300.jpg 212w, https://adwokatura.krakow.pl/adwokaci-i-aplikanci/wp-content/uploads/sites/2/2026/03/skladanie-pism-procesowych-w-portalu-31.03.2026-768x1086.jpg 768w, https://adwokatura.krakow.pl/adwokaci-i-aplikanci/wp-content/uploads/sites/2/2026/03/skladanie-pism-procesowych-w-portalu-31.03.2026-1086x1536.jpg 1086w, https://adwokatura.krakow.pl/adwokaci-i-aplikanci/wp-content/uploads/sites/2/2026/03/skladanie-pism-procesowych-w-portalu-31.03.2026-1448x2048.jpg 1448w, https://adwokatura.krakow.pl/adwokaci-i-aplikanci/wp-content/uploads/sites/2/2026/03/skladanie-pism-procesowych-w-portalu-31.03.2026.jpg 1587w" sizes="auto, (max-width: 724px) 100vw, 724px" /></figure>



<p>Już 31 marca 2026 r.  o godz. 17:00 zapraszamy na szkolenie:</p>



<p><em>„Składanie pism procesowych w portalu informacyjnym sądów powszechnych po zmianach 2026”</em></p>



<p>Forma: online (ZOOM)</p>



<p>Prowadzący: adw. Marcin Barczyk, adw. Aleksandra Nędzi-Marek</p>



<p>Nie przegap okazji, aby uporządkować wiedzę i być na bieżąco ze zmianami<img loading="lazy" decoding="async" height="16" width="16" alt="❕" src="https://static.xx.fbcdn.net/images/emoji.php/v9/t4e/1/16/2755.png"></p>



<p>Dołącz do spotkania Zoom</p>


<a class="button button--zielony-ze-strzalka" href="https://us02web.zoom.us/meetings/84235459503/invitations?signature=5jOy_2d25m0COTW05pJY7lrGNEjdK8dey7lgqPwmhkM">
        Zoom</a>



<p>Identyfikator spotkania: 842 3545 9503</p>



<p>Kod dostępu: 584629</p>
