{"id":4586,"date":"2024-10-15T09:48:13","date_gmt":"2024-10-15T07:48:13","guid":{"rendered":"https:\/\/adwokatura.krakow.pl\/adwokaci-i-aplikanci\/?post_type=nagrania&#038;p=4586"},"modified":"2026-01-27T11:00:59","modified_gmt":"2026-01-27T10:00:59","slug":"idea-wyklad-adwokat-dr-malgorzata-kozuch","status":"publish","type":"nagrania","link":"https:\/\/adwokatura.krakow.pl\/adwokaci-i-aplikanci\/nagrania\/idea-wyklad-adwokat-dr-malgorzata-kozuch\/","title":{"rendered":"IDeA 2015"},"content":{"rendered":"\n<p><em>dr Tomasz Rozowski &#8211; wyk\u0142ad pt. &#8222;Materialne i procesowe problemy interpretacji przepisu art.168a K.P.K<\/em>&#8222;.<\/p>\n\n\n\n<figure class=\"wp-block-embed is-type-video is-provider-youtube wp-block-embed-youtube wp-embed-aspect-16-9 wp-has-aspect-ratio\"><div class=\"wp-block-embed__wrapper\">\n<iframe loading=\"lazy\" title=\"IDeA - dr Tomasz Rozowski\" width=\"500\" height=\"281\" src=\"https:\/\/www.youtube.com\/embed\/dYxxjdeIfmM?feature=oembed\" frameborder=\"0\" allow=\"accelerometer; autoplay; clipboard-write; encrypted-media; gyroscope; picture-in-picture; web-share\" referrerpolicy=\"strict-origin-when-cross-origin\" allowfullscreen><\/iframe>\n<\/div><\/figure>\n\n\n\n<p><em>prof. Andrzej Szuma\u0144ski &#8211; wyk\u0142ad pt. &#8222;Zaskar\u017canie uchwa\u0142 organ\u00f3w kolegialnych sp\u00f3\u0142ek handlowych&#8221;.<\/em><\/p>\n\n\n\n<figure class=\"wp-block-embed is-type-video is-provider-youtube wp-block-embed-youtube wp-embed-aspect-16-9 wp-has-aspect-ratio\"><div class=\"wp-block-embed__wrapper\">\n<iframe loading=\"lazy\" title=\"IDeA - prof. Andrzej Szuma\u0144ski\" width=\"500\" height=\"281\" src=\"https:\/\/www.youtube.com\/embed\/fNTl0-VstF8?feature=oembed\" frameborder=\"0\" allow=\"accelerometer; autoplay; clipboard-write; encrypted-media; gyroscope; picture-in-picture; web-share\" referrerpolicy=\"strict-origin-when-cross-origin\" allowfullscreen><\/iframe>\n<\/div><\/figure>\n\n\n\n<p><em>adw. dr Micha\u0142 Sowa &#8211; wyk\u0142ad pt. &#8222;Adwokat przed Wojew\u00f3dzk\u0105 Komisj\u0105 ds. Orzekania o Zdarzeniach Medycznych&#8221;<\/em><\/p>\n\n\n\n<figure class=\"wp-block-embed is-type-video is-provider-youtube wp-block-embed-youtube wp-embed-aspect-16-9 wp-has-aspect-ratio\"><div class=\"wp-block-embed__wrapper\">\n<iframe loading=\"lazy\" title=\"IDeA - adw. dr Micha\u0142 Sowa\" width=\"500\" height=\"281\" src=\"https:\/\/www.youtube.com\/embed\/PJMnEa5QwCw?feature=oembed\" frameborder=\"0\" allow=\"accelerometer; autoplay; clipboard-write; encrypted-media; gyroscope; picture-in-picture; web-share\" referrerpolicy=\"strict-origin-when-cross-origin\" allowfullscreen><\/iframe>\n<\/div><\/figure>\n\n\n\n<p><em>prof. dr hab. Jaros\u0142aw Majewski &#8211; wyk\u0142ad pt. &#8222;Aktualny model kary \u0142\u0105cznej w kontek\u015bcie zmian kodeksu karnego nadanych mu ustaw\u0105 z dnia 20 lutego 2015r&#8221;.<\/em><\/p>\n\n\n\n<figure class=\"wp-block-embed is-type-video is-provider-youtube wp-block-embed-youtube wp-embed-aspect-16-9 wp-has-aspect-ratio\"><div class=\"wp-block-embed__wrapper\">\n<iframe loading=\"lazy\" title=\"IDeA - prof. dr hab. Jaros\u0142aw Majewski\" width=\"500\" height=\"281\" src=\"https:\/\/www.youtube.com\/embed\/6m0v-7endZY?feature=oembed\" frameborder=\"0\" allow=\"accelerometer; autoplay; clipboard-write; encrypted-media; gyroscope; picture-in-picture; web-share\" referrerpolicy=\"strict-origin-when-cross-origin\" allowfullscreen><\/iframe>\n<\/div><\/figure>\n\n\n\n<p><em>prof. dr hab Jaros\u0142aw Majewski &#8211; wyk\u0142ad pt. &#8222;Tzw. umorzenie post\u0119powania na wniosek pokrzywdzonego (art. 59A K.K.)&#8221;.<\/em><\/p>\n\n\n\n<figure class=\"wp-block-embed is-type-video is-provider-youtube wp-block-embed-youtube wp-embed-aspect-16-9 wp-has-aspect-ratio\"><div class=\"wp-block-embed__wrapper\">\n<iframe loading=\"lazy\" title=\"IDeA - prof. dr hab Jaros\u0142aw Majewski\" width=\"500\" height=\"281\" src=\"https:\/\/www.youtube.com\/embed\/Nnjsd2HpIgA?feature=oembed\" frameborder=\"0\" allow=\"accelerometer; autoplay; clipboard-write; encrypted-media; gyroscope; picture-in-picture; web-share\" referrerpolicy=\"strict-origin-when-cross-origin\" allowfullscreen><\/iframe>\n<\/div><\/figure>\n\n\n\n<p><em>dr hab. Antoni Boja\u0144czyk &#8211; wyk\u0142ad pt. &#8222;Tzw. Opinia prywatna w post\u0119powaniu karnym od 1 lipca 2015&#8221;.<\/em><\/p>\n\n\n\n<figure class=\"wp-block-embed is-type-video is-provider-youtube wp-block-embed-youtube wp-embed-aspect-16-9 wp-has-aspect-ratio\"><div class=\"wp-block-embed__wrapper\">\n<iframe loading=\"lazy\" title=\"IDeA - dr hab. Antoni Boja\u0144czyk\" width=\"500\" height=\"281\" src=\"https:\/\/www.youtube.com\/embed\/i0jSMPT-AVA?feature=oembed\" frameborder=\"0\" allow=\"accelerometer; autoplay; clipboard-write; encrypted-media; gyroscope; picture-in-picture; web-share\" referrerpolicy=\"strict-origin-when-cross-origin\" allowfullscreen><\/iframe>\n<\/div><\/figure>\n\n\n\n<p><em>dr hab. Antoni Boja\u0144czyk &#8211; wyk\u0142ad pt. &#8222;Post\u0119powanie dowodowe przed S\u0105dem Apelacyjnym w znowelizowanym K.P.K. &#8211; Petryfikacja stanu dotychczasowego czy przebudowa normatywna?&#8221;.<\/em><\/p>\n\n\n\n<figure class=\"wp-block-embed is-type-video is-provider-youtube wp-block-embed-youtube wp-embed-aspect-16-9 wp-has-aspect-ratio\"><div class=\"wp-block-embed__wrapper\">\n<iframe loading=\"lazy\" title=\"IDeA - dr hab. Antoni Boja\u0144czyk\" width=\"500\" height=\"281\" src=\"https:\/\/www.youtube.com\/embed\/ubmcwPFzswQ?feature=oembed\" frameborder=\"0\" allow=\"accelerometer; autoplay; clipboard-write; encrypted-media; gyroscope; picture-in-picture; web-share\" referrerpolicy=\"strict-origin-when-cross-origin\" allowfullscreen><\/iframe>\n<\/div><\/figure>\n","protected":false},"template":"","meta":{"_acf_changed":false,"inline_featured_image":false},"taksonomia":[4],"class_list":["post-4586","nagrania","type-nagrania","status-publish","hentry","taksonomia-szkolenia"],"acf":[],"_links":{"self":[{"href":"https:\/\/adwokatura.krakow.pl\/adwokaci-i-aplikanci\/wp-json\/wp\/v2\/nagrania\/4586","targetHints":{"allow":["GET"]}}],"collection":[{"href":"https:\/\/adwokatura.krakow.pl\/adwokaci-i-aplikanci\/wp-json\/wp\/v2\/nagrania"}],"about":[{"href":"https:\/\/adwokatura.krakow.pl\/adwokaci-i-aplikanci\/wp-json\/wp\/v2\/types\/nagrania"}],"wp:attachment":[{"href":"https:\/\/adwokatura.krakow.pl\/adwokaci-i-aplikanci\/wp-json\/wp\/v2\/media?parent=4586"}],"wp:term":[{"taxonomy":"taksonomia","embeddable":true,"href":"https:\/\/adwokatura.krakow.pl\/adwokaci-i-aplikanci\/wp-json\/wp\/v2\/taksonomia?post=4586"}],"curies":[{"name":"wp","href":"https:\/\/api.w.org\/{rel}","templated":true}]}}

<p><em>dr Tomasz Rozowski &#8211; wykład pt. &#8222;Materialne i procesowe problemy interpretacji przepisu art.168a K.P.K</em>&#8222;.</p>



<figure class="wp-block-embed is-type-video is-provider-youtube wp-block-embed-youtube wp-embed-aspect-16-9 wp-has-aspect-ratio"><div class="wp-block-embed__wrapper">
<iframe loading="lazy" title="IDeA - dr Tomasz Rozowski" width="500" height="281" src="https://www.youtube.com/embed/dYxxjdeIfmM?feature=oembed" frameborder="0" allow="accelerometer; autoplay; clipboard-write; encrypted-media; gyroscope; picture-in-picture; web-share" referrerpolicy="strict-origin-when-cross-origin" allowfullscreen></iframe>
</div></figure>



<p><em>prof. Andrzej Szumański &#8211; wykład pt. &#8222;Zaskarżanie uchwał organów kolegialnych spółek handlowych&#8221;.</em></p>



<figure class="wp-block-embed is-type-video is-provider-youtube wp-block-embed-youtube wp-embed-aspect-16-9 wp-has-aspect-ratio"><div class="wp-block-embed__wrapper">
<iframe loading="lazy" title="IDeA - prof. Andrzej Szumański" width="500" height="281" src="https://www.youtube.com/embed/fNTl0-VstF8?feature=oembed" frameborder="0" allow="accelerometer; autoplay; clipboard-write; encrypted-media; gyroscope; picture-in-picture; web-share" referrerpolicy="strict-origin-when-cross-origin" allowfullscreen></iframe>
</div></figure>



<p><em>adw. dr Michał Sowa &#8211; wykład pt. &#8222;Adwokat przed Wojewódzką Komisją ds. Orzekania o Zdarzeniach Medycznych&#8221;</em></p>



<figure class="wp-block-embed is-type-video is-provider-youtube wp-block-embed-youtube wp-embed-aspect-16-9 wp-has-aspect-ratio"><div class="wp-block-embed__wrapper">
<iframe loading="lazy" title="IDeA - adw. dr Michał Sowa" width="500" height="281" src="https://www.youtube.com/embed/PJMnEa5QwCw?feature=oembed" frameborder="0" allow="accelerometer; autoplay; clipboard-write; encrypted-media; gyroscope; picture-in-picture; web-share" referrerpolicy="strict-origin-when-cross-origin" allowfullscreen></iframe>
</div></figure>



<p><em>prof. dr hab. Jarosław Majewski &#8211; wykład pt. &#8222;Aktualny model kary łącznej w kontekście zmian kodeksu karnego nadanych mu ustawą z dnia 20 lutego 2015r&#8221;.</em></p>



<figure class="wp-block-embed is-type-video is-provider-youtube wp-block-embed-youtube wp-embed-aspect-16-9 wp-has-aspect-ratio"><div class="wp-block-embed__wrapper">
<iframe loading="lazy" title="IDeA - prof. dr hab. Jarosław Majewski" width="500" height="281" src="https://www.youtube.com/embed/6m0v-7endZY?feature=oembed" frameborder="0" allow="accelerometer; autoplay; clipboard-write; encrypted-media; gyroscope; picture-in-picture; web-share" referrerpolicy="strict-origin-when-cross-origin" allowfullscreen></iframe>
</div></figure>



<p><em>prof. dr hab Jarosław Majewski &#8211; wykład pt. &#8222;Tzw. umorzenie postępowania na wniosek pokrzywdzonego (art. 59A K.K.)&#8221;.</em></p>



<figure class="wp-block-embed is-type-video is-provider-youtube wp-block-embed-youtube wp-embed-aspect-16-9 wp-has-aspect-ratio"><div class="wp-block-embed__wrapper">
<iframe loading="lazy" title="IDeA - prof. dr hab Jarosław Majewski" width="500" height="281" src="https://www.youtube.com/embed/Nnjsd2HpIgA?feature=oembed" frameborder="0" allow="accelerometer; autoplay; clipboard-write; encrypted-media; gyroscope; picture-in-picture; web-share" referrerpolicy="strict-origin-when-cross-origin" allowfullscreen></iframe>
</div></figure>



<p><em>dr hab. Antoni Bojańczyk &#8211; wykład pt. &#8222;Tzw. Opinia prywatna w postępowaniu karnym od 1 lipca 2015&#8221;.</em></p>



<figure class="wp-block-embed is-type-video is-provider-youtube wp-block-embed-youtube wp-embed-aspect-16-9 wp-has-aspect-ratio"><div class="wp-block-embed__wrapper">
<iframe loading="lazy" title="IDeA - dr hab. Antoni Bojańczyk" width="500" height="281" src="https://www.youtube.com/embed/i0jSMPT-AVA?feature=oembed" frameborder="0" allow="accelerometer; autoplay; clipboard-write; encrypted-media; gyroscope; picture-in-picture; web-share" referrerpolicy="strict-origin-when-cross-origin" allowfullscreen></iframe>
</div></figure>



<p><em>dr hab. Antoni Bojańczyk &#8211; wykład pt. &#8222;Postępowanie dowodowe przed Sądem Apelacyjnym w znowelizowanym K.P.K. &#8211; Petryfikacja stanu dotychczasowego czy przebudowa normatywna?&#8221;.</em></p>



<figure class="wp-block-embed is-type-video is-provider-youtube wp-block-embed-youtube wp-embed-aspect-16-9 wp-has-aspect-ratio"><div class="wp-block-embed__wrapper">
<iframe loading="lazy" title="IDeA - dr hab. Antoni Bojańczyk" width="500" height="281" src="https://www.youtube.com/embed/ubmcwPFzswQ?feature=oembed" frameborder="0" allow="accelerometer; autoplay; clipboard-write; encrypted-media; gyroscope; picture-in-picture; web-share" referrerpolicy="strict-origin-when-cross-origin" allowfullscreen></iframe>
</div></figure>
