{"id":11,"date":"2024-10-14T13:18:39","date_gmt":"2024-10-14T11:18:39","guid":{"rendered":"http:\/\/adwokatura.krakow.pl\/adwokaci-i-aplikanci\/?page_id=11"},"modified":"2026-01-26T12:10:19","modified_gmt":"2026-01-26T11:10:19","slug":"nagrania-ze-szkolen","status":"publish","type":"page","link":"https:\/\/adwokatura.krakow.pl\/adwokaci-i-aplikanci\/dla-adwokatow\/doskonalenie-zawodowe\/nagrania-ze-szkolen\/","title":{"rendered":"Nagrania ze szkole\u0144"},"content":{"rendered":"\n<h2 class=\"wp-block-heading\"><strong><strong>IDeA wyk\u0142ady 2017<\/strong><\/strong><\/h2>\n\n\n\n<p><em>adw. Anna Kasolik &#8211; &#8222;Najcz\u0119stsze b\u0142\u0119dy w sporz\u0105dzaniu um\u00f3w w obrocie gospodarczym&#8221;<\/em><\/p>\n\n\n\n<figure class=\"wp-block-embed is-type-video is-provider-youtube wp-block-embed-youtube wp-embed-aspect-16-9 wp-has-aspect-ratio\"><div class=\"wp-block-embed__wrapper\">\n<iframe loading=\"lazy\" title=\"IDeA - adw. Anna Kasolik\" width=\"500\" height=\"281\" src=\"https:\/\/www.youtube.com\/embed\/5CedVmTo5no?feature=oembed\" frameborder=\"0\" allow=\"accelerometer; autoplay; clipboard-write; encrypted-media; gyroscope; picture-in-picture; web-share\" referrerpolicy=\"strict-origin-when-cross-origin\" allowfullscreen><\/iframe>\n<\/div><\/figure>\n\n\n\n<p><em>adw. Gabriela Pawlus &#8211; \u0141apa &#8211; &#8222;Zakaz konkurencji w trakcie trwania stosunku pracy, po ustaniu stosunku pracy, umowa poufno\u015bci&#8221;<\/em><\/p>\n\n\n\n<figure class=\"wp-block-embed is-type-video is-provider-youtube wp-block-embed-youtube wp-embed-aspect-16-9 wp-has-aspect-ratio\"><div class=\"wp-block-embed__wrapper\">\n<iframe loading=\"lazy\" title=\"IDeA - adw. Gabriela Pawlus - \u0141apa\" width=\"500\" height=\"281\" src=\"https:\/\/www.youtube.com\/embed\/pu3zaq6fXMs?feature=oembed\" frameborder=\"0\" allow=\"accelerometer; autoplay; clipboard-write; encrypted-media; gyroscope; picture-in-picture; web-share\" referrerpolicy=\"strict-origin-when-cross-origin\" allowfullscreen><\/iframe>\n<\/div><\/figure>\n\n\n\n<p><em>adw. Aleksandra Cempura &#8211; &#8222;Podzia\u0142 Maj\u0105tku wsp\u00f3lnego ma\u0142\u017conk\u00f3w &#8211; problem orzecznictwa&#8221;<\/em><\/p>\n\n\n\n<figure class=\"wp-block-embed is-type-video is-provider-youtube wp-block-embed-youtube wp-embed-aspect-16-9 wp-has-aspect-ratio\"><div class=\"wp-block-embed__wrapper\">\n<iframe loading=\"lazy\" title=\"IDeA - adw. Aleksandra Cempura\" width=\"500\" height=\"281\" src=\"https:\/\/www.youtube.com\/embed\/EgnWjzdxmAg?feature=oembed\" frameborder=\"0\" allow=\"accelerometer; autoplay; clipboard-write; encrypted-media; gyroscope; picture-in-picture; web-share\" referrerpolicy=\"strict-origin-when-cross-origin\" allowfullscreen><\/iframe>\n<\/div><\/figure>\n\n\n\n<p><em>Maciej Sopy\u0142o oraz Marcin Grudzie\u0144 cz. I &#8211; &#8222;Jak uczy\u0107 prawa nie-prawnik\u00f3w&#8221;<\/em><\/p>\n\n\n\n<figure class=\"wp-block-embed is-type-video is-provider-youtube wp-block-embed-youtube wp-embed-aspect-16-9 wp-has-aspect-ratio\"><div class=\"wp-block-embed__wrapper\">\n<iframe loading=\"lazy\" title=\"IDeA - Maciej Sopy\u0142o oraz Marcin Grudzie\u0144 cz. I\" width=\"500\" height=\"281\" src=\"https:\/\/www.youtube.com\/embed\/z0c_fRTDCRU?feature=oembed\" frameborder=\"0\" allow=\"accelerometer; autoplay; clipboard-write; encrypted-media; gyroscope; picture-in-picture; web-share\" referrerpolicy=\"strict-origin-when-cross-origin\" allowfullscreen><\/iframe>\n<\/div><\/figure>\n\n\n\n<p><em>Maciej Sopy\u0142o oraz Marcin Grudzie\u0144 cz. II &#8211; &#8222;Jak uczy\u0107 prawa nie-prawnik\u00f3w&#8221;<\/em><\/p>\n\n\n\n<figure class=\"wp-block-embed is-type-video is-provider-youtube wp-block-embed-youtube wp-embed-aspect-16-9 wp-has-aspect-ratio\"><div class=\"wp-block-embed__wrapper\">\n<iframe loading=\"lazy\" title=\"IDeA - Maciej Sopy\u0142o oraz Marcin Grudzie\u0144 cz. II\" width=\"500\" height=\"281\" src=\"https:\/\/www.youtube.com\/embed\/yupPG1fSs3s?feature=oembed\" frameborder=\"0\" allow=\"accelerometer; autoplay; clipboard-write; encrypted-media; gyroscope; picture-in-picture; web-share\" referrerpolicy=\"strict-origin-when-cross-origin\" allowfullscreen><\/iframe>\n<\/div><\/figure>\n\n\n\n<p><em>Maciej Sopy\u0142o oraz Marcin Grudzie\u0144 cz. III &#8211; &#8222;Jak uczy\u0107 prawa nie-prawnik\u00f3w&#8221;<\/em><\/p>\n\n\n\n<figure class=\"wp-block-embed is-type-video is-provider-youtube wp-block-embed-youtube wp-embed-aspect-16-9 wp-has-aspect-ratio\"><div class=\"wp-block-embed__wrapper\">\n<iframe loading=\"lazy\" title=\"IDeA - Maciej Sopy\u0142o oraz Marcin Grudzie\u0144 cz. III\" width=\"500\" height=\"281\" src=\"https:\/\/www.youtube.com\/embed\/bTxmQMSSZQs?feature=oembed\" frameborder=\"0\" allow=\"accelerometer; autoplay; clipboard-write; encrypted-media; gyroscope; picture-in-picture; web-share\" referrerpolicy=\"strict-origin-when-cross-origin\" allowfullscreen><\/iframe>\n<\/div><\/figure>\n\n\n\n<p><em>adw. Marcin Pacyna cz. I &#8211; &#8222;Rola Adwokata w post\u0119powaniach podatkowych. Cz\u0119\u015b\u0107 I: Zagadnienia proceduralne (organy podatkowe i s\u0105dy administracyjne)&#8221;<\/em><\/p>\n\n\n\n<figure class=\"wp-block-embed is-type-video is-provider-youtube wp-block-embed-youtube wp-embed-aspect-16-9 wp-has-aspect-ratio\"><div class=\"wp-block-embed__wrapper\">\n<iframe loading=\"lazy\" title=\"IDeA - adw. Marcin Pacyna cz. I\" width=\"500\" height=\"281\" src=\"https:\/\/www.youtube.com\/embed\/RXIHnTOsNoI?feature=oembed\" frameborder=\"0\" allow=\"accelerometer; autoplay; clipboard-write; encrypted-media; gyroscope; picture-in-picture; web-share\" referrerpolicy=\"strict-origin-when-cross-origin\" allowfullscreen><\/iframe>\n<\/div><\/figure>\n\n\n\n<p><em>adw. Marcin Pacyna cz. II &#8211; &#8222;Rola Adwokata w post\u0119powaniach podatkowych. Cz\u0119\u015b\u0107 2. Aktualne problemy merytoryczne (zarys zagadnie\u0144)&#8221;<\/em><\/p>\n\n\n\n<figure class=\"wp-block-embed is-type-video is-provider-youtube wp-block-embed-youtube wp-embed-aspect-16-9 wp-has-aspect-ratio\"><div class=\"wp-block-embed__wrapper\">\n<iframe loading=\"lazy\" title=\"IDeA - adw. Marcin Pacyna cz. II\" width=\"500\" height=\"281\" src=\"https:\/\/www.youtube.com\/embed\/i8gLkUEyqWE?feature=oembed\" frameborder=\"0\" allow=\"accelerometer; autoplay; clipboard-write; encrypted-media; gyroscope; picture-in-picture; web-share\" referrerpolicy=\"strict-origin-when-cross-origin\" allowfullscreen><\/iframe>\n<\/div><\/figure>\n\n\n\n<p><em>adw. Marcin Szyma\u0144ski cz. I &#8211; &#8222;Abuzywne Klauzule waloryzacyjne w umowach kredytu denominowanego i indeksowanego do kursu walut obcych&#8221;<\/em><\/p>\n\n\n\n<figure class=\"wp-block-embed is-type-video is-provider-youtube wp-block-embed-youtube wp-embed-aspect-16-9 wp-has-aspect-ratio\"><div class=\"wp-block-embed__wrapper\">\n<iframe loading=\"lazy\" title=\"IDeA - adw. Marcin Szyma\u0144ski cz1\" width=\"500\" height=\"281\" src=\"https:\/\/www.youtube.com\/embed\/fYsofsvyuF0?feature=oembed\" frameborder=\"0\" allow=\"accelerometer; autoplay; clipboard-write; encrypted-media; gyroscope; picture-in-picture; web-share\" referrerpolicy=\"strict-origin-when-cross-origin\" allowfullscreen><\/iframe>\n<\/div><\/figure>\n\n\n\n<p><em>adw. Marcin Szyma\u0144ski cz. II &#8211; &#8222;Abuzywne Klauzule waloryzacyjne w umowach kredytu denominowanego i indeksowanego do kursu walut obcych&#8221;<\/em><\/p>\n\n\n\n<figure class=\"wp-block-embed is-type-video is-provider-youtube wp-block-embed-youtube wp-embed-aspect-16-9 wp-has-aspect-ratio\"><div class=\"wp-block-embed__wrapper\">\n<iframe loading=\"lazy\" title=\"IDeA -  adw. Marcin Szyma\u0144ski cz.2\" width=\"500\" height=\"281\" src=\"https:\/\/www.youtube.com\/embed\/XHJIHZOF1FY?feature=oembed\" frameborder=\"0\" allow=\"accelerometer; autoplay; clipboard-write; encrypted-media; gyroscope; picture-in-picture; web-share\" referrerpolicy=\"strict-origin-when-cross-origin\" allowfullscreen><\/iframe>\n<\/div><\/figure>\n\n\n\n<p><em>Marek Dworak &#8211; &#8222;Wskazania dla podejmowanych rozstrzygni\u0119\u0107 o zakresie winy w wypadkach drogowych w obr\u0119bie problem\u00f3w interpretacyjnych praw o ruchu drogowym&#8221;<\/em><\/p>\n\n\n\n<figure class=\"wp-block-embed is-type-video is-provider-youtube wp-block-embed-youtube wp-embed-aspect-16-9 wp-has-aspect-ratio\"><div class=\"wp-block-embed__wrapper\">\n<iframe loading=\"lazy\" title=\"IDeA - Marek Dworak\" width=\"500\" height=\"281\" src=\"https:\/\/www.youtube.com\/embed\/KNaEsler474?feature=oembed\" frameborder=\"0\" allow=\"accelerometer; autoplay; clipboard-write; encrypted-media; gyroscope; picture-in-picture; web-share\" referrerpolicy=\"strict-origin-when-cross-origin\" allowfullscreen><\/iframe>\n<\/div><\/figure>\n\n\n\n<p><em>dr Marek Benio &#8211; &#8222;Delegowanie pracownik\u00f3w w ramach swobody \u015bwiadczenia us\u0142ug&#8221;.<\/em><\/p>\n\n\n\n<figure class=\"wp-block-embed is-type-video is-provider-youtube wp-block-embed-youtube wp-embed-aspect-16-9 wp-has-aspect-ratio\"><div class=\"wp-block-embed__wrapper\">\n<iframe loading=\"lazy\" title=\"IDeA - dr Marek Benio\" width=\"500\" height=\"281\" src=\"https:\/\/www.youtube.com\/embed\/g8gHIktDOTM?feature=oembed\" frameborder=\"0\" allow=\"accelerometer; autoplay; clipboard-write; encrypted-media; gyroscope; picture-in-picture; web-share\" referrerpolicy=\"strict-origin-when-cross-origin\" allowfullscreen><\/iframe>\n<\/div><\/figure>\n\n\n\n<p><em>adw. Miros\u0142aw Cejmer &#8211; &#8222;Kodeksowe mechanizmy ochrony udzia\u0142owc\u00f3w mniejszo\u015bciowych na wypadek pokrzywdzenia wsp\u00f3lnymi dzia\u0142aniami zarz\u0105du i udzia\u0142owca wi\u0119kszo\u015bciowego&#8221;.<\/em><\/p>\n\n\n\n<figure class=\"wp-block-embed is-type-video is-provider-youtube wp-block-embed-youtube wp-embed-aspect-16-9 wp-has-aspect-ratio\"><div class=\"wp-block-embed__wrapper\">\n<iframe loading=\"lazy\" title=\"IDeA - adw. Miros\u0142aw Cejmer\" width=\"500\" height=\"281\" src=\"https:\/\/www.youtube.com\/embed\/gqdCeUZp-Zk?feature=oembed\" frameborder=\"0\" allow=\"accelerometer; autoplay; clipboard-write; encrypted-media; gyroscope; picture-in-picture; web-share\" referrerpolicy=\"strict-origin-when-cross-origin\" allowfullscreen><\/iframe>\n<\/div><\/figure>\n\n\n\n<p><\/p>\n","protected":false},"excerpt":{"rendered":"<p>IDeA wyk\u0142ady 2017 adw. Anna Kasolik &#8211; &#8222;Najcz\u0119stsze b\u0142\u0119dy w sporz\u0105dzaniu um\u00f3w w obrocie gospodarczym&#8221; adw. Gabriela Pawlus &#8211; \u0141apa &#8211; &#8222;Zakaz konkurencji w trakcie trwania stosunku pracy, po ustaniu stosunku pracy, umowa poufno\u015bci&#8221; adw. Aleksandra Cempura &#8211; &#8222;Podzia\u0142 Maj\u0105tku wsp\u00f3lnego ma\u0142\u017conk\u00f3w &#8211; problem orzecznictwa&#8221; Maciej Sopy\u0142o oraz Marcin Grudzie\u0144 cz. I &#8211; &#8222;Jak uczy\u0107 [&hellip;]<\/p>\n","protected":false},"author":1,"featured_media":0,"parent":9,"menu_order":0,"comment_status":"closed","ping_status":"closed","template":"templates-adwokaci\/template-nagrania-ze-szkolen.php","meta":{"_acf_changed":false,"inline_featured_image":false,"footnotes":""},"class_list":["post-11","page","type-page","status-publish","hentry"],"acf":[],"_links":{"self":[{"href":"https:\/\/adwokatura.krakow.pl\/adwokaci-i-aplikanci\/wp-json\/wp\/v2\/pages\/11","targetHints":{"allow":["GET"]}}],"collection":[{"href":"https:\/\/adwokatura.krakow.pl\/adwokaci-i-aplikanci\/wp-json\/wp\/v2\/pages"}],"about":[{"href":"https:\/\/adwokatura.krakow.pl\/adwokaci-i-aplikanci\/wp-json\/wp\/v2\/types\/page"}],"author":[{"embeddable":true,"href":"https:\/\/adwokatura.krakow.pl\/adwokaci-i-aplikanci\/wp-json\/wp\/v2\/users\/1"}],"replies":[{"embeddable":true,"href":"https:\/\/adwokatura.krakow.pl\/adwokaci-i-aplikanci\/wp-json\/wp\/v2\/comments?post=11"}],"version-history":[{"count":10,"href":"https:\/\/adwokatura.krakow.pl\/adwokaci-i-aplikanci\/wp-json\/wp\/v2\/pages\/11\/revisions"}],"predecessor-version":[{"id":6778,"href":"https:\/\/adwokatura.krakow.pl\/adwokaci-i-aplikanci\/wp-json\/wp\/v2\/pages\/11\/revisions\/6778"}],"up":[{"embeddable":true,"href":"https:\/\/adwokatura.krakow.pl\/adwokaci-i-aplikanci\/wp-json\/wp\/v2\/pages\/9"}],"wp:attachment":[{"href":"https:\/\/adwokatura.krakow.pl\/adwokaci-i-aplikanci\/wp-json\/wp\/v2\/media?parent=11"}],"curies":[{"name":"wp","href":"https:\/\/api.w.org\/{rel}","templated":true}]}}

Nagrania ze szkoleń

<h2 class="wp-block-heading"><strong><strong>IDeA wykłady 2017</strong></strong></h2>



<p><em>adw. Anna Kasolik &#8211; &#8222;Najczęstsze błędy w sporządzaniu umów w obrocie gospodarczym&#8221;</em></p>



<figure class="wp-block-embed is-type-video is-provider-youtube wp-block-embed-youtube wp-embed-aspect-16-9 wp-has-aspect-ratio"><div class="wp-block-embed__wrapper">
<iframe loading="lazy" title="IDeA - adw. Anna Kasolik" width="500" height="281" src="https://www.youtube.com/embed/5CedVmTo5no?feature=oembed" frameborder="0" allow="accelerometer; autoplay; clipboard-write; encrypted-media; gyroscope; picture-in-picture; web-share" referrerpolicy="strict-origin-when-cross-origin" allowfullscreen></iframe>
</div></figure>



<p><em>adw. Gabriela Pawlus &#8211; Łapa &#8211; &#8222;Zakaz konkurencji w trakcie trwania stosunku pracy, po ustaniu stosunku pracy, umowa poufności&#8221;</em></p>



<figure class="wp-block-embed is-type-video is-provider-youtube wp-block-embed-youtube wp-embed-aspect-16-9 wp-has-aspect-ratio"><div class="wp-block-embed__wrapper">
<iframe loading="lazy" title="IDeA - adw. Gabriela Pawlus - Łapa" width="500" height="281" src="https://www.youtube.com/embed/pu3zaq6fXMs?feature=oembed" frameborder="0" allow="accelerometer; autoplay; clipboard-write; encrypted-media; gyroscope; picture-in-picture; web-share" referrerpolicy="strict-origin-when-cross-origin" allowfullscreen></iframe>
</div></figure>



<p><em>adw. Aleksandra Cempura &#8211; &#8222;Podział Majątku wspólnego małżonków &#8211; problem orzecznictwa&#8221;</em></p>



<figure class="wp-block-embed is-type-video is-provider-youtube wp-block-embed-youtube wp-embed-aspect-16-9 wp-has-aspect-ratio"><div class="wp-block-embed__wrapper">
<iframe loading="lazy" title="IDeA - adw. Aleksandra Cempura" width="500" height="281" src="https://www.youtube.com/embed/EgnWjzdxmAg?feature=oembed" frameborder="0" allow="accelerometer; autoplay; clipboard-write; encrypted-media; gyroscope; picture-in-picture; web-share" referrerpolicy="strict-origin-when-cross-origin" allowfullscreen></iframe>
</div></figure>



<p><em>Maciej Sopyło oraz Marcin Grudzień cz. I &#8211; &#8222;Jak uczyć prawa nie-prawników&#8221;</em></p>



<figure class="wp-block-embed is-type-video is-provider-youtube wp-block-embed-youtube wp-embed-aspect-16-9 wp-has-aspect-ratio"><div class="wp-block-embed__wrapper">
<iframe loading="lazy" title="IDeA - Maciej Sopyło oraz Marcin Grudzień cz. I" width="500" height="281" src="https://www.youtube.com/embed/z0c_fRTDCRU?feature=oembed" frameborder="0" allow="accelerometer; autoplay; clipboard-write; encrypted-media; gyroscope; picture-in-picture; web-share" referrerpolicy="strict-origin-when-cross-origin" allowfullscreen></iframe>
</div></figure>



<p><em>Maciej Sopyło oraz Marcin Grudzień cz. II &#8211; &#8222;Jak uczyć prawa nie-prawników&#8221;</em></p>



<figure class="wp-block-embed is-type-video is-provider-youtube wp-block-embed-youtube wp-embed-aspect-16-9 wp-has-aspect-ratio"><div class="wp-block-embed__wrapper">
<iframe loading="lazy" title="IDeA - Maciej Sopyło oraz Marcin Grudzień cz. II" width="500" height="281" src="https://www.youtube.com/embed/yupPG1fSs3s?feature=oembed" frameborder="0" allow="accelerometer; autoplay; clipboard-write; encrypted-media; gyroscope; picture-in-picture; web-share" referrerpolicy="strict-origin-when-cross-origin" allowfullscreen></iframe>
</div></figure>



<p><em>Maciej Sopyło oraz Marcin Grudzień cz. III &#8211; &#8222;Jak uczyć prawa nie-prawników&#8221;</em></p>



<figure class="wp-block-embed is-type-video is-provider-youtube wp-block-embed-youtube wp-embed-aspect-16-9 wp-has-aspect-ratio"><div class="wp-block-embed__wrapper">
<iframe loading="lazy" title="IDeA - Maciej Sopyło oraz Marcin Grudzień cz. III" width="500" height="281" src="https://www.youtube.com/embed/bTxmQMSSZQs?feature=oembed" frameborder="0" allow="accelerometer; autoplay; clipboard-write; encrypted-media; gyroscope; picture-in-picture; web-share" referrerpolicy="strict-origin-when-cross-origin" allowfullscreen></iframe>
</div></figure>



<p><em>adw. Marcin Pacyna cz. I &#8211; &#8222;Rola Adwokata w postępowaniach podatkowych. Część I: Zagadnienia proceduralne (organy podatkowe i sądy administracyjne)&#8221;</em></p>



<figure class="wp-block-embed is-type-video is-provider-youtube wp-block-embed-youtube wp-embed-aspect-16-9 wp-has-aspect-ratio"><div class="wp-block-embed__wrapper">
<iframe loading="lazy" title="IDeA - adw. Marcin Pacyna cz. I" width="500" height="281" src="https://www.youtube.com/embed/RXIHnTOsNoI?feature=oembed" frameborder="0" allow="accelerometer; autoplay; clipboard-write; encrypted-media; gyroscope; picture-in-picture; web-share" referrerpolicy="strict-origin-when-cross-origin" allowfullscreen></iframe>
</div></figure>



<p><em>adw. Marcin Pacyna cz. II &#8211; &#8222;Rola Adwokata w postępowaniach podatkowych. Część 2. Aktualne problemy merytoryczne (zarys zagadnień)&#8221;</em></p>



<figure class="wp-block-embed is-type-video is-provider-youtube wp-block-embed-youtube wp-embed-aspect-16-9 wp-has-aspect-ratio"><div class="wp-block-embed__wrapper">
<iframe loading="lazy" title="IDeA - adw. Marcin Pacyna cz. II" width="500" height="281" src="https://www.youtube.com/embed/i8gLkUEyqWE?feature=oembed" frameborder="0" allow="accelerometer; autoplay; clipboard-write; encrypted-media; gyroscope; picture-in-picture; web-share" referrerpolicy="strict-origin-when-cross-origin" allowfullscreen></iframe>
</div></figure>



<p><em>adw. Marcin Szymański cz. I &#8211; &#8222;Abuzywne Klauzule waloryzacyjne w umowach kredytu denominowanego i indeksowanego do kursu walut obcych&#8221;</em></p>



<figure class="wp-block-embed is-type-video is-provider-youtube wp-block-embed-youtube wp-embed-aspect-16-9 wp-has-aspect-ratio"><div class="wp-block-embed__wrapper">
<iframe loading="lazy" title="IDeA - adw. Marcin Szymański cz1" width="500" height="281" src="https://www.youtube.com/embed/fYsofsvyuF0?feature=oembed" frameborder="0" allow="accelerometer; autoplay; clipboard-write; encrypted-media; gyroscope; picture-in-picture; web-share" referrerpolicy="strict-origin-when-cross-origin" allowfullscreen></iframe>
</div></figure>



<p><em>adw. Marcin Szymański cz. II &#8211; &#8222;Abuzywne Klauzule waloryzacyjne w umowach kredytu denominowanego i indeksowanego do kursu walut obcych&#8221;</em></p>



<figure class="wp-block-embed is-type-video is-provider-youtube wp-block-embed-youtube wp-embed-aspect-16-9 wp-has-aspect-ratio"><div class="wp-block-embed__wrapper">
<iframe loading="lazy" title="IDeA -  adw. Marcin Szymański cz.2" width="500" height="281" src="https://www.youtube.com/embed/XHJIHZOF1FY?feature=oembed" frameborder="0" allow="accelerometer; autoplay; clipboard-write; encrypted-media; gyroscope; picture-in-picture; web-share" referrerpolicy="strict-origin-when-cross-origin" allowfullscreen></iframe>
</div></figure>



<p><em>Marek Dworak &#8211; &#8222;Wskazania dla podejmowanych rozstrzygnięć o zakresie winy w wypadkach drogowych w obrębie problemów interpretacyjnych praw o ruchu drogowym&#8221;</em></p>



<figure class="wp-block-embed is-type-video is-provider-youtube wp-block-embed-youtube wp-embed-aspect-16-9 wp-has-aspect-ratio"><div class="wp-block-embed__wrapper">
<iframe loading="lazy" title="IDeA - Marek Dworak" width="500" height="281" src="https://www.youtube.com/embed/KNaEsler474?feature=oembed" frameborder="0" allow="accelerometer; autoplay; clipboard-write; encrypted-media; gyroscope; picture-in-picture; web-share" referrerpolicy="strict-origin-when-cross-origin" allowfullscreen></iframe>
</div></figure>



<p><em>dr Marek Benio &#8211; &#8222;Delegowanie pracowników w ramach swobody świadczenia usług&#8221;.</em></p>



<figure class="wp-block-embed is-type-video is-provider-youtube wp-block-embed-youtube wp-embed-aspect-16-9 wp-has-aspect-ratio"><div class="wp-block-embed__wrapper">
<iframe loading="lazy" title="IDeA - dr Marek Benio" width="500" height="281" src="https://www.youtube.com/embed/g8gHIktDOTM?feature=oembed" frameborder="0" allow="accelerometer; autoplay; clipboard-write; encrypted-media; gyroscope; picture-in-picture; web-share" referrerpolicy="strict-origin-when-cross-origin" allowfullscreen></iframe>
</div></figure>



<p><em>adw. Mirosław Cejmer &#8211; &#8222;Kodeksowe mechanizmy ochrony udziałowców mniejszościowych na wypadek pokrzywdzenia wspólnymi działaniami zarządu i udziałowca większościowego&#8221;.</em></p>



<figure class="wp-block-embed is-type-video is-provider-youtube wp-block-embed-youtube wp-embed-aspect-16-9 wp-has-aspect-ratio"><div class="wp-block-embed__wrapper">
<iframe loading="lazy" title="IDeA - adw. Mirosław Cejmer" width="500" height="281" src="https://www.youtube.com/embed/gqdCeUZp-Zk?feature=oembed" frameborder="0" allow="accelerometer; autoplay; clipboard-write; encrypted-media; gyroscope; picture-in-picture; web-share" referrerpolicy="strict-origin-when-cross-origin" allowfullscreen></iframe>
</div></figure>



<p></p>

<p>IDeA wykłady 2017 adw. Anna Kasolik &#8211; &#8222;Najczęstsze błędy w sporządzaniu umów w obrocie gospodarczym&#8221; adw. Gabriela Pawlus &#8211; Łapa &#8211; &#8222;Zakaz konkurencji w trakcie trwania stosunku pracy, po ustaniu stosunku pracy, umowa poufności&#8221; adw. Aleksandra Cempura &#8211; &#8222;Podział Majątku wspólnego małżonków &#8211; problem orzecznictwa&#8221; Maciej Sopyło oraz Marcin Grudzień cz. I &#8211; &#8222;Jak uczyć [&hellip;]</p>
