{"id":12,"date":"2024-04-24T13:37:29","date_gmt":"2024-04-24T11:37:29","guid":{"rendered":"http:\/\/adwokatura.krakow.pl\/adwokaci-i-aplikanci\/?page_id=12"},"modified":"2026-04-23T10:15:44","modified_gmt":"2026-04-23T08:15:44","slug":"plan-szkolen","status":"publish","type":"page","link":"https:\/\/adwokatura.krakow.pl\/adwokaci-i-aplikanci\/dla-adwokatow\/doskonalenie-zawodowe\/plan-szkolen\/","title":{"rendered":"Plan szkole\u0144"},"content":{"rendered":"<div class=\"zalaczniki\">\n    \n    <div class=\"zalaczniki__wrap\">\n                        <div class=\"zalaczniki__single\">\n                <div class=\"zalaczniki__first\">\n                    <p class=\"zalaczniki__title\">\n                                                    Uchwa\u0142a NRA &quot;O doskonaleniu zawodowym adwokat\u00f3w&quot;                                            <\/p>\n                    <p class=\"zalaczniki__file-name\">\n                                                    zal.-D.01.file-uchwala-nra-nr-109-2023-37999.pdf                                            <\/p>\n                <\/div>\n                <div class=\"zalaczniki__middle\">\n                                        <a href=\"https:\/\/adwokatura.krakow.pl\/adwokaci-i-aplikanci\/wp-content\/uploads\/sites\/2\/2024\/03\/zal.-D.01.file-uchwala-nra-nr-109-2023-37999.pdf\">Zobacz plik<\/a>\n                                    <\/div>\n                <div class=\"zalaczniki__last\">\n                                        <a download href=\"https:\/\/adwokatura.krakow.pl\/adwokaci-i-aplikanci\/wp-content\/uploads\/sites\/2\/2024\/03\/zal.-D.01.file-uchwala-nra-nr-109-2023-37999.pdf\">\n                            <img decoding=\"async\" src=\"https:\/\/adwokatura.krakow.pl\/adwokaci-i-aplikanci\/wp-content\/themes\/kia\/dist\/images\/download.svg\" alt=\"download\">\n                        <\/a>\n                                    <\/div>\n               \n            <\/div>\n                    <div class=\"zalaczniki__single\">\n                <div class=\"zalaczniki__first\">\n                    <p class=\"zalaczniki__title\">\n                                                    O\u015bwiadczenie o zachowaniu poufno\u015bci i ograniczeniu wykorzystania materia\u0142\u00f3w szkoleniowych                                            <\/p>\n                    <p class=\"zalaczniki__file-name\">\n                                                    oswiadczenie.docx                                            <\/p>\n                <\/div>\n                <div class=\"zalaczniki__middle\">\n                                        <a href=\"https:\/\/adwokatura.krakow.pl\/adwokaci-i-aplikanci\/wp-content\/uploads\/sites\/2\/2025\/05\/oswiadczenie.docx\">Zobacz plik<\/a>\n                                    <\/div>\n                <div class=\"zalaczniki__last\">\n                                        <a download href=\"https:\/\/adwokatura.krakow.pl\/adwokaci-i-aplikanci\/wp-content\/uploads\/sites\/2\/2025\/05\/oswiadczenie.docx\">\n                            <img decoding=\"async\" src=\"https:\/\/adwokatura.krakow.pl\/adwokaci-i-aplikanci\/wp-content\/themes\/kia\/dist\/images\/download.svg\" alt=\"download\">\n                        <\/a>\n                                    <\/div>\n               \n            <\/div>\n                <\/div>\n<\/div>","protected":false},"excerpt":{"rendered":"","protected":false},"author":1,"featured_media":0,"parent":9,"menu_order":0,"comment_status":"closed","ping_status":"closed","template":"templates-adwokaci\/template-plan-zajec.php","meta":{"_acf_changed":false,"inline_featured_image":false,"footnotes":""},"class_list":["post-12","page","type-page","status-publish","hentry"],"acf":[],"_links":{"self":[{"href":"https:\/\/adwokatura.krakow.pl\/adwokaci-i-aplikanci\/wp-json\/wp\/v2\/pages\/12","targetHints":{"allow":["GET"]}}],"collection":[{"href":"https:\/\/adwokatura.krakow.pl\/adwokaci-i-aplikanci\/wp-json\/wp\/v2\/pages"}],"about":[{"href":"https:\/\/adwokatura.krakow.pl\/adwokaci-i-aplikanci\/wp-json\/wp\/v2\/types\/page"}],"author":[{"embeddable":true,"href":"https:\/\/adwokatura.krakow.pl\/adwokaci-i-aplikanci\/wp-json\/wp\/v2\/users\/1"}],"replies":[{"embeddable":true,"href":"https:\/\/adwokatura.krakow.pl\/adwokaci-i-aplikanci\/wp-json\/wp\/v2\/comments?post=12"}],"version-history":[{"count":82,"href":"https:\/\/adwokatura.krakow.pl\/adwokaci-i-aplikanci\/wp-json\/wp\/v2\/pages\/12\/revisions"}],"predecessor-version":[{"id":7031,"href":"https:\/\/adwokatura.krakow.pl\/adwokaci-i-aplikanci\/wp-json\/wp\/v2\/pages\/12\/revisions\/7031"}],"up":[{"embeddable":true,"href":"https:\/\/adwokatura.krakow.pl\/adwokaci-i-aplikanci\/wp-json\/wp\/v2\/pages\/9"}],"wp:attachment":[{"href":"https:\/\/adwokatura.krakow.pl\/adwokaci-i-aplikanci\/wp-json\/wp\/v2\/media?parent=12"}],"curies":[{"name":"wp","href":"https:\/\/api.w.org\/{rel}","templated":true}]}}

Plan szkoleń

<div class="zalaczniki">
    
    <div class="zalaczniki__wrap">
                        <div class="zalaczniki__single">
                <div class="zalaczniki__first">
                    <p class="zalaczniki__title">
                                                    Uchwała NRA &quot;O doskonaleniu zawodowym adwokatów&quot;                                            </p>
                    <p class="zalaczniki__file-name">
                                                    zal.-D.01.file-uchwala-nra-nr-109-2023-37999.pdf                                            </p>
                </div>
                <div class="zalaczniki__middle">
                                        <a href="https://adwokatura.krakow.pl/adwokaci-i-aplikanci/wp-content/uploads/sites/2/2024/03/zal.-D.01.file-uchwala-nra-nr-109-2023-37999.pdf">Zobacz plik</a>
                                    </div>
                <div class="zalaczniki__last">
                                        <a download href="https://adwokatura.krakow.pl/adwokaci-i-aplikanci/wp-content/uploads/sites/2/2024/03/zal.-D.01.file-uchwala-nra-nr-109-2023-37999.pdf">
                            <img decoding="async" src="https://adwokatura.krakow.pl/adwokaci-i-aplikanci/wp-content/themes/kia/dist/images/download.svg" alt="download">
                        </a>
                                    </div>
               
            </div>
                    <div class="zalaczniki__single">
                <div class="zalaczniki__first">
                    <p class="zalaczniki__title">
                                                    Oświadczenie o zachowaniu poufności i ograniczeniu wykorzystania materiałów szkoleniowych                                            </p>
                    <p class="zalaczniki__file-name">
                                                    oswiadczenie.docx                                            </p>
                </div>
                <div class="zalaczniki__middle">
                                        <a href="https://adwokatura.krakow.pl/adwokaci-i-aplikanci/wp-content/uploads/sites/2/2025/05/oswiadczenie.docx">Zobacz plik</a>
                                    </div>
                <div class="zalaczniki__last">
                                        <a download href="https://adwokatura.krakow.pl/adwokaci-i-aplikanci/wp-content/uploads/sites/2/2025/05/oswiadczenie.docx">
                            <img decoding="async" src="https://adwokatura.krakow.pl/adwokaci-i-aplikanci/wp-content/themes/kia/dist/images/download.svg" alt="download">
                        </a>
                                    </div>
               
            </div>
                </div>
</div>
