{"id":14,"date":"2023-11-27T17:41:57","date_gmt":"2023-11-27T16:41:57","guid":{"rendered":"http:\/\/adwokatura.krakow.pl\/adwokaci-i-aplikanci\/?page_id=14"},"modified":"2025-04-15T08:23:21","modified_gmt":"2025-04-15T06:23:21","slug":"karty-sportowe","status":"publish","type":"page","link":"https:\/\/adwokatura.krakow.pl\/adwokaci-i-aplikanci\/dla-adwokatow\/karty-sportowe\/","title":{"rendered":"Karty sportowe"},"content":{"rendered":"\n<h2 class=\"wp-block-heading\">VANITY Style<\/h2>\n\n\n\n<h4 class=\"wp-block-heading\"><strong>DWUETAPOWA REJESTRACJA DO PROGRAMU&nbsp;<\/strong><\/h4>\n\n\n\n<ol class=\"wp-block-list\">\n<li>Aby rozpocz\u0105\u0107 udzia\u0142 w programie&nbsp;<strong>od ka\u017cdego 1 dnia kolejnego miesi\u0105ca<\/strong>&nbsp;nale\u017cy&nbsp;<strong>wys\u0142a\u0107 informacj\u0119 z niezb\u0119dnymi danymi na podany adres email&nbsp;(szczeg\u00f3\u0142y dot. zg\u0142oszenia poni\u017cej)<\/strong>. Po weryfikacji przez Izb\u0119 Pa\u0144stwa dane zg\u0142oszeniowe zostaj\u0105 przes\u0142ane do Vanity Style. Prosz\u0119 jednak pami\u0119ta\u0107, aby zg\u0142oszenia i op\u0142aty dokona\u0107&nbsp;<strong>do ka\u017cdego 20 dnia miesi\u0105ca<\/strong>.<\/li>\n\n\n\n<li>Na wskazany przez wype\u0142niaj\u0105cego adres e-mail zostanie wys\u0142any indywidualny link rejestracyjny przez Firm\u0119 VanityStyle, kt\u00f3ry nale\u017cy uruchomi\u0107 zgodnie z przes\u0142an\u0105 instrukcj\u0105. Tylko ta rejestracja i op\u0142ata karty w terminie do 20-go ka\u017cdego miesi\u0105ca gwarantuje, \u017ce karta zostanie aktywowana.<\/li>\n<\/ol>\n\n\n\n<p>Odbi\u00f3r kart ma miejsce w Sekretariacie ORA w Krakowie&nbsp;(parter, dziennik podawczy) w godzinach pracy Izby. <strong>Karta jest aktywowana zawsze od 1 dnia miesi\u0105ca.<\/strong><\/p>\n\n\n\n<h4 class=\"wp-block-heading\">SPOS\u00d3B ZG\u0141OSZENIA<\/h4>\n\n\n\n<p>W celu przyst\u0105pienia do programu KART SPORTOWYCH prosimy o przes\u0142anie niezb\u0119dnych danych na adres e-mail:\u00a0<strong><a href=\"mailto:ora@adwokatura.krakow.pl\">ora@adwokatura.krakow.pl<\/a> <\/strong>:<\/p>\n\n\n\n<ol class=\"wp-block-list\">\n<li>Imi\u0119<\/li>\n\n\n\n<li>Nazwisko<\/li>\n\n\n\n<li>Adres e-mail<\/li>\n\n\n\n<li>Wyb\u00f3r karty sportowej:\n<ul class=\"wp-block-list\">\n<li>FitSport<\/li>\n\n\n\n<li>FitProfit&nbsp;<\/li>\n<\/ul>\n<\/li>\n<\/ol>\n\n\n\n<p><strong>W przypadku podania niekompletnych danych, zg\u0142oszenie uznaje si\u0119 za&nbsp;niewa\u017cne!!<\/strong><\/p>\n\n\n\n<p><em>Ceny szczeg\u00f3\u0142owe (tak\u017ce dla dzieci i os\u00f3b towarzysz\u0105cych) podane zostan\u0105 na wcze\u015bniejsz\u0105 pro\u015bb\u0119 na adres mailowy.<\/em><\/p>\n\n\n\n<div class=\"wp-block-buttons is-layout-flex wp-block-buttons-is-layout-flex\">\n<div class=\"wp-block-button\"><a class=\"button wp-element-button\" href=\"https:\/\/www.vanitystyle.pl\/regulaminy\/regulaminy-produktowe\">Regulamin<\/a><\/div>\n<\/div>\n\n\n\n<p><em>Administratorem danych osobowych jest Okr\u0119gowa Rada Adwokacka w Krakowie, ul. Batorego 17. Dane osobowe s\u0105 przetwarzane w celu umo\u017cliwienia udzia\u0142u w programach&nbsp;<strong>Fit Profit<\/strong>&nbsp;lub&nbsp;<strong>FitSport<\/strong>&nbsp;organizowanych przez&nbsp;<strong>VanityStyle Sp. z o.o.<\/strong>&nbsp;(podstawa przetwarzania danych to art. 6 ust 1 pkt b) RODO \u2013 kt\u00f3re jest niezb\u0119dne do wykonania umowy). Pa\u0144stwa dane zostan\u0105 przekazane VanityStyle Sp. z o.o. w celu umo\u017cliwienia Pa\u0144stwu rejestracji elektronicznej na platformie operatora ww. program\u00f3w.<\/em><\/p>\n\n\n\n<p><em>Dane b\u0119d\u0105 przetwarzane nie d\u0142u\u017cej, ni\u017c jest to konieczne do wzi\u0119cia udzia\u0142u w ww. programach, a po tym czasie mog\u0105 by\u0107 przetwarzane a\u017c do up\u0142ywu terminu przedawniania ew. roszcze\u0144. Podanie danych jest dobrowolne, ale konieczne do tego, \u017ceby wzi\u0105\u0107 udzia\u0142 w programach. Osoba, kt\u00f3rej dane dotycz\u0105, ma prawo \u017c\u0105dania dost\u0119pu do swoich danych osobowych, ich sprostowania, usuni\u0119cia lub ograniczenia przetwarzania, a tak\u017ce prawo wniesienia sprzeciwu wobec przetwarzania, a tak\u017ce prawo do przenoszenia swoich danych oraz wniesienia skargi do organu nadzorczego.<\/em><\/p>\n\n\n\n<p><em>W celu skorzystania z przys\u0142uguj\u0105cych Pa\u0144stwu uprawnie\u0144 nale\u017cy skontaktowa\u0107 si\u0119 z Administratorem za po\u015brednictwem&nbsp;<\/em><em><a href=\"mailto:ora@adwokatura.krakow.pl\">ora@adwokatura.krakow.pl<\/a><\/em><\/p>\n\n\n\n<p><em>*z powy\u017cszych zg\u0142osze\u0144 tworzy si\u0119 automatycznie lista uczestnik\u00f3w przekazana do&nbsp;<strong>VanityStyle.<\/strong><\/em><\/p>\n\n\n\n<hr class=\"wp-block-separator has-alpha-channel-opacity\" \/>\n\n\n\n<p><em>Po przes\u0142aniu powy\u017cszych danych osobowych Administratorem Twoich danych b\u0119dzie VanityStyle Sp. z o. o. Twoje&nbsp;dane osobowe b\u0119d\u0105 przetwarzane przez czas konieczny do realizacji zadania.&nbsp;Zgodnie z art. 13 ust. 1 i 2 RODO informujemy, i\u017c:&nbsp;<\/em><\/p>\n\n\n\n<ul class=\"wp-block-list\">\n<li><em>Administratorem Pani\/Pana danych osobowych jest VanityStyle Sp. z o.o. z siedzib\u0105 w Warszawie przy ul. Skierniewickiej 16\/20, 01-230 Warszawa.<\/em><\/li>\n\n\n\n<li><em>Kontakt z Inspektorem Ochrony Danych mo\u017cliwy jest za po\u015brednictwem adresu email&nbsp;<a href=\"mailto:iod@vanitystyle.pl\">iod@vanitystyle.pl<\/a>.<\/em><\/li>\n\n\n\n<li><em>Pani\/Pana dane osobowe przetwarzane b\u0119d\u0105 do czasu odwo\u0142ania zgody udzielonej w tym zakresie lub zg\u0142oszenia sprzeciwu wobec przetwarzania danych, w zale\u017cno\u015bci od tego kt\u00f3re zdarzenie wyst\u0105pi wcze\u015bniej.<\/em><\/li>\n\n\n\n<li><em>Odbiorcami Pani\/Pana danych osobowych b\u0119d\u0105 podmioty \u015bwiadcz\u0105ce us\u0142ugi serwisu i utrzymania system\u00f3w informatycznych, Pracownicy i Wsp\u00f3\u0142pracownicy VanityStyle Sp. z o. o., podmioty prowadz\u0105ce audyt oraz organy publiczne uprawnione do uzyskania danych osobowych na podstawie przepis\u00f3w prawa.<\/em><\/li>\n\n\n\n<li><em>Masz nast\u0119puj\u0105ce prawa zwi\u0105zane z przetwarzaniem danych osobowych:<\/em>\n<ul class=\"wp-block-list\">\n<li><em>prawo do wycofania zgody na przetwarzanie danych osobowych w dowolnym momencie<\/em><\/li>\n\n\n\n<li><em>prawo do sprzeciwu wobec przetwarzania danych ze wzgl\u0119du na szczeg\u00f3ln\u0105 sytuacj\u0119<\/em><\/li>\n\n\n\n<li><em>prawo dost\u0119pu do danych<\/em><\/li>\n\n\n\n<li><em>prawo \u017c\u0105dania sprostowania Twoich danych osobowych<\/em><\/li>\n\n\n\n<li><em>prawo \u017c\u0105dania usuni\u0119cia Twoich danych osobowych<\/em><\/li>\n\n\n\n<li><em>prawo \u017c\u0105dania ograniczenia przetwarzania Twoich danych osobowych<\/em><\/li>\n\n\n\n<li><em>prawo do przenoszenia Twoich danych osobowych<\/em><\/li>\n\n\n\n<li><em>inne prawa, o kt\u00f3rych mowa w szczeg\u00f3\u0142owej informacji o przetwarzaniu danych<\/em><\/li>\n<\/ul>\n<\/li>\n<\/ul>\n\n\n\n<p><em>Szczeg\u00f3\u0142owe informacje o przetwarzaniu znajdziesz pod linkiem:&nbsp;<a href=\"http:\/\/www.vanitystyle.pl\/prywatnosc\">http:\/\/www.vanitystyle.pl\/prywatnosc<\/a><\/em><\/p>\n\n\n\n<ul class=\"wp-block-list\">\n<li><em>Ma Pani\/Pan prawo wniesienia skargi do organu nadzorczego.<\/em><\/li>\n\n\n\n<li><em>Podanie danych osobowych jest dobrowolne.<\/em><\/li>\n\n\n\n<li><em>Podanie przez Ciebie danych jest niezb\u0119dne do realizacji us\u0142ugi.<\/em><\/li>\n<\/ul>\n\n\n\n<p>___________________________________________________________________________________________________________<\/p>\n\n\n\n<h1 class=\"wp-block-heading\">Karty sportowe Medicover<\/h1>\n\n\n\n<p>Szanowni Pa\u0144stwo,&nbsp;<\/p>\n\n\n\n<p>w \u015blad za dotychczasowymi komunikatami odno\u015bnie podj\u0119tej przez ORA wsp\u00f3\u0142pracy z firm\u0105 Medicover ws. udost\u0119pnienia cz\u0142onkom KIA mo\u017cliwo\u015bci zakupu kart sportowych Medicover, informujemy, \u017ce dostawca kart zapewni\u0142 ju\u017c techniczn\u0105 mo\u017cliwo\u015b\u0107&nbsp;<strong>nabycia kart na listopad \u2013 zapisy te b\u0119d\u0105 trwa\u0142y do 20 pa\u017adziernika.&nbsp;<\/strong><\/p>\n\n\n\n<p>W kolejnych miesi\u0105cach, zapisy b\u0119d\u0105 odbywa\u0107 si\u0119 analogicznie, tj. do 20. dnia miesi\u0105ca poprzedzaj\u0105cego miesi\u0105c, w kt\u00f3rym karta ma by\u0107 aktywna (np. aby aktywowa\u0107 kart\u0119 od 1 grudnia, nale\u017cy j\u0105 zam\u00f3wi\u0107 do 20 listopada).<\/p>\n\n\n\n<p><strong><u>Poni\u017cej przedstawiamy instrukcj\u0119 zakupu kart:<\/u><\/strong><\/p>\n\n\n\n<p>Aby zakupi\u0107 kart\u0119, nale\u017cy:<\/p>\n\n\n\n<p><strong>1. wej\u015b\u0107 na stron\u0119:<\/strong>&nbsp;<strong><a href=\"https:\/\/medicoversport.pl\/pakiety\/kia\">https:\/\/medicoversport.pl\/pakiety\/kia<\/a><\/strong><\/p>\n\n\n\n<p><strong>2. wprowadzi\u0107 kod dost\u0119pu:<\/strong>&nbsp;<strong>KiaMS2024<\/strong><\/p>\n\n\n\n<p><strong>3. Zarejestrowa\u0107 si\u0119 \u2013 podaj\u0105c odpowiednie dane&nbsp;<\/strong>(w tym sw\u00f3j numer wpisu w rejestrze adwokat\u00f3w i aplikant\u00f3w \u2013&nbsp;<strong><a href=\"https:\/\/rejestradwokatow.pl\/adwokat\/ewidencja\">https:\/\/rejestradwokatow.pl\/adwokat\/ewidencja<\/a><\/strong>). Dotyczy to r\u00f3wnie\u017c adwokat\u00f3w niewykonuj\u0105cych zawodu.&nbsp;<\/p>\n\n\n\n<p><strong>4. Wybra\u0107 odpowiedni pakiet \/ pakiety&nbsp;<\/strong>\u2013 karty dla cz\u0142onka rodziny \/ osoby towarzysz\u0105cej \/ dziecka wykupuje si\u0119 za po\u015brednictwem konta rejestruj\u0105cego si\u0119 adwokata \/ aplikanta<\/p>\n\n\n\n<p><strong>5. Op\u0142aci\u0107 wybrany pakiet wybran\u0105 form\u0105 p\u0142atno\u015bci<\/strong><br><br>PONI\u017bEJ PRZEDSTAWIAMY CENNIK DOST\u0118PNYCH PAKIET\u00d3W<\/p>\n\n\n\n<p>W razie pyta\u0144 lub w\u0105tpliwo\u015bci, prosimy o kontakt z adw. Jakubem Jurowiczem, kt\u00f3ry koordynowa\u0142 nawi\u0105zanie wsp\u00f3\u0142pracy z Medicover \u2013 mailowo, na adres:<strong>&nbsp;<a href=\"mailto:jakub.jurowicz@adwokatura.pl\">jakub.jurowicz@adwokatura.pl<\/a><\/strong><\/p>\n\n\n<div class=\"zalaczniki\">\n    \n    <div class=\"zalaczniki__wrap\">\n                        <div class=\"zalaczniki__single\">\n                <div class=\"zalaczniki__first\">\n                    <p class=\"zalaczniki__title\">\n                                                    MEDICOVER                                             <\/p>\n                    <p class=\"zalaczniki__file-name\">\n                                                    Medicover-Sport.pdf                                            <\/p>\n                <\/div>\n                <div class=\"zalaczniki__middle\">\n                                        <a href=\"https:\/\/adwokatura.krakow.pl\/adwokaci-i-aplikanci\/wp-content\/uploads\/sites\/2\/2024\/10\/Medicover-Sport.pdf\">Zobacz plik<\/a>\n                                    <\/div>\n                <div class=\"zalaczniki__last\">\n                                        <a download href=\"https:\/\/adwokatura.krakow.pl\/adwokaci-i-aplikanci\/wp-content\/uploads\/sites\/2\/2024\/10\/Medicover-Sport.pdf\">\n                            <img decoding=\"async\" src=\"https:\/\/adwokatura.krakow.pl\/adwokaci-i-aplikanci\/wp-content\/themes\/kia\/dist\/images\/download.svg\" alt=\"download\">\n                        <\/a>\n                                    <\/div>\n               \n            <\/div>\n                <\/div>\n<\/div>","protected":false},"excerpt":{"rendered":"<p>VANITY Style DWUETAPOWA REJESTRACJA DO PROGRAMU&nbsp; Odbi\u00f3r kart ma miejsce w Sekretariacie ORA w Krakowie&nbsp;(parter, dziennik podawczy) w godzinach pracy Izby. Karta jest aktywowana zawsze od 1 dnia miesi\u0105ca. SPOS\u00d3B ZG\u0141OSZENIA W celu przyst\u0105pienia do programu KART SPORTOWYCH prosimy o przes\u0142anie niezb\u0119dnych danych na adres e-mail:\u00a0ora@adwokatura.krakow.pl : W przypadku podania niekompletnych danych, zg\u0142oszenie uznaje si\u0119 [&hellip;]<\/p>\n","protected":false},"author":1,"featured_media":0,"parent":7,"menu_order":0,"comment_status":"closed","ping_status":"closed","template":"","meta":{"_acf_changed":false,"inline_featured_image":false,"footnotes":""},"class_list":["post-14","page","type-page","status-publish","hentry"],"acf":[],"_links":{"self":[{"href":"https:\/\/adwokatura.krakow.pl\/adwokaci-i-aplikanci\/wp-json\/wp\/v2\/pages\/14","targetHints":{"allow":["GET"]}}],"collection":[{"href":"https:\/\/adwokatura.krakow.pl\/adwokaci-i-aplikanci\/wp-json\/wp\/v2\/pages"}],"about":[{"href":"https:\/\/adwokatura.krakow.pl\/adwokaci-i-aplikanci\/wp-json\/wp\/v2\/types\/page"}],"author":[{"embeddable":true,"href":"https:\/\/adwokatura.krakow.pl\/adwokaci-i-aplikanci\/wp-json\/wp\/v2\/users\/1"}],"replies":[{"embeddable":true,"href":"https:\/\/adwokatura.krakow.pl\/adwokaci-i-aplikanci\/wp-json\/wp\/v2\/comments?post=14"}],"version-history":[{"count":15,"href":"https:\/\/adwokatura.krakow.pl\/adwokaci-i-aplikanci\/wp-json\/wp\/v2\/pages\/14\/revisions"}],"predecessor-version":[{"id":5821,"href":"https:\/\/adwokatura.krakow.pl\/adwokaci-i-aplikanci\/wp-json\/wp\/v2\/pages\/14\/revisions\/5821"}],"up":[{"embeddable":true,"href":"https:\/\/adwokatura.krakow.pl\/adwokaci-i-aplikanci\/wp-json\/wp\/v2\/pages\/7"}],"wp:attachment":[{"href":"https:\/\/adwokatura.krakow.pl\/adwokaci-i-aplikanci\/wp-json\/wp\/v2\/media?parent=14"}],"curies":[{"name":"wp","href":"https:\/\/api.w.org\/{rel}","templated":true}]}}