{"id":17,"date":"2023-11-27T17:42:29","date_gmt":"2023-11-27T16:42:29","guid":{"rendered":"http:\/\/adwokatura.krakow.pl\/adwokaci-i-aplikanci\/?page_id=17"},"modified":"2024-04-26T12:12:54","modified_gmt":"2024-04-26T10:12:54","slug":"zielona-linia","status":"publish","type":"page","link":"https:\/\/adwokatura.krakow.pl\/adwokaci-i-aplikanci\/dla-adwokatow\/zielona-linia\/","title":{"rendered":"Zielona linia"},"content":{"rendered":"\n<p>Informujemy, \u017ce z inicjatywy Komisji ds. Wizerunku, Komunikacji i dzia\u0142alno\u015bci pro bono ORA Krak\u00f3w uruchomiony zosta\u0142 projekt <strong>\u201eZielona Linia \u2013 Etyka\u201d<\/strong>.<\/p>\n\n\n\n<p><strong>\u201eZielona Linia \u2013 Etyka\u201d<\/strong> to projekt skierowany wy\u0142\u0105cznie do adwokat\u00f3w i aplikant\u00f3w Krakowskiej Izby Adwokackiej. <strong>Ma na celu udzielanie pomocy w rozwi\u0105zywaniu problem\u00f3w etycznych przy wykonywaniu zawodu.<\/strong> Osob\u0105 udzielaj\u0105c\u0105 konsultacji w ramach projektu \u201eZielona Linia \u2013 Etyka\u201d jest:<\/p>\n\n\n\n<ul class=\"wp-block-list\">\n<li><strong>adw. Marcin Kosiorkiewicz<\/strong> \u2013 przez 7 lat pe\u0142ni\u0142 funkcj\u0119 rzecznika dyscyplinarnego KIA, obecnie Sekretarz ORA.<\/li>\n<\/ul>\n\n\n\n<div style=\"height:30px\" aria-hidden=\"true\" class=\"wp-block-spacer\"><\/div>\n\n\n\n<div class=\"wp-block-columns is-layout-flex wp-container-core-columns-is-layout-9d6595d7 wp-block-columns-is-layout-flex\">\n<div class=\"wp-block-column is-layout-flow wp-block-column-is-layout-flow\">\n<p><strong>Zasady projektu<\/strong>:<\/p>\n\n\n\n<ul class=\"wp-block-list\">\n<li>konsultacja udzielona przez cz\u0142onk\u00f3w zespo\u0142u projektu \u201eZielona Linia \u2013 Etyka\u201d nie ma charakteru wi\u0105\u017c\u0105cego, ale fakt zg\u0142oszenia potrzeby konsultacji stanowi akt nale\u017cytej staranno\u015bci dochowanej przez cz\u0142onka KIA;<\/li>\n\n\n\n<li>wszelkie informacje przekazane w trakcie udzielania konsultacji s\u0105 obj\u0119te tajemnic\u0105 i nie mog\u0105 stanowi\u0107 podstawy do podj\u0119cia jakichkolwiek dzia\u0142a\u0144 ze strony KIA;<\/li>\n\n\n\n<li>porady nie gwarantuj\u0105 identyczno\u015bci zapatrywa\u0144 pionu dyscyplinarnego, jakkolwiek sytuacj\u0119 tak\u0105 nale\u017cy uzna\u0107 za w\u0105tpliw\u0105.<\/li>\n<\/ul>\n<\/div>\n\n\n\n<div class=\"wp-block-column is-layout-flow wp-block-column-is-layout-flow\">\n<p><strong>Procedura zg\u0142oszenia ch\u0119ci konsultacji sprawy z zespo\u0142em projektu<\/strong>:<\/p>\n\n\n\n<ul class=\"wp-block-list\">\n<li>cz\u0142onek KIA chc\u0105cy skonsultowa\u0107 spraw\u0119 z zakresu etyki przy wykonywaniu zawodu, wysy\u0142a e-mail na adres <a href=\"mailto:etyka@adwokatura.krakow.pl\">etyka@adwokatura.krakow.pl<\/a>, zawieraj\u0105cy nast\u0119puj\u0105ce informacje: imi\u0119 i nazwisko, nr telefonu oraz zwi\u0119z\u0142y opis natury problemu;<\/li>\n\n\n\n<li>w kr\u00f3tkim terminie cz\u0142onek zespo\u0142u projektu \u201eZielona Linia \u2013 Etyka\u201d zadzwoni na podany w wiadomo\u015bci e-mail numer telefonu i udzieli porady po uprzednim om\u00f3wieniu problemu.<\/li>\n<\/ul>\n<\/div>\n<\/div>\n","protected":false},"excerpt":{"rendered":"<p>Informujemy, \u017ce z inicjatywy Komisji ds. Wizerunku, Komunikacji i dzia\u0142alno\u015bci pro bono ORA Krak\u00f3w uruchomiony zosta\u0142 projekt \u201eZielona Linia \u2013 Etyka\u201d. \u201eZielona Linia \u2013 Etyka\u201d to projekt skierowany wy\u0142\u0105cznie do adwokat\u00f3w i aplikant\u00f3w Krakowskiej Izby Adwokackiej. Ma na celu udzielanie pomocy w rozwi\u0105zywaniu problem\u00f3w etycznych przy wykonywaniu zawodu. Osob\u0105 udzielaj\u0105c\u0105 konsultacji w ramach projektu \u201eZielona [&hellip;]<\/p>\n","protected":false},"author":1,"featured_media":0,"parent":7,"menu_order":0,"comment_status":"closed","ping_status":"closed","template":"","meta":{"_acf_changed":false,"inline_featured_image":false,"footnotes":""},"class_list":["post-17","page","type-page","status-publish","hentry"],"acf":[],"_links":{"self":[{"href":"https:\/\/adwokatura.krakow.pl\/adwokaci-i-aplikanci\/wp-json\/wp\/v2\/pages\/17","targetHints":{"allow":["GET"]}}],"collection":[{"href":"https:\/\/adwokatura.krakow.pl\/adwokaci-i-aplikanci\/wp-json\/wp\/v2\/pages"}],"about":[{"href":"https:\/\/adwokatura.krakow.pl\/adwokaci-i-aplikanci\/wp-json\/wp\/v2\/types\/page"}],"author":[{"embeddable":true,"href":"https:\/\/adwokatura.krakow.pl\/adwokaci-i-aplikanci\/wp-json\/wp\/v2\/users\/1"}],"replies":[{"embeddable":true,"href":"https:\/\/adwokatura.krakow.pl\/adwokaci-i-aplikanci\/wp-json\/wp\/v2\/comments?post=17"}],"version-history":[{"count":14,"href":"https:\/\/adwokatura.krakow.pl\/adwokaci-i-aplikanci\/wp-json\/wp\/v2\/pages\/17\/revisions"}],"predecessor-version":[{"id":3764,"href":"https:\/\/adwokatura.krakow.pl\/adwokaci-i-aplikanci\/wp-json\/wp\/v2\/pages\/17\/revisions\/3764"}],"up":[{"embeddable":true,"href":"https:\/\/adwokatura.krakow.pl\/adwokaci-i-aplikanci\/wp-json\/wp\/v2\/pages\/7"}],"wp:attachment":[{"href":"https:\/\/adwokatura.krakow.pl\/adwokaci-i-aplikanci\/wp-json\/wp\/v2\/media?parent=17"}],"curies":[{"name":"wp","href":"https:\/\/api.w.org\/{rel}","templated":true}]}}

<p>Informujemy, że z inicjatywy Komisji ds. Wizerunku, Komunikacji i działalności pro bono ORA Kraków uruchomiony został projekt <strong>„Zielona Linia – Etyka”</strong>.</p>



<p><strong>„Zielona Linia – Etyka”</strong> to projekt skierowany wyłącznie do adwokatów i aplikantów Krakowskiej Izby Adwokackiej. <strong>Ma na celu udzielanie pomocy w rozwiązywaniu problemów etycznych przy wykonywaniu zawodu.</strong> Osobą udzielającą konsultacji w ramach projektu „Zielona Linia – Etyka” jest:</p>



<ul class="wp-block-list">
<li><strong>adw. Marcin Kosiorkiewicz</strong> – przez 7 lat pełnił funkcję rzecznika dyscyplinarnego KIA, obecnie Sekretarz ORA.</li>
</ul>



<div style="height:30px" aria-hidden="true" class="wp-block-spacer"></div>



<div class="wp-block-columns is-layout-flex wp-container-core-columns-is-layout-9d6595d7 wp-block-columns-is-layout-flex">
<div class="wp-block-column is-layout-flow wp-block-column-is-layout-flow">
<p><strong>Zasady projektu</strong>:</p>



<ul class="wp-block-list">
<li>konsultacja udzielona przez członków zespołu projektu „Zielona Linia – Etyka” nie ma charakteru wiążącego, ale fakt zgłoszenia potrzeby konsultacji stanowi akt należytej staranności dochowanej przez członka KIA;</li>



<li>wszelkie informacje przekazane w trakcie udzielania konsultacji są objęte tajemnicą i nie mogą stanowić podstawy do podjęcia jakichkolwiek działań ze strony KIA;</li>



<li>porady nie gwarantują identyczności zapatrywań pionu dyscyplinarnego, jakkolwiek sytuację taką należy uznać za wątpliwą.</li>
</ul>
</div>



<div class="wp-block-column is-layout-flow wp-block-column-is-layout-flow">
<p><strong>Procedura zgłoszenia chęci konsultacji sprawy z zespołem projektu</strong>:</p>



<ul class="wp-block-list">
<li>członek KIA chcący skonsultować sprawę z zakresu etyki przy wykonywaniu zawodu, wysyła e-mail na adres <a href="mailto:etyka@adwokatura.krakow.pl">etyka@adwokatura.krakow.pl</a>, zawierający następujące informacje: imię i nazwisko, nr telefonu oraz zwięzły opis natury problemu;</li>



<li>w krótkim terminie członek zespołu projektu „Zielona Linia – Etyka” zadzwoni na podany w wiadomości e-mail numer telefonu i udzieli porady po uprzednim omówieniu problemu.</li>
</ul>
</div>
</div>

<p>Informujemy, że z inicjatywy Komisji ds. Wizerunku, Komunikacji i działalności pro bono ORA Kraków uruchomiony został projekt „Zielona Linia – Etyka”. „Zielona Linia – Etyka” to projekt skierowany wyłącznie do adwokatów i aplikantów Krakowskiej Izby Adwokackiej. Ma na celu udzielanie pomocy w rozwiązywaniu problemów etycznych przy wykonywaniu zawodu. Osobą udzielającą konsultacji w ramach projektu „Zielona [&hellip;]</p>
