{"id":381,"date":"2023-11-30T12:42:06","date_gmt":"2023-11-30T11:42:06","guid":{"rendered":"http:\/\/adwokatura.krakow.pl\/adwokaci-i-aplikanci\/?page_id=381"},"modified":"2024-02-20T13:57:50","modified_gmt":"2024-02-20T12:57:50","slug":"polityka-prywatnosci","status":"publish","type":"page","link":"https:\/\/adwokatura.krakow.pl\/adwokaci-i-aplikanci\/polityka-prywatnosci\/","title":{"rendered":"Polityka prywatno\u015bci"},"content":{"rendered":"\n<p><strong>strony internetowej Krakowskiej Izby Adwokackiej<\/strong><br>(zwana dalej \u201e<strong>polityka prywatno\u015bci<\/strong>\u201d)<\/p>\n\n\n\n<p>Administratorem danych osobowych przetwarzanych w ramach strony internetowej Krakowskiej Izby Adwokackiej (zwanej dalej \u201e<strong>KIA<\/strong>\u201d) pod adresem&nbsp;<a href=\"http:\/\/www.adwokatura.krakow.pl\/\">www.adwokatura.krakow.pl<\/a>&nbsp;(zwanej dalej \u201e<strong>Serwis<\/strong>\u201d) jest Krakowska Izba Adwokacka z siedzib\u0105 przy ul. Batorego 17, 31-135 Krak\u00f3w, NIP: 676-12-88-578.<\/p>\n\n\n\n<p>Celem niniejszej polityki prywatno\u015bci jest nale\u017cyte poinformowanie Pa\u0144stwa o zasadach przetwarzania danych osobowych w ramach Serwisu w zwi\u0105zku ze zmianami, jakie w zakresie ochrony danych wprowadza rozporz\u0105dzenie Parlamentu Europejskiego i Rady (UE) 2016\/679 z dnia 27 kwietnia 2016 r. w sprawie ochrony os\u00f3b fizycznych w zwi\u0105zku z przetwarzaniem danych osobowych i w sprawie swobodnego przep\u0142ywu takich danych oraz uchylenia dyrektywy 95\/46\/WE (\u201e<strong>RODO<\/strong>\u201d),<\/p>\n\n\n\n<ol class=\"wp-block-list\">\n<li><strong>KATEGORIE OS\u00d3B, KT\u00d3RYCH DANE S\u0104 PRZETWARZANE W RAMACH SERWISU<\/strong><\/li>\n<\/ol>\n\n\n\n<p>W ramach Serwisu, KIA przetwarza dane osobowe nast\u0119puj\u0105cych kategorii os\u00f3b:<\/p>\n\n\n\n<p><strong>Kategoria I<\/strong>&nbsp;&#8211; adwokaci wykonuj\u0105cy zaw\u00f3d i nie wykonuj\u0105cy zawodu na obszarze obj\u0119tym w\u0142a\u015bciwo\u015bci\u0105 KIA (zwani dalej \u201e<strong>adwokatami<\/strong>\u201d);<\/p>\n\n\n\n<p><strong>Kategoria II<\/strong>&nbsp;&#8211; aplikanci adwokaccy odbywaj\u0105cy aplikacj\u0119 adwokack\u0105 na obszarze obj\u0119tym w\u0142a\u015bciwo\u015bci\u0105 KIA (zwani dalej \u201e<strong>aplikantami<\/strong>\u201d);<\/p>\n\n\n\n<p><strong>Kategoria III&nbsp;<\/strong>&#8211; osoby korzystaj\u0105ce z Serwisu poprzez formularz kontaktowy dost\u0119pny na stronie Serwisu (zwane dalej \u201e<strong>go\u015b\u0107mi<\/strong>\u201d);<\/p>\n\n\n\n<p><strong>Kategoria IV<\/strong>&nbsp;\u2013 lekarze s\u0105dowi z obszar\u00f3w w\u0142a\u015bciwo\u015bci s\u0105d\u00f3w okr\u0119gowych Apelacji Krakowskiej (zwani dalej \u201e<strong>lekarzami s\u0105dowymi<\/strong>\u201d).<\/p>\n\n\n\n<p>(Zwani dalej \u0142\u0105cznie \u201e<strong>U\u017cytkownikami<\/strong>\u201d)<\/p>\n\n\n\n<ol class=\"wp-block-list\">\n<li><strong>KATEGORIE DANYCH OSOBOWYCH, CEL I PODSTAWA PRAWNA ICH PRZETWARZANIA W RAMACH SERWISU<\/strong><\/li>\n<\/ol>\n\n\n\n<p>Dane gromadzone w ramach Serwisu przetwarzane s\u0105 w nast\u0119puj\u0105cych celach:<\/p>\n\n\n\n<ol class=\"wp-block-list\">\n<li>wykonania ustawowego obowi\u0105zku na\u0142o\u017conego na Okr\u0119gow\u0105 Rad\u0119 Adwokack\u0105, jako organ KIA w zakresie prowadzenia list adwokat\u00f3w<br>i aplikant\u00f3w adwokackich w formie dost\u0119pnej na stronie internetowej KIA;<\/li>\n\n\n\n<li>umo\u017cliwienia adwokatom udost\u0119pnienia danych osobowych na stronie internetowej KIA w zakresie przekraczaj\u0105cym obowi\u0105zek ustawowy;<\/li>\n\n\n\n<li>umo\u017cliwienia adwokatom uczestniczenia w szkoleniach on-line;<\/li>\n\n\n\n<li>umo\u017cliwienia go\u015bciom skontaktowania si\u0119 z KIA poprzez Serwis.<\/li>\n<\/ol>\n\n\n\n<ol class=\"wp-block-list\">\n<li><strong>Adwokaci<\/strong><\/li>\n<\/ol>\n\n\n\n<ol class=\"wp-block-list\">\n<li><strong>wykonuj\u0105cy zaw\u00f3d<\/strong><\/li>\n<\/ol>\n\n\n\n<p>W zakresie danych osobowych adwokat\u00f3w wykonuj\u0105cych zaw\u00f3d KIA przetwarza wy\u0142\u0105cznie kategorie danych zawarte w formularzach dost\u0119pnych<br>&nbsp;w Serwisie: \u201eformularz zg\u0142oszeniowy rozpocz\u0119cie wykonywania zawodu\u201d oraz \u201eformularz zmian\u201d .<\/p>\n\n\n\n<p>Dane te mo\u017cemy podzieli\u0107 na trzy kategorie:<\/p>\n\n\n\n<p><strong>Kategoria A<\/strong>&nbsp;\u2013 dane, kt\u00f3rych podanie jest obligatoryjne i wynika z przepisu prawa.<\/p>\n\n\n\n<p>Do danych tych nale\u017c\u0105: adres i nazwa kancelarii adwokackiej, zespo\u0142u adwokackiego lub sp\u00f3\u0142ki oraz adres dla dor\u0119cze\u0144.<\/p>\n\n\n\n<p>Podstaw\u0119 prawn\u0105 przetwarzania wskazanych danych stanowi art. 6 ust. 1 lit. c RODO w zw. z art. 71d w zw. z art. 49 ust. 1 i 2 w zw. z art. 58 pkt 12 lit. c ustawy z dnia 26 maja 1982 r. Prawo o adwokaturze (Dz.U.2017.2368 t.j.<br>z dnia 2017.12.19) w zw. z \u00a7 20 ust. 1 lit. a) \u2013 c) i \u00a7 25 ust. 1 \u201eRegulaminu organizacji i funkcjonowania okr\u0119gowych rad adwokackich\u201d Tekst jednolity opracowany na podstawie uchwa\u0142y nr 14\/02 Naczelnej Rady Adwokackiej<br>&nbsp;z dnia 28.09.2002 r.<\/p>\n\n\n\n<p>Dane tej kategorii b\u0119d\u0105 przetwarzane przez czas wynikaj\u0105cy z obowi\u0105zywania przepisu prawa stanowi\u0105cego podstaw\u0119 do ich przetwarzania.<\/p>\n\n\n\n<p><strong>Kategoria B<\/strong>&nbsp;\u2013 dane, kt\u00f3rych podanie jest niezb\u0119dne do rejestracji w Serwisie<br>i mo\u017cliwo\u015bci korzystania z Serwisu.<\/p>\n\n\n\n<p>Do danych tych nale\u017cy adres e-mail.<\/p>\n\n\n\n<p>Podstaw\u0119 prawn\u0105 przetwarzania wskazanych danych stanowi art. 6 ust. 1 lit. b RODO.<\/p>\n\n\n\n<p>Dane tej kategorii b\u0119d\u0105 przetwarzane przez okres korzystania przez adwokata<br>z Serwisu i nie d\u0142u\u017cej ni\u017c przez okres roku od daty zako\u0144czenia korzystania<br>&nbsp;z Serwisu.<\/p>\n\n\n\n<p><strong>Kategoria C<\/strong>&nbsp;\u2013 dane, kt\u00f3rych podanie jest dobrowolne i ma na celu zwi\u0119kszenie zakresu us\u0142ug informacyjnych w ramach Serwisu.<\/p>\n\n\n\n<p>Do danych tych nale\u017c\u0105: numer telefonu, adres e-mail.<\/p>\n\n\n\n<p>Podstaw\u0119 prawn\u0105 przetwarzania wskazanych danych stanowi art. 6 ust. 1 lit. a RODO.<\/p>\n\n\n\n<p>Dane tej kategorii b\u0119d\u0105 przetwarzane przez okres korzystania przez adwokata&nbsp; z Serwisu i do czasu cofni\u0119cia zgody przez adwokata, nie d\u0142u\u017cej ni\u017c przez okres roku od daty zako\u0144czenia korzystania<br>z Serwisu.<\/p>\n\n\n\n<p>Dow\u00f3d odebranej zgody na przetwarzanie danych w omawianym w niniejszej sekcji zakresie stanowi o\u015bwiadczenie adwokata z\u0142o\u017cone zgodnie z klauzul\u0105<br>o tre\u015bci jak ni\u017cej:<\/p>\n\n\n\n<p><em>\u201eWyra\u017cam zgod\u0119 na przetwarzanie danych osobowych udost\u0119pnionych przeze mnie dobrowolnie przez Administratora danych osobowych tj. Krakowsk\u0105 Izb\u0119 Adwokack\u0105 z siedzib\u0105 przy ul. Batorego 17, 31-135 Krak\u00f3w, NIP: 676-12-88-578. (\u201eKIA\u201d) w celu opublikowania tych danych na stronie internetowej KIA na podstawie art. 6 pkt. 1 ust. a rozporz\u0105dzenia Parlamentu Europejskiego i Rady (UE) 2016\/679 z dnia 27 kwietnia 2016 r. w sprawie ochrony os\u00f3b fizycznych w zwi\u0105zku z przetwarzaniem danych osobowych i w sprawie swobodnego przep\u0142ywu takich danych oraz uchylenia dyrektywy 95\/46\/WE\u201d.<\/em><\/p>\n\n\n\n<ol class=\"wp-block-list\">\n<li><strong>nie wykonuj\u0105cy zawodu<\/strong><\/li>\n<\/ol>\n\n\n\n<p>W zakresie danych osobowych adwokat\u00f3w nie wykonuj\u0105cych zawodu KIA przetwarza wy\u0142\u0105cznie dane, kt\u00f3rych podanie jest obligatoryjne i wynika<br>&nbsp;z przepisu prawa.<\/p>\n\n\n\n<p>Do danych tych nale\u017c\u0105: imi\u0119 i nazwisko i numer wpisu.<\/p>\n\n\n\n<p>Podstaw\u0119 prawn\u0105 przetwarzania wskazanych danych stanowi art. 6 ust. 1 lit. c RODO w zw. z art. 49 ust. 1 i 2 w zw. z art. 58 pkt 12 lit. c ustawy z dnia<br>26 maja 1982 r. Prawo o adwokaturze (Dz.U.2017.2368 t.j. z dnia 2017.12.19)<br>w zw. z \u00a7 20 ust. 1 lit. d) \u201eRegulaminu organizacji i funkcjonowania okr\u0119gowych rad adwokackich\u201d Tekst jednolity opracowany na podstawie uchwa\u0142y nr 14\/02 Naczelnej Rady Adwokackiej z dnia 28.09.2002 r.<\/p>\n\n\n\n<p>Dane obj\u0119te niniejsz\u0105 sekcj\u0105 b\u0119d\u0105 przetwarzane przez czas wynikaj\u0105cy<br>&nbsp;z obowi\u0105zywania przepisu prawa stanowi\u0105cego podstaw\u0119 do ich przetwarzania.<\/p>\n\n\n\n<ol class=\"wp-block-list\" start=\"2\">\n<li><strong>Aplikanci<\/strong><\/li>\n<\/ol>\n\n\n\n<p>W zakresie danych osobowych aplikant\u00f3w KIA przetwarza wy\u0142\u0105cznie dane, kt\u00f3rych podanie jest obligatoryjne i wynika z przepisu prawa.<\/p>\n\n\n\n<p>Do danych tych nale\u017c\u0105: imi\u0119 i nazwisko i numer wpisu.<\/p>\n\n\n\n<p>Podstaw\u0119 prawn\u0105 przetwarzania wskazanych danych stanowi art. 6 ust. 1 lit. c RODO w zw. z art. 49 ust. 1 i 2 w zw. z art. 58 pkt 12 lit. c ustawy z dnia 26 maja 1982 r. Prawo o adwokaturze (Dz.U.2017.2368 t.j. z dnia 2017.12.19)<br>w zw. z \u00a7 20 ust. 3 \u201eRegulaminu organizacji i funkcjonowania okr\u0119gowych rad adwokackich\u201d Tekst jednolity opracowany na podstawie uchwa\u0142y nr 14\/02 Naczelnej Rady Adwokackiej z dnia 28.09.2002 r.<\/p>\n\n\n\n<p>Dane obj\u0119te niniejsz\u0105 sekcj\u0105 b\u0119d\u0105 przetwarzane przez czas wynikaj\u0105cy<br>z obowi\u0105zywania przepisu prawa stanowi\u0105cego podstaw\u0119 do ich przetwarzania.<\/p>\n\n\n\n<ol class=\"wp-block-list\" start=\"3\">\n<li><strong>Go\u015bcie<\/strong><\/li>\n<\/ol>\n\n\n\n<p>W zakresie danych osobowych go\u015bci KIA przetwarza wy\u0142\u0105cznie kategorie danych zawarte w formularzu kontaktowym dost\u0119pnym w zak\u0142adce \u201ekontakt\u201d.<\/p>\n\n\n\n<p>&nbsp;&nbsp;&nbsp;&nbsp;&nbsp;&nbsp;&nbsp; Do danych tych nale\u017c\u0105: imi\u0119, nazwisko, adres e-mail oraz numer telefonu.<\/p>\n\n\n\n<p>Podstaw\u0119 prawn\u0105 przetwarzania wskazanych danych stanowi art. 6 ust. 1 lit. a RODO.<\/p>\n\n\n\n<p>Dane obj\u0119te niniejsz\u0105 sekcj\u0105 b\u0119d\u0105 przetwarzane przez okres trwania procedury odpowiedzi na zapytanie i do czasu cofni\u0119cia zgody przez go\u015bcia, nie d\u0142u\u017cej jednak ni\u017c rok od daty zako\u0144czenia procedury odpowiedzi na zapytanie.<\/p>\n\n\n\n<p>Dow\u00f3d odebranej zgody na przetwarzanie danych w omawianym w niniejszej sekcji zakresie stanowi o\u015bwiadczenie go\u015bcia z\u0142o\u017cone zgodnie z klauzul\u0105<br>o tre\u015bci jak ni\u017cej:<\/p>\n\n\n\n<p><em>\u201eWyra\u017cam zgod\u0119 na przetwarzanie danych osobowych udost\u0119pnionych przeze mnie dobrowolnie w formularzu kontaktowym przez Administratora danych osobowych tj. Krakowsk\u0105 Izb\u0119 Adwokack\u0105 z siedzib\u0105 przy ul. Batorego 17, 31-135 Krak\u00f3w, NIP: 676-12-88-578. (\u201eKIA\u201d) w celu przeprowadzenia procedury odpowiedzi na zg\u0142oszone za po\u015brednictwem formularza kontaktowego&nbsp; dost\u0119pnego na stronie internetowej KIA zapytanie na podstawie art. 6 pkt. 1 ust. a rozporz\u0105dzenia Parlamentu Europejskiego i Rady (UE) 2016\/679 z dnia 27 kwietnia 2016 r.<br>w sprawie ochrony os\u00f3b fizycznych w zwi\u0105zku z przetwarzaniem danych osobowych i w sprawie swobodnego przep\u0142ywu takich danych oraz uchylenia dyrektywy 95\/46\/WE\u201d.<\/em><\/p>\n\n\n\n<ol class=\"wp-block-list\" start=\"4\">\n<li><strong>Lekarze s\u0105dowi<\/strong><\/li>\n<\/ol>\n\n\n\n<p>W zakresie danych osobowych lekarzy s\u0105dowych KIA przetwarza wy\u0142\u0105cznie kategorie danych, kt\u00f3rych podanie jest obligatoryjne i wynika z przepisu prawa.<\/p>\n\n\n\n<p>Do danych tych nale\u017c\u0105: imi\u0119 i nazwisko wraz z numerem telefonu, numer prawa wykonywania zawodu, termin rozpocz\u0119cia i zako\u0144czenia wykonywania czynno\u015bci lekarza s\u0105dowego.<\/p>\n\n\n\n<p>Podstaw\u0119 prawn\u0105 przetwarzania wskazanych danych stanowi art. 6 ust. 1 lit. c RODO w zw. z art. 7 ust. 2 i 3 ustawy z dnia 1 lipca 2011 r. o lekarzu s\u0105dowym (Dz.U.2007.123.849 z dnia 2007.07.09).<\/p>\n\n\n\n<p>Dane obj\u0119te niniejsz\u0105 sekcj\u0105 s\u0105 dost\u0119pne wy\u0142\u0105cznie dla adwokat\u00f3w zarejestrowanych w Serwisie i b\u0119d\u0105 przetwarzane przez czas wynikaj\u0105cy<br>z obowi\u0105zywania przepisu prawa stanowi\u0105cego podstaw\u0119 do ich przetwarzania.<\/p>\n\n\n\n<ul class=\"wp-block-list\">\n<li><strong>KTO PRZETWARZA DANE U\u017bYTKOWNIK\u00d3W W RAMACH SERWISU<\/strong><\/li>\n<\/ul>\n\n\n\n<p>W celu w\u0142a\u015bciwego wykonania us\u0142ugi dost\u0119pnej w ramach Serwisu KIA korzysta<br>z wyspecjalizowanego podmiotu trzeciego Agendo Sp. z o.o., kt\u00f3remu powierza przetwarzanie danych osobowych U\u017cytkownik\u00f3w w swoim imieniu na podstawie umowy cywilnoprawnej oraz umowy powierzenia danych osobowych.<\/p>\n\n\n\n<p>Agendo sp. z.o.o. \u015bwiadczy na rzecz KIA us\u0142ugi programistyczne w zakresie Serwisu.<\/p>\n\n\n\n<p>Informacje w zakresie plik\u00f3w cookies stosowanych w ramach Serwisu dost\u0119pne s\u0105 pod linkiem&nbsp;<a href=\"https:\/\/adwokatura.krakow.pl\/polityka-cookie\/#pp95\">https:\/\/adwokatura.krakow.pl\/polityka-cookie\/#pp95<\/a>. Zach\u0119camy do zapoznania si\u0119 z polityk\u0105 cookie.<\/p>\n\n\n\n<ol class=\"wp-block-list\">\n<li><strong>W JAKI SPOS\u00d3B DANE OSOBOWE U\u017bYTKOWNIK\u00d3W S\u0104 PRZETWARZANE<br>W RAMACH SERWISU<\/strong><\/li>\n<\/ol>\n\n\n\n<p>Dane osobowe U\u017cytkownik\u00f3w s\u0105 przetwarzane wy\u0142\u0105cznie w zakresie kategorii os\u00f3b<br>&nbsp;i kategorii danych oraz cel\u00f3w wskazanych w niniejszej polityce prywatno\u015bci oraz wy\u0142\u0105cznie w obr\u0119bie zasi\u0119gu terytorialnego Unii Europejskiej.<\/p>\n\n\n\n<p>W ramach Serwisu nie przekazujemy danych osobowych do pa\u0144stw trzecich,<br>tj. nienale\u017c\u0105cych do Europejskiego Obszaru Gospodarczego.<\/p>\n\n\n\n<p>W zakresie funkcjonalno\u015bci dost\u0119pnych w ramach Serwisu istnieje mo\u017cliwo\u015b\u0107 po\u0142\u0105czenia si\u0119 za po\u015brednictwem Serwisu z aplikacjami podmiot\u00f3w zewn\u0119trznych takich jak Extranet zapewniaj\u0105cy dost\u0119p do Systemu Obs\u0142ugi Adwokatury, portal spo\u0142eczno\u015bciowy Facebook czy serwis internetowy Youtube (zwane dalej \u0142\u0105cznie \u201e<strong>podmiotami zewn\u0119trznymi<\/strong>\u201d). Serwis nie przetwarza danych osobowych udost\u0119pnionych przez U\u017cytkownik\u00f3w podmiotom zewn\u0119trznym, jak r\u00f3wnie\u017c<br>w ramach dost\u0119pnych funkcjonalno\u015bci nie ma wp\u0142ywu na charakter i zakres przetwarzania danych osobowych U\u017cytkownik\u00f3w przez te podmioty zewn\u0119trzne.<\/p>\n\n\n\n<p>W celu zapoznania si\u0119 z zasadami przetwarzania danych osobowych U\u017cytkownik\u00f3w przez podmioty zewn\u0119trzne zach\u0119camy do zapoznania si\u0119 z ich politykami prywatno\u015bci.<\/p>\n\n\n\n<ol class=\"wp-block-list\">\n<li><strong>PRAWA U\u017bYTKOWNIK\u00d3W<\/strong><\/li>\n<\/ol>\n\n\n\n<p>U\u017cytkownikom przys\u0142uguje prawo dost\u0119pu do danych i ich sprostowania oraz usuni\u0119cia danych, a tak\u017ce prawo do cofni\u0119cia zgody. Dla adwokat\u00f3w poprzez wype\u0142nienie i z\u0142o\u017cenie pisemnego wniosku dost\u0119pnego w Serwisie w formie dokumentu zatytu\u0142owanego: \u201eformularz zmian\u201d. Dla pozosta\u0142ych U\u017cytkownik\u00f3w w formie przez nich wybranej.<\/p>\n\n\n\n<p>U\u017cytkownikom przys\u0142uguje prawo \u017c\u0105dania ograniczenia przetwarzania danych, lub prawo do wniesienia sprzeciwu wobec przetwarzania danych, prawo do przeniesienia danych oraz z\u0142o\u017cenia skargi na niezgodne z prawem przetwarzanie danych osobowych do organu nadzorczego w trybie i na zasadach przewidzianych<br>w prawie polskim.<\/p>\n\n\n\n<ol class=\"wp-block-list\">\n<li><strong>INSPEKTOR OCHRONY DANYCH<\/strong><\/li>\n<\/ol>\n\n\n\n<p>Kontakt z Inspektorem ochrony danych pod adresem&nbsp; e-mail&nbsp;<a href=\"mailto:iod@adwokatura.krakow.pl\">iod@adwokatura.krakow.pl<\/a>&nbsp;lub pisemnie na adres KIA ul. Batorego 17, 31-135 Krak\u00f3w.<\/p>\n\n\n\n<ul class=\"wp-block-list\">\n<li><strong>ZMIANY I AKTUALIZACJA POLITYKI PRYWATNO\u015aCI<\/strong><\/li>\n<\/ul>\n\n\n\n<p>W celu zapewnienia mo\u017cliwie najpe\u0142niejszej ochrony w zakresie przetwarzania danych osobowych U\u017cytkownik\u00f3w w ramach Serwisu dokonujemy bie\u017c\u0105cej aktualizacji kategorii os\u00f3b, kategorii danych i cel\u00f3w dla kt\u00f3rych dane te s\u0105 przetwarzane zgodnie z obowi\u0105zuj\u0105cymi regulacjami prawnymi.<\/p>\n\n\n\n<p>Zastrzegamy sobie mo\u017cliwo\u015b\u0107 zmiany polityki prywatno\u015bci, o ile b\u0119dzie to konieczne z uwagi na zmiany w zakresie obowi\u0105zuj\u0105cych przepis\u00f3w prawnych,<br>w tym w szczeg\u00f3lno\u015bci przepis\u00f3w prawa krajowego, wytycznych organu nadzorczego w zakresie ochrony danych osobowych, wprowadzenia Kodeksu Bran\u017cowego lub zmian w prawie europejskim, a tak\u017ce z punktu widzenia wdra\u017canych technologii.&nbsp;<\/p>\n\n\n\n<p>***<\/p>\n\n\n\n<p><em>Niniejsza polityka prywatno\u015bci podlega ochronie prawnej na podstawie przepis\u00f3w ustawy z dnia 4 lutego 1994 r. o prawie autorskim i prawach pokrewnych (Dz.U.2017.880 t.j. z dnia 2017.05.05). Bez zgody autora zabronione jest m.in. powielanie tre\u015bci, ich kopiowanie, przedruk, przechowywanie i przetwarzanie<br>&nbsp;z zastosowaniem jakichkolwiek \u015brodk\u00f3w elektronicznych, zar\u00f3wno w ca\u0142o\u015bci, jak<br>&nbsp;i w cz\u0119\u015bci.<\/em><\/p>\n\n\n\n<p><em>Niniejsza polityka prywatno\u015bci i tre\u015bci w niej zawarte nie s\u0105 poradami prawnymi<br>&nbsp;i nie stanowi\u0105 \u015bwiadczenia pomocy prawnej w rozumieniu art. 4 ust. 1 ustawy<br>&nbsp;z dnia 26 maja 1982 r. Prawo o adwokaturze (Dz.U.2017.2368 t.j. z dnia 2017.12.19).<\/em><\/p>\n\n\n\n<p><em>W Serwisie umieszczone s\u0105 \u0142\u0105cza do serwis\u00f3w internetowych: Facebook oraz Youtube. Informujemy, \u017ce nie ponosimy \u017cadnej odpowiedzialno\u015bci za tre\u015bci zawarte w tych serwisach.<\/em><\/p>\n\n\n\n<p><em><a href=\"https:\/\/adwokatura.krakow.pl\/data\/domains\/1\/pl\/filemanager_files\/180529_polityka_prywatnosci_poczta_1-grudnia-2018.docx\">POLITYKA PRYWATNO\u015aCI POCZTY ELEKTRONICZNEJ.pdf<\/a><\/em><\/p>\n\n\n\n<p><a href=\"https:\/\/adwokatura.krakow.pl\/data\/domains\/1\/pl\/filemanager_files\/polityka_prywatnosci_strona_ora-final.docx\"><em>POLITYKA PRYWATNO\u015aCI STRONY INTERNETOWEJ KIA.pdf<\/em><\/a><\/p>\n\n\n\n<p><em><a href=\"https:\/\/adwokatura.krakow.pl\/data\/domains\/1\/pl\/filemanager_files\/umowa-powierzenia-21.pdf\">UMOWA POWIERZENIA.pdf<\/a><\/em><\/p>\n\n\n\n<p><em><a href=\"https:\/\/adwokatura.krakow.pl\/data\/domains\/1\/pl\/filemanager_files\/stopka-ora-1.pdf\">POLITYKA PRYWATNO\u015aCI DOT. KORESP. E-MAIL.pdf<\/a><\/em><\/p>\n","protected":false},"excerpt":{"rendered":"<p>strony internetowej Krakowskiej Izby Adwokackiej(zwana dalej \u201epolityka prywatno\u015bci\u201d) Administratorem danych osobowych przetwarzanych w ramach strony internetowej Krakowskiej Izby Adwokackiej (zwanej dalej \u201eKIA\u201d) pod adresem&nbsp;www.adwokatura.krakow.pl&nbsp;(zwanej dalej \u201eSerwis\u201d) jest Krakowska Izba Adwokacka z siedzib\u0105 przy ul. Batorego 17, 31-135 Krak\u00f3w, NIP: 676-12-88-578. Celem niniejszej polityki prywatno\u015bci jest nale\u017cyte poinformowanie Pa\u0144stwa o zasadach przetwarzania danych osobowych w ramach [&hellip;]<\/p>\n","protected":false},"author":1,"featured_media":0,"parent":0,"menu_order":0,"comment_status":"closed","ping_status":"closed","template":"","meta":{"_acf_changed":false,"inline_featured_image":false,"footnotes":""},"class_list":["post-381","page","type-page","status-publish","hentry"],"acf":[],"_links":{"self":[{"href":"https:\/\/adwokatura.krakow.pl\/adwokaci-i-aplikanci\/wp-json\/wp\/v2\/pages\/381","targetHints":{"allow":["GET"]}}],"collection":[{"href":"https:\/\/adwokatura.krakow.pl\/adwokaci-i-aplikanci\/wp-json\/wp\/v2\/pages"}],"about":[{"href":"https:\/\/adwokatura.krakow.pl\/adwokaci-i-aplikanci\/wp-json\/wp\/v2\/types\/page"}],"author":[{"embeddable":true,"href":"https:\/\/adwokatura.krakow.pl\/adwokaci-i-aplikanci\/wp-json\/wp\/v2\/users\/1"}],"replies":[{"embeddable":true,"href":"https:\/\/adwokatura.krakow.pl\/adwokaci-i-aplikanci\/wp-json\/wp\/v2\/comments?post=381"}],"version-history":[{"count":3,"href":"https:\/\/adwokatura.krakow.pl\/adwokaci-i-aplikanci\/wp-json\/wp\/v2\/pages\/381\/revisions"}],"predecessor-version":[{"id":2932,"href":"https:\/\/adwokatura.krakow.pl\/adwokaci-i-aplikanci\/wp-json\/wp\/v2\/pages\/381\/revisions\/2932"}],"wp:attachment":[{"href":"https:\/\/adwokatura.krakow.pl\/adwokaci-i-aplikanci\/wp-json\/wp\/v2\/media?parent=381"}],"curies":[{"name":"wp","href":"https:\/\/api.w.org\/{rel}","templated":true}]}}