{"id":3874,"date":"2024-05-09T11:34:17","date_gmt":"2024-05-09T09:34:17","guid":{"rendered":"https:\/\/adwokatura.krakow.pl\/adwokaci-i-aplikanci\/?page_id=3874"},"modified":"2024-05-09T11:35:14","modified_gmt":"2024-05-09T09:35:14","slug":"dyzur-dziekanski","status":"publish","type":"page","link":"https:\/\/adwokatura.krakow.pl\/adwokaci-i-aplikanci\/dyzur-dziekanski\/","title":{"rendered":"Dy\u017cur dzieka\u0144ski"},"content":{"rendered":"\n<p><em>Szanowni Pa\u0144stwo,<\/em><\/p>\n\n\n\n<p>Biuro Okr\u0119gowej Rady Adwokackiej uprzejmie zawiadamia, i\u017c Dziekan KIA b\u0119dzie przyjmowa\u0142 w ramach dy\u017curu dzieka\u0144skiego w ka\u017cd\u0105 \u015brod\u0119.<\/p>\n\n\n\n<p>Aby um\u00f3wi\u0107 si\u0119 na dy\u017cur dzieka\u0144ski nale\u017cy skontaktowa\u0107 si\u0119 z sekretariatem Biura ORA pod numerem kom. 728 871 909 i po ustaleniu daty oraz godziny dy\u017curu wskaza\u0107 preferowan\u0105 form\u0119 kontaktu z Panem Dziekanem.<\/p>\n","protected":false},"excerpt":{"rendered":"<p>Szanowni Pa\u0144stwo, Biuro Okr\u0119gowej Rady Adwokackiej uprzejmie zawiadamia, i\u017c Dziekan KIA b\u0119dzie przyjmowa\u0142 w ramach dy\u017curu dzieka\u0144skiego w ka\u017cd\u0105 \u015brod\u0119. Aby um\u00f3wi\u0107 si\u0119 na dy\u017cur dzieka\u0144ski nale\u017cy skontaktowa\u0107 si\u0119 z sekretariatem Biura ORA pod numerem kom. 728 871 909 i po ustaleniu daty oraz godziny dy\u017curu wskaza\u0107 preferowan\u0105 form\u0119 kontaktu z Panem Dziekanem.<\/p>\n","protected":false},"author":1,"featured_media":0,"parent":0,"menu_order":0,"comment_status":"closed","ping_status":"closed","template":"","meta":{"_acf_changed":false,"inline_featured_image":false,"footnotes":""},"class_list":["post-3874","page","type-page","status-publish","hentry"],"acf":[],"_links":{"self":[{"href":"https:\/\/adwokatura.krakow.pl\/adwokaci-i-aplikanci\/wp-json\/wp\/v2\/pages\/3874","targetHints":{"allow":["GET"]}}],"collection":[{"href":"https:\/\/adwokatura.krakow.pl\/adwokaci-i-aplikanci\/wp-json\/wp\/v2\/pages"}],"about":[{"href":"https:\/\/adwokatura.krakow.pl\/adwokaci-i-aplikanci\/wp-json\/wp\/v2\/types\/page"}],"author":[{"embeddable":true,"href":"https:\/\/adwokatura.krakow.pl\/adwokaci-i-aplikanci\/wp-json\/wp\/v2\/users\/1"}],"replies":[{"embeddable":true,"href":"https:\/\/adwokatura.krakow.pl\/adwokaci-i-aplikanci\/wp-json\/wp\/v2\/comments?post=3874"}],"version-history":[{"count":2,"href":"https:\/\/adwokatura.krakow.pl\/adwokaci-i-aplikanci\/wp-json\/wp\/v2\/pages\/3874\/revisions"}],"predecessor-version":[{"id":3876,"href":"https:\/\/adwokatura.krakow.pl\/adwokaci-i-aplikanci\/wp-json\/wp\/v2\/pages\/3874\/revisions\/3876"}],"wp:attachment":[{"href":"https:\/\/adwokatura.krakow.pl\/adwokaci-i-aplikanci\/wp-json\/wp\/v2\/media?parent=3874"}],"curies":[{"name":"wp","href":"https:\/\/api.w.org\/{rel}","templated":true}]}}

Dyżur dziekański

<p><em>Szanowni Państwo,</em></p>



<p>Biuro Okręgowej Rady Adwokackiej uprzejmie zawiadamia, iż Dziekan KIA będzie przyjmował w ramach dyżuru dziekańskiego w każdą środę.</p>



<p>Aby umówić się na dyżur dziekański należy skontaktować się z sekretariatem Biura ORA pod numerem kom. 728 871 909 i po ustaleniu daty oraz godziny dyżuru wskazać preferowaną formę kontaktu z Panem Dziekanem.</p>

<p>Szanowni Państwo, Biuro Okręgowej Rady Adwokackiej uprzejmie zawiadamia, iż Dziekan KIA będzie przyjmował w ramach dyżuru dziekańskiego w każdą środę. Aby umówić się na dyżur dziekański należy skontaktować się z sekretariatem Biura ORA pod numerem kom. 728 871 909 i po ustaleniu daty oraz godziny dyżuru wskazać preferowaną formę kontaktu z Panem Dziekanem.</p>
