{"id":6213,"date":"2025-09-11T11:45:35","date_gmt":"2025-09-11T09:45:35","guid":{"rendered":"https:\/\/adwokatura.krakow.pl\/adwokaci-i-aplikanci\/?page_id=6213"},"modified":"2025-10-15T09:02:01","modified_gmt":"2025-10-15T07:02:01","slug":"samorzad-aplikantow-adwokackich","status":"publish","type":"page","link":"https:\/\/adwokatura.krakow.pl\/adwokaci-i-aplikanci\/dla-aplikantow\/samorzad-aplikantow-adwokackich\/","title":{"rendered":"Samorz\u0105d Aplikant\u00f3w Adwokackich"},"content":{"rendered":"\n<figure class=\"wp-block-table\"><table class=\"has-fixed-layout\"><tbody><tr><td><strong>Przewodnicz\u0105ca Samorz\u0105du Aplikant\u00f3w<\/strong><\/td><td><em>Agnieszka Rutkowska<\/em><\/td><td><a href=\"mailto:arutkowska178@gmail.com\">arutkowska178@gmail.com<\/a><\/td><\/tr><tr><td><strong>Przedstawiciel III roku aplikacji, starosta III roku<\/strong><\/td><td><em>Magdalena Kurdziel<\/em><\/td><td><a href=\"mailto:magdalena.zofia.kurdziel@gmail.com\">magdalena.zofia.kurdziel@gmail.com<\/a><\/td><\/tr><tr><td><strong>Przedstawiciel II roku aplikacji, starosta II roku<\/strong><\/td><td><em>Julia Maciejczyk<\/em><\/td><td><a href=\"mailto:julia.maciejczyk99@gmail.com\">julia.maciejczyk99@gmail.com<\/a>\u00a0<\/td><\/tr><tr><td><strong>Przedstawiciel I roku aplikacji, starosta I roku<\/strong><\/td><td><em>Dominika Wojto\u0144<\/em><\/td><td><a href=\"mailto:dominikaewojton@gmail.com\">dominikaewojton@gmail.com<\/a>\u00a0<\/td><\/tr><\/tbody><\/table><\/figure>\n\n\n\n<p><\/p>\n","protected":false},"excerpt":{"rendered":"<p>Przewodnicz\u0105ca Samorz\u0105du Aplikant\u00f3w Agnieszka Rutkowska arutkowska178@gmail.com Przedstawiciel III roku aplikacji, starosta III roku Magdalena Kurdziel magdalena.zofia.kurdziel@gmail.com Przedstawiciel II roku aplikacji, starosta II roku Julia Maciejczyk julia.maciejczyk99@gmail.com\u00a0 Przedstawiciel I roku aplikacji, starosta I roku Dominika Wojto\u0144 dominikaewojton@gmail.com\u00a0<\/p>\n","protected":false},"author":9,"featured_media":0,"parent":32,"menu_order":7,"comment_status":"closed","ping_status":"closed","template":"","meta":{"_acf_changed":false,"inline_featured_image":false,"footnotes":""},"class_list":["post-6213","page","type-page","status-publish","hentry"],"acf":[],"_links":{"self":[{"href":"https:\/\/adwokatura.krakow.pl\/adwokaci-i-aplikanci\/wp-json\/wp\/v2\/pages\/6213","targetHints":{"allow":["GET"]}}],"collection":[{"href":"https:\/\/adwokatura.krakow.pl\/adwokaci-i-aplikanci\/wp-json\/wp\/v2\/pages"}],"about":[{"href":"https:\/\/adwokatura.krakow.pl\/adwokaci-i-aplikanci\/wp-json\/wp\/v2\/types\/page"}],"author":[{"embeddable":true,"href":"https:\/\/adwokatura.krakow.pl\/adwokaci-i-aplikanci\/wp-json\/wp\/v2\/users\/9"}],"replies":[{"embeddable":true,"href":"https:\/\/adwokatura.krakow.pl\/adwokaci-i-aplikanci\/wp-json\/wp\/v2\/comments?post=6213"}],"version-history":[{"count":2,"href":"https:\/\/adwokatura.krakow.pl\/adwokaci-i-aplikanci\/wp-json\/wp\/v2\/pages\/6213\/revisions"}],"predecessor-version":[{"id":6381,"href":"https:\/\/adwokatura.krakow.pl\/adwokaci-i-aplikanci\/wp-json\/wp\/v2\/pages\/6213\/revisions\/6381"}],"up":[{"embeddable":true,"href":"https:\/\/adwokatura.krakow.pl\/adwokaci-i-aplikanci\/wp-json\/wp\/v2\/pages\/32"}],"wp:attachment":[{"href":"https:\/\/adwokatura.krakow.pl\/adwokaci-i-aplikanci\/wp-json\/wp\/v2\/media?parent=6213"}],"curies":[{"name":"wp","href":"https:\/\/api.w.org\/{rel}","templated":true}]}}

Samorząd Aplikantów Adwokackich

<figure class="wp-block-table"><table class="has-fixed-layout"><tbody><tr><td><strong>Przewodnicząca Samorządu Aplikantów</strong></td><td><em>Agnieszka Rutkowska</em></td><td><a href="mailto:arutkowska178@gmail.com">arutkowska178@gmail.com</a></td></tr><tr><td><strong>Przedstawiciel III roku aplikacji, starosta III roku</strong></td><td><em>Magdalena Kurdziel</em></td><td><a href="mailto:magdalena.zofia.kurdziel@gmail.com">magdalena.zofia.kurdziel@gmail.com</a></td></tr><tr><td><strong>Przedstawiciel II roku aplikacji, starosta II roku</strong></td><td><em>Julia Maciejczyk</em></td><td><a href="mailto:julia.maciejczyk99@gmail.com">julia.maciejczyk99@gmail.com</a> </td></tr><tr><td><strong>Przedstawiciel I roku aplikacji, starosta I roku</strong></td><td><em>Dominika Wojtoń</em></td><td><a href="mailto:dominikaewojton@gmail.com">dominikaewojton@gmail.com</a> </td></tr></tbody></table></figure>



<p></p>

<p>Przewodnicząca Samorządu Aplikantów Agnieszka Rutkowska arutkowska178@gmail.com Przedstawiciel III roku aplikacji, starosta III roku Magdalena Kurdziel magdalena.zofia.kurdziel@gmail.com Przedstawiciel II roku aplikacji, starosta II roku Julia Maciejczyk julia.maciejczyk99@gmail.com  Przedstawiciel I roku aplikacji, starosta I roku Dominika Wojtoń dominikaewojton@gmail.com </p>
