{"id":6319,"date":"2025-09-25T14:30:46","date_gmt":"2025-09-25T12:30:46","guid":{"rendered":"https:\/\/adwokatura.krakow.pl\/adwokaci-i-aplikanci\/?page_id=6319"},"modified":"2025-09-25T14:30:47","modified_gmt":"2025-09-25T12:30:47","slug":"trzecia-edycja-kursu-strzeleckiego-dla-adwokatow-i-aplikantow","status":"publish","type":"page","link":"https:\/\/adwokatura.krakow.pl\/adwokaci-i-aplikanci\/trzecia-edycja-kursu-strzeleckiego-dla-adwokatow-i-aplikantow\/","title":{"rendered":"TRZECIA EDYCJA KURSU STRZELECKIEGO DLA ADWOKAT\u00d3W I APLIKANT\u00d3W!"},"content":{"rendered":"\n<figure class=\"wp-block-image size-full is-resized\"><img loading=\"lazy\" decoding=\"async\" width=\"707\" height=\"1000\" src=\"https:\/\/adwokatura.krakow.pl\/adwokaci-i-aplikanci\/wp-content\/uploads\/sites\/2\/2025\/09\/bron.png\" alt=\"\" class=\"wp-image-6320\" style=\"width:617px;height:auto\" srcset=\"https:\/\/adwokatura.krakow.pl\/adwokaci-i-aplikanci\/wp-content\/uploads\/sites\/2\/2025\/09\/bron.png 707w, https:\/\/adwokatura.krakow.pl\/adwokaci-i-aplikanci\/wp-content\/uploads\/sites\/2\/2025\/09\/bron-212x300.png 212w\" sizes=\"auto, (max-width: 707px) 100vw, 707px\" \/><\/figure>\n\n\n\n<p><a><\/a><img loading=\"lazy\" decoding=\"async\" height=\"16\" width=\"16\" alt=\"\ud83d\ude0d\" src=\"https:\/\/static.xx.fbcdn.net\/images\/emoji.php\/v9\/t2\/1\/16\/1f60d.png\"><a href=\"https:\/\/www.facebook.com\/hashtag\/nowoczesna?__eep__=6&amp;__cft__[0]=AZVZFohjZ2ASGJARQ7p1FGblsGeWX_GqRgT62oduw1K7xkLlMRlfvfSBKB2yrLhv3YwVmVjbYwRJJL74zdtTH9hadi_0gF488zcD7DXd1kxtnDxIFrqKUqqfnLlRd6_ZVpZZTjtS_usLzkaf73RId5z5bccHG1RY4OssWGo2swYWEev0YQAUG6DNlzzrhQHhM9w&amp;__tn__=*NK-R\">#Nowoczesna<\/a> Adwokatura zaprasza na trzeci\u0105 edycj\u0119 kursu strzeleckiego! To doskona\u0142a okazja, aby zdoby\u0107 nowe umiej\u0119tno\u015bci, poprawi\u0107 celno\u015b\u0107 i sp\u0119dzi\u0107 czas w gronie profesjonalist\u00f3w.<\/p>\n\n\n\n<p><img loading=\"lazy\" decoding=\"async\" height=\"16\" width=\"16\" alt=\"\ud83d\udc49\" src=\"https:\/\/static.xx.fbcdn.net\/images\/emoji.php\/v9\/t51\/1\/16\/1f449.png\">Koszt uczestnictwa w szkoleniu to PLN 350.<\/p>\n\n\n\n<p><img loading=\"lazy\" decoding=\"async\" height=\"16\" width=\"16\" alt=\"\ud83d\udc49\" src=\"https:\/\/static.xx.fbcdn.net\/images\/emoji.php\/v9\/t51\/1\/16\/1f449.png\">Data: 25 pa\u017adziernika 2025<\/p>\n\n\n\n<p><img loading=\"lazy\" decoding=\"async\" height=\"16\" width=\"16\" alt=\"\ud83d\udc49\" src=\"https:\/\/static.xx.fbcdn.net\/images\/emoji.php\/v9\/t51\/1\/16\/1f449.png\"> Godzina: 10:00 do 14:00<\/p>\n\n\n\n<p><img loading=\"lazy\" decoding=\"async\" height=\"16\" width=\"16\" alt=\"\ud83d\udc49\" src=\"https:\/\/static.xx.fbcdn.net\/images\/emoji.php\/v9\/t51\/1\/16\/1f449.png\">Lokalizacja: strzelnica przy ul. Golik\u00f3wka 12N w Krakowie.<\/p>\n\n\n\n<p>Zg\u0142oszenia przyjmujemy do 10 pa\u017adziernika !<\/p>\n\n\n\n<p>Liczba miejsc ograniczona \u2013 tylko 30 os\u00f3b! Decyduje kolejno\u015b\u0107 zg\u0142osze\u0144.<\/p>\n\n\n\n<p><img loading=\"lazy\" decoding=\"async\" height=\"16\" width=\"16\" alt=\"\ud83d\udc40\" src=\"https:\/\/static.xx.fbcdn.net\/images\/emoji.php\/v9\/tc8\/1\/16\/1f440.png\">Nie zwlekaj \u2013 zapisz si\u0119 ju\u017c teraz i we\u017a udzia\u0142 w tej wyj\u0105tkowej inicjatywie!<\/p>\n\n\n\n<p><a href=\"https:\/\/www.facebook.com\/hashtag\/nowoczesnaadwokatura?__eep__=6&amp;__cft__[0]=AZVZFohjZ2ASGJARQ7p1FGblsGeWX_GqRgT62oduw1K7xkLlMRlfvfSBKB2yrLhv3YwVmVjbYwRJJL74zdtTH9hadi_0gF488zcD7DXd1kxtnDxIFrqKUqqfnLlRd6_ZVpZZTjtS_usLzkaf73RId5z5bccHG1RY4OssWGo2swYWEev0YQAUG6DNlzzrhQHhM9w&amp;__tn__=*NK-R\">#NowoczesnaAdwokatura<\/a><a href=\"https:\/\/www.facebook.com\/hashtag\/kochambron?__eep__=6&amp;__cft__[0]=AZVZFohjZ2ASGJARQ7p1FGblsGeWX_GqRgT62oduw1K7xkLlMRlfvfSBKB2yrLhv3YwVmVjbYwRJJL74zdtTH9hadi_0gF488zcD7DXd1kxtnDxIFrqKUqqfnLlRd6_ZVpZZTjtS_usLzkaf73RId5z5bccHG1RY4OssWGo2swYWEev0YQAUG6DNlzzrhQHhM9w&amp;__tn__=*NK-R\">#Kochambron<\/a><a href=\"https:\/\/www.facebook.com\/hashtag\/adwokatura?__eep__=6&amp;__cft__[0]=AZVZFohjZ2ASGJARQ7p1FGblsGeWX_GqRgT62oduw1K7xkLlMRlfvfSBKB2yrLhv3YwVmVjbYwRJJL74zdtTH9hadi_0gF488zcD7DXd1kxtnDxIFrqKUqqfnLlRd6_ZVpZZTjtS_usLzkaf73RId5z5bccHG1RY4OssWGo2swYWEev0YQAUG6DNlzzrhQHhM9w&amp;__tn__=*NK-R\">#Adwokatura<\/a><a href=\"https:\/\/www.facebook.com\/hashtag\/szkolenie?__eep__=6&amp;__cft__[0]=AZVZFohjZ2ASGJARQ7p1FGblsGeWX_GqRgT62oduw1K7xkLlMRlfvfSBKB2yrLhv3YwVmVjbYwRJJL74zdtTH9hadi_0gF488zcD7DXd1kxtnDxIFrqKUqqfnLlRd6_ZVpZZTjtS_usLzkaf73RId5z5bccHG1RY4OssWGo2swYWEev0YQAUG6DNlzzrhQHhM9w&amp;__tn__=*NK-R\">#Szkolenie<\/a><\/p>\n\n\n<a class=\"button button--zielony-ze-strzalka\" href=\"https:\/\/docs.google.com\/forms\/d\/e\/1FAIpQLSfe4c8Unr_XfAIe5n9Dm_catUUGLrDtpvz4j-DV4A-RWlTdSQ\/viewform?usp=preview\">\n        ZAPISY<\/a>\n","protected":false},"excerpt":{"rendered":"<p>#Nowoczesna Adwokatura zaprasza na trzeci\u0105 edycj\u0119 kursu strzeleckiego! To doskona\u0142a okazja, aby zdoby\u0107 nowe umiej\u0119tno\u015bci, poprawi\u0107 celno\u015b\u0107 i sp\u0119dzi\u0107 czas w gronie profesjonalist\u00f3w. Koszt uczestnictwa w szkoleniu to PLN 350. Data: 25 pa\u017adziernika 2025 Godzina: 10:00 do 14:00 Lokalizacja: strzelnica przy ul. Golik\u00f3wka 12N w Krakowie. Zg\u0142oszenia przyjmujemy do 10 pa\u017adziernika ! Liczba miejsc ograniczona [&hellip;]<\/p>\n","protected":false},"author":9,"featured_media":0,"parent":0,"menu_order":0,"comment_status":"closed","ping_status":"closed","template":"","meta":{"_acf_changed":false,"inline_featured_image":false,"footnotes":""},"class_list":["post-6319","page","type-page","status-publish","hentry"],"acf":[],"_links":{"self":[{"href":"https:\/\/adwokatura.krakow.pl\/adwokaci-i-aplikanci\/wp-json\/wp\/v2\/pages\/6319","targetHints":{"allow":["GET"]}}],"collection":[{"href":"https:\/\/adwokatura.krakow.pl\/adwokaci-i-aplikanci\/wp-json\/wp\/v2\/pages"}],"about":[{"href":"https:\/\/adwokatura.krakow.pl\/adwokaci-i-aplikanci\/wp-json\/wp\/v2\/types\/page"}],"author":[{"embeddable":true,"href":"https:\/\/adwokatura.krakow.pl\/adwokaci-i-aplikanci\/wp-json\/wp\/v2\/users\/9"}],"replies":[{"embeddable":true,"href":"https:\/\/adwokatura.krakow.pl\/adwokaci-i-aplikanci\/wp-json\/wp\/v2\/comments?post=6319"}],"version-history":[{"count":1,"href":"https:\/\/adwokatura.krakow.pl\/adwokaci-i-aplikanci\/wp-json\/wp\/v2\/pages\/6319\/revisions"}],"predecessor-version":[{"id":6321,"href":"https:\/\/adwokatura.krakow.pl\/adwokaci-i-aplikanci\/wp-json\/wp\/v2\/pages\/6319\/revisions\/6321"}],"wp:attachment":[{"href":"https:\/\/adwokatura.krakow.pl\/adwokaci-i-aplikanci\/wp-json\/wp\/v2\/media?parent=6319"}],"curies":[{"name":"wp","href":"https:\/\/api.w.org\/{rel}","templated":true}]}}

TRZECIA EDYCJA KURSU STRZELECKIEGO DLA ADWOKATÓW I APLIKANTÓW!

<figure class="wp-block-image size-full is-resized"><img loading="lazy" decoding="async" width="707" height="1000" src="https://adwokatura.krakow.pl/adwokaci-i-aplikanci/wp-content/uploads/sites/2/2025/09/bron.png" alt="" class="wp-image-6320" style="width:617px;height:auto" srcset="https://adwokatura.krakow.pl/adwokaci-i-aplikanci/wp-content/uploads/sites/2/2025/09/bron.png 707w, https://adwokatura.krakow.pl/adwokaci-i-aplikanci/wp-content/uploads/sites/2/2025/09/bron-212x300.png 212w" sizes="auto, (max-width: 707px) 100vw, 707px" /></figure>



<p><a></a><img loading="lazy" decoding="async" height="16" width="16" alt="😍" src="https://static.xx.fbcdn.net/images/emoji.php/v9/t2/1/16/1f60d.png"><a href="https://www.facebook.com/hashtag/nowoczesna?__eep__=6&amp;__cft__[0]=AZVZFohjZ2ASGJARQ7p1FGblsGeWX_GqRgT62oduw1K7xkLlMRlfvfSBKB2yrLhv3YwVmVjbYwRJJL74zdtTH9hadi_0gF488zcD7DXd1kxtnDxIFrqKUqqfnLlRd6_ZVpZZTjtS_usLzkaf73RId5z5bccHG1RY4OssWGo2swYWEev0YQAUG6DNlzzrhQHhM9w&amp;__tn__=*NK-R">#Nowoczesna</a> Adwokatura zaprasza na trzecią edycję kursu strzeleckiego! To doskonała okazja, aby zdobyć nowe umiejętności, poprawić celność i spędzić czas w gronie profesjonalistów.</p>



<p><img loading="lazy" decoding="async" height="16" width="16" alt="👉" src="https://static.xx.fbcdn.net/images/emoji.php/v9/t51/1/16/1f449.png">Koszt uczestnictwa w szkoleniu to PLN 350.</p>



<p><img loading="lazy" decoding="async" height="16" width="16" alt="👉" src="https://static.xx.fbcdn.net/images/emoji.php/v9/t51/1/16/1f449.png">Data: 25 października 2025</p>



<p><img loading="lazy" decoding="async" height="16" width="16" alt="👉" src="https://static.xx.fbcdn.net/images/emoji.php/v9/t51/1/16/1f449.png"> Godzina: 10:00 do 14:00</p>



<p><img loading="lazy" decoding="async" height="16" width="16" alt="👉" src="https://static.xx.fbcdn.net/images/emoji.php/v9/t51/1/16/1f449.png">Lokalizacja: strzelnica przy ul. Golikówka 12N w Krakowie.</p>



<p>Zgłoszenia przyjmujemy do 10 października !</p>



<p>Liczba miejsc ograniczona – tylko 30 osób! Decyduje kolejność zgłoszeń.</p>



<p><img loading="lazy" decoding="async" height="16" width="16" alt="👀" src="https://static.xx.fbcdn.net/images/emoji.php/v9/tc8/1/16/1f440.png">Nie zwlekaj – zapisz się już teraz i weź udział w tej wyjątkowej inicjatywie!</p>



<p><a href="https://www.facebook.com/hashtag/nowoczesnaadwokatura?__eep__=6&amp;__cft__[0]=AZVZFohjZ2ASGJARQ7p1FGblsGeWX_GqRgT62oduw1K7xkLlMRlfvfSBKB2yrLhv3YwVmVjbYwRJJL74zdtTH9hadi_0gF488zcD7DXd1kxtnDxIFrqKUqqfnLlRd6_ZVpZZTjtS_usLzkaf73RId5z5bccHG1RY4OssWGo2swYWEev0YQAUG6DNlzzrhQHhM9w&amp;__tn__=*NK-R">#NowoczesnaAdwokatura</a><a href="https://www.facebook.com/hashtag/kochambron?__eep__=6&amp;__cft__[0]=AZVZFohjZ2ASGJARQ7p1FGblsGeWX_GqRgT62oduw1K7xkLlMRlfvfSBKB2yrLhv3YwVmVjbYwRJJL74zdtTH9hadi_0gF488zcD7DXd1kxtnDxIFrqKUqqfnLlRd6_ZVpZZTjtS_usLzkaf73RId5z5bccHG1RY4OssWGo2swYWEev0YQAUG6DNlzzrhQHhM9w&amp;__tn__=*NK-R">#Kochambron</a><a href="https://www.facebook.com/hashtag/adwokatura?__eep__=6&amp;__cft__[0]=AZVZFohjZ2ASGJARQ7p1FGblsGeWX_GqRgT62oduw1K7xkLlMRlfvfSBKB2yrLhv3YwVmVjbYwRJJL74zdtTH9hadi_0gF488zcD7DXd1kxtnDxIFrqKUqqfnLlRd6_ZVpZZTjtS_usLzkaf73RId5z5bccHG1RY4OssWGo2swYWEev0YQAUG6DNlzzrhQHhM9w&amp;__tn__=*NK-R">#Adwokatura</a><a href="https://www.facebook.com/hashtag/szkolenie?__eep__=6&amp;__cft__[0]=AZVZFohjZ2ASGJARQ7p1FGblsGeWX_GqRgT62oduw1K7xkLlMRlfvfSBKB2yrLhv3YwVmVjbYwRJJL74zdtTH9hadi_0gF488zcD7DXd1kxtnDxIFrqKUqqfnLlRd6_ZVpZZTjtS_usLzkaf73RId5z5bccHG1RY4OssWGo2swYWEev0YQAUG6DNlzzrhQHhM9w&amp;__tn__=*NK-R">#Szkolenie</a></p>


<a class="button button--zielony-ze-strzalka" href="https://docs.google.com/forms/d/e/1FAIpQLSfe4c8Unr_XfAIe5n9Dm_catUUGLrDtpvz4j-DV4A-RWlTdSQ/viewform?usp=preview">
        ZAPISY</a>

<p>#Nowoczesna Adwokatura zaprasza na trzecią edycję kursu strzeleckiego! To doskonała okazja, aby zdobyć nowe umiejętności, poprawić celność i spędzić czas w gronie profesjonalistów. Koszt uczestnictwa w szkoleniu to PLN 350. Data: 25 października 2025 Godzina: 10:00 do 14:00 Lokalizacja: strzelnica przy ul. Golikówka 12N w Krakowie. Zgłoszenia przyjmujemy do 10 października ! Liczba miejsc ograniczona [&hellip;]</p>
