{"id":69,"date":"2023-11-27T17:46:52","date_gmt":"2023-11-27T16:46:52","guid":{"rendered":"http:\/\/adwokatura.krakow.pl\/adwokaci-i-aplikanci\/?page_id=69"},"modified":"2023-11-29T14:42:40","modified_gmt":"2023-11-29T13:42:40","slug":"statut-kia","status":"publish","type":"page","link":"https:\/\/adwokatura.krakow.pl\/adwokaci-i-aplikanci\/o-nas\/statut-kia\/","title":{"rendered":"Statut KIA"},"content":{"rendered":"\n<p class=\"has-text-align-center\"><strong>Postanowienia og\u00f3lne<\/strong><br>\u00a71<\/p>\n\n\n\n<ol class=\"wp-block-list\">\n<li>Izba nosi nazw\u0119 \u201eKrakowska Izba Adwokacka\u201d i zwana jest dalej Izb\u0105.<\/li>\n\n\n\n<li>Izb\u0119 stanowi\u0105 adwokaci i aplikanci adwokaccy, maj\u0105cy siedzib\u0119 zawodow\u0105 na terenie Izby, kt\u00f3rej zasi\u0119g terytorialny okre\u015bla Naczelna Rada Adwokacka.<\/li>\n<\/ol>\n\n\n\n<p class=\"has-text-align-center\"><br>\u00a72<\/p>\n\n\n\n<p class=\"has-text-align-center\">&nbsp;&nbsp; 1. Siedzib\u0105 Izby jest Miasto Krak\u00f3w.<br>&nbsp;&nbsp; 2. Izba posiada osobowo\u015b\u0107 prawn\u0105.<br>&nbsp;&nbsp; 3. Izba dzia\u0142a na podstawie ustawy z dnia 26 maja 1982 roku Prawo o adwokaturze, regulamin\u00f3w, uchwa\u0142 Krajowego Zjazdu Adwokatury, Naczelnej Rady Adwokackiej, Zgromadzenia Izby, Okr\u0119gowej Rady Adwokackiej oraz niniejszego Statutu.<\/p>\n\n\n\n<p class=\"has-text-align-center\"><strong>Cele Izby<\/strong><br>\u00a73<\/p>\n\n\n\n<p class=\"has-text-align-center\"><br>Celem Izby jest:<br><br>&nbsp;&nbsp; 1. tworzenie warunk\u00f3w do wykonywania ustawowych zada\u0144 adwokatury,<br>&nbsp;&nbsp; 2. reprezentowanie cz\u0142onk\u00f3w Izby i ochrona ich praw,<br>&nbsp;&nbsp; 3. sprawowanie nadzoru nad przestrzeganiem przepis\u00f3w o wykonywaniu zawodu adwokata,<br>&nbsp;&nbsp; 4. doskonalenie zawodowe adwokat\u00f3w i kszta\u0142cenie aplikant\u00f3w adwokackich,<br>&nbsp;&nbsp; 5. propagowanie zasad etyki zawodowej oraz dba\u0142o\u015b\u0107 o ich przestrzeganie,<br>&nbsp;&nbsp; 6. integracja cz\u0142onk\u00f3w Izby poprzez organizowanie imprez kulturalno-o\u015bwiatowych i sportowych,<br>&nbsp;&nbsp; 7. wspieranie cz\u0142onk\u00f3w Izby oraz ich rodzin w sytuacjach losowych poprzez udzielanie pomocy materialnej,<br>&nbsp;&nbsp; 8. organizowanie szkole\u0144,<br>&nbsp;&nbsp; 9. sprawowanie zarz\u0105du maj\u0105tkiem samorz\u0105du adwokackiego i rozporz\u0105dzanie nim,<br>&nbsp; 10. promowanie wizerunku adwokatury.<\/p>\n\n\n\n<p class=\"has-text-align-center\">\u00a74<\/p>\n\n\n\n<p class=\"has-text-align-center\">&nbsp;&nbsp; 1. Realizacja cel\u00f3w okre\u015blonych w \u00a7 3 niniejszego Statutu, a nadto innych cel\u00f3w wynikaj\u0105cych z przepis\u00f3w prawa opiera si\u0119 na spo\u0142ecznej pracy cz\u0142onk\u00f3w Izby z zastrze\u017ceniem, \u017ce w granicach okre\u015blonych uchwa\u0142ami Okr\u0119gowej Rady Adwokackiej cz\u0142onkom Izby mog\u0105 by\u0107 wyp\u0142acone diety oraz kwoty stanowi\u0105ce zwrot koszt\u00f3w z tytu\u0142u pe\u0142nionych spo\u0142ecznie obowi\u0105zk\u00f3w na rzecz samorz\u0105du adwokackiego<br>&nbsp;&nbsp; 2. Izba mo\u017ce zatrudnia\u0107 pracownik\u00f3w lub zleca\u0107 w innej formie odp\u0142atne prowadzenie swoich spraw.<br>&nbsp;&nbsp; 3. Zadania Izby s\u0105 realizowane za po\u015brednictwem jej organ\u00f3w.<\/p>\n\n\n\n<p class=\"has-text-align-center\">\u00a75<\/p>\n\n\n\n<p class=\"has-text-align-center\">&nbsp;&nbsp; 1. Izba mo\u017ce prowadzi\u0107 dzia\u0142alno\u015b\u0107 gospodarcz\u0105 na zasadach okre\u015blonych w odr\u0119bnych przepisach i z zachowaniem wymog\u00f3w w nich okre\u015blonych.<br>&nbsp;&nbsp; 2. Doch\u00f3d z dzia\u0142alno\u015bci gospodarczej, a w szczeg\u00f3lno\u015bci doch\u00f3d z tytu\u0142u zarz\u0105dzania i gospodarowania maj\u0105tkiem Izby mo\u017ce by\u0107 przeznaczony wy\u0142\u0105cznie na realizacj\u0119 cel\u00f3w statutowych i nie mo\u017ce by\u0107 przeznaczony do podzia\u0142u pomi\u0119dzy jej cz\u0142onk\u00f3w.<\/p>\n\n\n\n<p class=\"has-text-align-center\"><strong>Organy Izby<\/strong><br>\u00a76<\/p>\n\n\n\n<p class=\"has-text-align-center\">Organami Izby s\u0105:<br>\u00a0\u00a0 1. Zgromadzenie Izby sk\u0142adaj\u0105ce si\u0119 z adwokat\u00f3w wykonuj\u0105cych zaw\u00f3d oraz delegat\u00f3w pozosta\u0142ych adwokat\u00f3w \u2013 cz\u0142onk\u00f3w Izby,<br>\u00a0\u00a0 2. Okr\u0119gowa Rada Adwokacka,<br>\u00a0\u00a0 3. S\u0105d Dyscyplinarny,<br>\u00a0\u00a0 4. Komisja Rewizyjna.<\/p>\n\n\n\n<p class=\"has-text-align-center\">\u00a77<\/p>\n\n\n\n<p class=\"has-text-align-center\">Sk\u0142ad oraz zakres dzia\u0142ania poszczeg\u00f3lnych organ\u00f3w Izby okre\u015blaj\u0105 ustawa z dnia 26 maja 1982 roku Prawo o adwokaturze, regulaminy i uchwa\u0142y Krajowego Zjazdu Adwokatury, Naczelnej Rady Adwokackiej i Zgromadzenia Izby.<\/p>\n\n\n\n<p class=\"has-text-align-center\"><strong>Maj\u0105tek i gospodarka finansowa<\/strong><br>\u00a78<\/p>\n\n\n\n<p class=\"has-text-align-center\">&nbsp; 1. Maj\u0105tek Izby stanowi\u0105 \u015brodki pieni\u0119\u017cne, papiery warto\u015bciowe, nieruchomo\u015bci i ruchomo\u015bci.<br>&nbsp; 2. \u0179r\u00f3d\u0142ami powstania maj\u0105tku Izby s\u0105:<br>&nbsp;&nbsp;&nbsp;&nbsp;&nbsp;&nbsp;&nbsp;&nbsp; 1. sk\u0142adki cz\u0142onkowskie adwokat\u00f3w i aplikant\u00f3w adwokackich,<br>&nbsp;&nbsp;&nbsp;&nbsp;&nbsp;&nbsp;&nbsp;&nbsp; 2. darowizny, zapisy i spadki, \u015brodki pochodz\u0105ce z ofiarno\u015bci prywatnej, zbi\u00f3rki publiczne,<br>&nbsp;&nbsp;&nbsp;&nbsp;&nbsp;&nbsp;&nbsp;&nbsp; 3. przychody z w\u0142asnej dzia\u0142alno\u015bci, dochody z maj\u0105tku Izby, dochody z kapita\u0142u (odsetki, oprocentowanie lokat, dochody z akcji b\u0105d\u017a udzia\u0142\u00f3w, dochody z tytu\u0142u posiadania jednostek w funduszach powierniczych itp.),<br>&nbsp;&nbsp;&nbsp;&nbsp;&nbsp;&nbsp;&nbsp;&nbsp; 4. przychody z nieruchomo\u015bci i ruchomo\u015bci stanowi\u0105cych w\u0142asno\u015b\u0107 Izby b\u0105d\u017a pozostaj\u0105cych w jej posiadaniu,<br>&nbsp;&nbsp;&nbsp;&nbsp;&nbsp;&nbsp;&nbsp;&nbsp; 5. przychody z dzia\u0142alno\u015bci gospodarczej wykonywanej na podstawie odr\u0119bnych przepis\u00f3w,<br>&nbsp;&nbsp;&nbsp;&nbsp;&nbsp;&nbsp;&nbsp;&nbsp; 6. przychody z tytu\u0142u wymierzonych pieni\u0119\u017cnych kar dyscyplinarnych oraz koszt\u00f3w post\u0119powania w tych sprawach,<br>&nbsp;&nbsp;&nbsp;&nbsp;&nbsp;&nbsp;&nbsp;&nbsp; 7. przychody z tytu\u0142u op\u0142at za rozpatrzenie wniosk\u00f3w o wpis na list\u0119 adwokat\u00f3w,<br>&nbsp;&nbsp;&nbsp;&nbsp;&nbsp;&nbsp;&nbsp;&nbsp; 8. przychody z tytu\u0142u dotacji i innych \u015brodk\u00f3w przekazanych Izbie przez Naczeln\u0105 Rad\u0119 Adwokack\u0105, w tym dotacji celowych udzielonych ze \u015brodk\u00f3w Funduszu Remontowo-Inwestycyjnego Naczelnej Rady Adwokackiej.<br>&nbsp;&nbsp; 3. \u015arodki pieni\u0119\u017cne bez wzgl\u0119du na \u017ar\u00f3d\u0142a ich pochodzenia powinny by\u0107 przechowywane na rachunkach bankowych Izby z uwzgl\u0119dnieniem mo\u017cliwo\u015bci utrzymania cz\u0119\u015bci \u015brodk\u00f3w w ramach pogotowia kasowego zabezpieczaj\u0105cego bie\u017c\u0105ce potrzeby.<br>&nbsp;&nbsp; 4. Zaci\u0105ganie zobowi\u0105za\u0144, nabycie lub zbycie nieruchomo\u015bci oraz umarzanie zobowi\u0105za\u0144 nast\u0119puje na podstawie uchwa\u0142y Okr\u0119gowej Rady Adwokackiej.<\/p>\n\n\n\n<p class=\"has-text-align-center\">\u00a79<\/p>\n\n\n\n<p class=\"has-text-align-center\">Izba prowadzi gospodark\u0119 finansow\u0105 oraz dokumentacj\u0119 organizacyjn\u0105 i rachunkow\u0105 zgodnie z obowi\u0105zuj\u0105cymi przepisami.<\/p>\n\n\n\n<p class=\"has-text-align-center\"><strong>Postanowienia ko\u0144cowe<\/strong><br>\u00a710<\/p>\n\n\n\n<p class=\"has-text-align-center\">Niniejszy Statut obowi\u0105zuje od dnia jego uchwalenia przez Zgromadzenie Krakowskiej Izby Adwokackiej.<\/p>\n","protected":false},"excerpt":{"rendered":"<p>Postanowienia og\u00f3lne\u00a71 \u00a72 &nbsp;&nbsp; 1. Siedzib\u0105 Izby jest Miasto Krak\u00f3w.&nbsp;&nbsp; 2. Izba posiada osobowo\u015b\u0107 prawn\u0105.&nbsp;&nbsp; 3. Izba dzia\u0142a na podstawie ustawy z dnia 26 maja 1982 roku Prawo o adwokaturze, regulamin\u00f3w, uchwa\u0142 Krajowego Zjazdu Adwokatury, Naczelnej Rady Adwokackiej, Zgromadzenia Izby, Okr\u0119gowej Rady Adwokackiej oraz niniejszego Statutu. Cele Izby\u00a73 Celem Izby jest: &nbsp;&nbsp; 1. tworzenie warunk\u00f3w [&hellip;]<\/p>\n","protected":false},"author":1,"featured_media":0,"parent":59,"menu_order":0,"comment_status":"closed","ping_status":"closed","template":"","meta":{"_acf_changed":false,"inline_featured_image":false,"footnotes":""},"class_list":["post-69","page","type-page","status-publish","hentry"],"acf":[],"_links":{"self":[{"href":"https:\/\/adwokatura.krakow.pl\/adwokaci-i-aplikanci\/wp-json\/wp\/v2\/pages\/69","targetHints":{"allow":["GET"]}}],"collection":[{"href":"https:\/\/adwokatura.krakow.pl\/adwokaci-i-aplikanci\/wp-json\/wp\/v2\/pages"}],"about":[{"href":"https:\/\/adwokatura.krakow.pl\/adwokaci-i-aplikanci\/wp-json\/wp\/v2\/types\/page"}],"author":[{"embeddable":true,"href":"https:\/\/adwokatura.krakow.pl\/adwokaci-i-aplikanci\/wp-json\/wp\/v2\/users\/1"}],"replies":[{"embeddable":true,"href":"https:\/\/adwokatura.krakow.pl\/adwokaci-i-aplikanci\/wp-json\/wp\/v2\/comments?post=69"}],"version-history":[{"count":4,"href":"https:\/\/adwokatura.krakow.pl\/adwokaci-i-aplikanci\/wp-json\/wp\/v2\/pages\/69\/revisions"}],"predecessor-version":[{"id":344,"href":"https:\/\/adwokatura.krakow.pl\/adwokaci-i-aplikanci\/wp-json\/wp\/v2\/pages\/69\/revisions\/344"}],"up":[{"embeddable":true,"href":"https:\/\/adwokatura.krakow.pl\/adwokaci-i-aplikanci\/wp-json\/wp\/v2\/pages\/59"}],"wp:attachment":[{"href":"https:\/\/adwokatura.krakow.pl\/adwokaci-i-aplikanci\/wp-json\/wp\/v2\/media?parent=69"}],"curies":[{"name":"wp","href":"https:\/\/api.w.org\/{rel}","templated":true}]}}