{"id":6931,"date":"2026-03-13T11:45:49","date_gmt":"2026-03-13T10:45:49","guid":{"rendered":"https:\/\/adwokatura.krakow.pl\/adwokaci-i-aplikanci\/?page_id=6931"},"modified":"2026-03-18T11:43:45","modified_gmt":"2026-03-18T10:43:45","slug":"ankiety","status":"publish","type":"page","link":"https:\/\/adwokatura.krakow.pl\/adwokaci-i-aplikanci\/ankiety\/","title":{"rendered":"Ankiety"},"content":{"rendered":"\n<p>Szanowni Pa\u0144stwo,<\/p>\n\n\n\n<p>jestem studentk\u0105 Zarz\u0105dzania na Uczelni Korczaka &#8211; Akademii Nauk Stosowanych. Obecnie przygotowuj\u0119 prac\u0119 licencjack\u0105 dotycz\u0105c\u0105 motywowania pracownik\u00f3w biurowych w organach samorz\u0105du zawodowego sektora prawniczego.&nbsp;<\/p>\n\n\n\n<p>Zwracam si\u0119 do Pa\u0144stwa z uprzejm\u0105 pro\u015bb\u0105 o wype\u0142nienie kr\u00f3tkiej, anonimowej ankiety, kt\u00f3rej wype\u0142nienie zajmie ok. 10 minut. Pa\u0144stwa do\u015bwiadczenie i odczucia jako pracownik\u00f3w organu samorz\u0105du zawodowego sektora prawniczego jest kluczowe dla rzetelno\u015bci przeprowadzonych bada\u0144 i pozwol\u0105 na sformu\u0142owanie warto\u015bciowych wniosk\u00f3w naukowych. Badanie jest w pe\u0142ni anonimowe, a wyniki zostan\u0105 przedstawione wy\u0142\u0105cznie w formie zbiorczych zestawie\u0144 statystycznych.<\/p>\n\n\n<a class=\"button button--zielony-ze-strzalka\" href=\"https:\/\/docs.google.com\/forms\/d\/e\/1FAIpQLSeXbTQzjEyUz8A-wTPgZKQTyhocA9M7i3XWaKnRI7xqBG5DRA\/viewform?usp=publish-editor\">\n        Link do ankiety: <\/a>\n\n\n\n<p><em>Z g\u00f3ry bardzo dzi\u0119kuj\u0119 za po\u015bwi\u0119cony czas i pomoc w realizacji moich bada\u0144.\u00a0<\/em><\/p>\n\n\n\n<p><em>Z powa\u017caniem,<\/em><\/p>\n\n\n\n<p><em>Kinga W\u00f3jcik<\/em><\/p>\n","protected":false},"excerpt":{"rendered":"<p>Szanowni Pa\u0144stwo, jestem studentk\u0105 Zarz\u0105dzania na Uczelni Korczaka &#8211; Akademii Nauk Stosowanych. Obecnie przygotowuj\u0119 prac\u0119 licencjack\u0105 dotycz\u0105c\u0105 motywowania pracownik\u00f3w biurowych w organach samorz\u0105du zawodowego sektora prawniczego.&nbsp; Zwracam si\u0119 do Pa\u0144stwa z uprzejm\u0105 pro\u015bb\u0105 o wype\u0142nienie kr\u00f3tkiej, anonimowej ankiety, kt\u00f3rej wype\u0142nienie zajmie ok. 10 minut. Pa\u0144stwa do\u015bwiadczenie i odczucia jako pracownik\u00f3w organu samorz\u0105du zawodowego sektora prawniczego [&hellip;]<\/p>\n","protected":false},"author":1,"featured_media":0,"parent":0,"menu_order":0,"comment_status":"closed","ping_status":"closed","template":"","meta":{"_acf_changed":false,"inline_featured_image":false,"footnotes":""},"class_list":["post-6931","page","type-page","status-publish","hentry"],"acf":[],"_links":{"self":[{"href":"https:\/\/adwokatura.krakow.pl\/adwokaci-i-aplikanci\/wp-json\/wp\/v2\/pages\/6931","targetHints":{"allow":["GET"]}}],"collection":[{"href":"https:\/\/adwokatura.krakow.pl\/adwokaci-i-aplikanci\/wp-json\/wp\/v2\/pages"}],"about":[{"href":"https:\/\/adwokatura.krakow.pl\/adwokaci-i-aplikanci\/wp-json\/wp\/v2\/types\/page"}],"author":[{"embeddable":true,"href":"https:\/\/adwokatura.krakow.pl\/adwokaci-i-aplikanci\/wp-json\/wp\/v2\/users\/1"}],"replies":[{"embeddable":true,"href":"https:\/\/adwokatura.krakow.pl\/adwokaci-i-aplikanci\/wp-json\/wp\/v2\/comments?post=6931"}],"version-history":[{"count":3,"href":"https:\/\/adwokatura.krakow.pl\/adwokaci-i-aplikanci\/wp-json\/wp\/v2\/pages\/6931\/revisions"}],"predecessor-version":[{"id":6937,"href":"https:\/\/adwokatura.krakow.pl\/adwokaci-i-aplikanci\/wp-json\/wp\/v2\/pages\/6931\/revisions\/6937"}],"wp:attachment":[{"href":"https:\/\/adwokatura.krakow.pl\/adwokaci-i-aplikanci\/wp-json\/wp\/v2\/media?parent=6931"}],"curies":[{"name":"wp","href":"https:\/\/api.w.org\/{rel}","templated":true}]}}

<p>Szanowni Państwo,</p>



<p>jestem studentką Zarządzania na Uczelni Korczaka &#8211; Akademii Nauk Stosowanych. Obecnie przygotowuję pracę licencjacką dotyczącą motywowania pracowników biurowych w organach samorządu zawodowego sektora prawniczego.&nbsp;</p>



<p>Zwracam się do Państwa z uprzejmą prośbą o wypełnienie krótkiej, anonimowej ankiety, której wypełnienie zajmie ok. 10 minut. Państwa doświadczenie i odczucia jako pracowników organu samorządu zawodowego sektora prawniczego jest kluczowe dla rzetelności przeprowadzonych badań i pozwolą na sformułowanie wartościowych wniosków naukowych. Badanie jest w pełni anonimowe, a wyniki zostaną przedstawione wyłącznie w formie zbiorczych zestawień statystycznych.</p>


<a class="button button--zielony-ze-strzalka" href="https://docs.google.com/forms/d/e/1FAIpQLSeXbTQzjEyUz8A-wTPgZKQTyhocA9M7i3XWaKnRI7xqBG5DRA/viewform?usp=publish-editor">
        Link do ankiety: </a>



<p><em>Z góry bardzo dziękuję za poświęcony czas i pomoc w realizacji moich badań. </em></p>



<p><em>Z poważaniem,</em></p>



<p><em>Kinga Wójcik</em></p>

<p>Szanowni Państwo, jestem studentką Zarządzania na Uczelni Korczaka &#8211; Akademii Nauk Stosowanych. Obecnie przygotowuję pracę licencjacką dotyczącą motywowania pracowników biurowych w organach samorządu zawodowego sektora prawniczego.&nbsp; Zwracam się do Państwa z uprzejmą prośbą o wypełnienie krótkiej, anonimowej ankiety, której wypełnienie zajmie ok. 10 minut. Państwa doświadczenie i odczucia jako pracowników organu samorządu zawodowego sektora prawniczego [&hellip;]</p>
