{"id":8,"date":"2023-11-27T17:40:26","date_gmt":"2023-11-27T16:40:26","guid":{"rendered":"http:\/\/adwokatura.krakow.pl\/adwokaci-i-aplikanci\/?page_id=8"},"modified":"2024-03-12T09:22:49","modified_gmt":"2024-03-12T08:22:49","slug":"dokumenty-dot-wykonywania-zawodu","status":"publish","type":"page","link":"https:\/\/adwokatura.krakow.pl\/adwokaci-i-aplikanci\/dla-adwokatow\/dokumenty-dot-wykonywania-zawodu\/","title":{"rendered":"Dokumenty dot. wykonywania zawodu"},"content":{"rendered":"<div class=\"zalaczniki\">\n    \n    <div class=\"zalaczniki__wrap\">\n                        <div class=\"zalaczniki__single\">\n                <div class=\"zalaczniki__first\">\n                    <p class=\"zalaczniki__title\">\n                                                    Wniosek o wpis na list\u0119 adwokat\u00f3w wykonuj\u0105cych zaw\u00f3d                                            <\/p>\n                    <p class=\"zalaczniki__file-name\">\n                                                    zal.-A06.-PRZENIESIENIE-NA-LISTE-ADWOKATOW-WYKONUJACYCH-ZAWOD.doc                                            <\/p>\n                <\/div>\n                <div class=\"zalaczniki__middle\">\n                                        <a href=\"https:\/\/adwokatura.krakow.pl\/adwokaci-i-aplikanci\/wp-content\/uploads\/sites\/2\/2024\/03\/zal.-A06.-PRZENIESIENIE-NA-LISTE-ADWOKATOW-WYKONUJACYCH-ZAWOD.doc\">Zobacz plik<\/a>\n                                    <\/div>\n                <div class=\"zalaczniki__last\">\n                                        <a download href=\"https:\/\/adwokatura.krakow.pl\/adwokaci-i-aplikanci\/wp-content\/uploads\/sites\/2\/2024\/03\/zal.-A06.-PRZENIESIENIE-NA-LISTE-ADWOKATOW-WYKONUJACYCH-ZAWOD.doc\">\n                            <img decoding=\"async\" src=\"https:\/\/adwokatura.krakow.pl\/adwokaci-i-aplikanci\/wp-content\/themes\/kia\/dist\/images\/download.svg\" alt=\"download\">\n                        <\/a>\n                                    <\/div>\n               \n            <\/div>\n                    <div class=\"zalaczniki__single\">\n                <div class=\"zalaczniki__first\">\n                    <p class=\"zalaczniki__title\">\n                                                    Wniosek o wpis na list\u0119 adwokat\u00f3w niewykonuj\u0105cych zawodu                                            <\/p>\n                    <p class=\"zalaczniki__file-name\">\n                                                    zal.-A07.-PRZENIESIENIE-NA-LISTE-ADWOKATOW-NIEWYKONUJACYCH-ZAWODU.doc                                            <\/p>\n                <\/div>\n                <div class=\"zalaczniki__middle\">\n                                        <a href=\"https:\/\/adwokatura.krakow.pl\/adwokaci-i-aplikanci\/wp-content\/uploads\/sites\/2\/2024\/03\/zal.-A07.-PRZENIESIENIE-NA-LISTE-ADWOKATOW-NIEWYKONUJACYCH-ZAWODU.doc\">Zobacz plik<\/a>\n                                    <\/div>\n                <div class=\"zalaczniki__last\">\n                                        <a download href=\"https:\/\/adwokatura.krakow.pl\/adwokaci-i-aplikanci\/wp-content\/uploads\/sites\/2\/2024\/03\/zal.-A07.-PRZENIESIENIE-NA-LISTE-ADWOKATOW-NIEWYKONUJACYCH-ZAWODU.doc\">\n                            <img decoding=\"async\" src=\"https:\/\/adwokatura.krakow.pl\/adwokaci-i-aplikanci\/wp-content\/themes\/kia\/dist\/images\/download.svg\" alt=\"download\">\n                        <\/a>\n                                    <\/div>\n               \n            <\/div>\n                    <div class=\"zalaczniki__single\">\n                <div class=\"zalaczniki__first\">\n                    <p class=\"zalaczniki__title\">\n                                                    Formularz zg\u0142oszeniowy wykonywania zawodu                                             <\/p>\n                    <p class=\"zalaczniki__file-name\">\n                                                    zal.A08.-formularz-zgloszenia-wykonywania-zawodu.docx                                            <\/p>\n                <\/div>\n                <div class=\"zalaczniki__middle\">\n                                        <a href=\"https:\/\/adwokatura.krakow.pl\/adwokaci-i-aplikanci\/wp-content\/uploads\/sites\/2\/2024\/03\/zal.A08.-formularz-zgloszenia-wykonywania-zawodu.docx\">Zobacz plik<\/a>\n                                    <\/div>\n                <div class=\"zalaczniki__last\">\n                                        <a download href=\"https:\/\/adwokatura.krakow.pl\/adwokaci-i-aplikanci\/wp-content\/uploads\/sites\/2\/2024\/03\/zal.A08.-formularz-zgloszenia-wykonywania-zawodu.docx\">\n                            <img decoding=\"async\" src=\"https:\/\/adwokatura.krakow.pl\/adwokaci-i-aplikanci\/wp-content\/themes\/kia\/dist\/images\/download.svg\" alt=\"download\">\n                        <\/a>\n                                    <\/div>\n               \n            <\/div>\n                    <div class=\"zalaczniki__single\">\n                <div class=\"zalaczniki__first\">\n                    <p class=\"zalaczniki__title\">\n                                                    Formularz zmiany wykonywania zawodu                                            <\/p>\n                    <p class=\"zalaczniki__file-name\">\n                                                    zal.-A09.-formularz-zgloszeniowy-zmiana-.docx                                            <\/p>\n                <\/div>\n                <div class=\"zalaczniki__middle\">\n                                        <a href=\"https:\/\/adwokatura.krakow.pl\/adwokaci-i-aplikanci\/wp-content\/uploads\/sites\/2\/2024\/03\/zal.-A09.-formularz-zgloszeniowy-zmiana-.docx\">Zobacz plik<\/a>\n                                    <\/div>\n                <div class=\"zalaczniki__last\">\n                                        <a download href=\"https:\/\/adwokatura.krakow.pl\/adwokaci-i-aplikanci\/wp-content\/uploads\/sites\/2\/2024\/03\/zal.-A09.-formularz-zgloszeniowy-zmiana-.docx\">\n                            <img decoding=\"async\" src=\"https:\/\/adwokatura.krakow.pl\/adwokaci-i-aplikanci\/wp-content\/themes\/kia\/dist\/images\/download.svg\" alt=\"download\">\n                        <\/a>\n                                    <\/div>\n               \n            <\/div>\n                    <div class=\"zalaczniki__single\">\n                <div class=\"zalaczniki__first\">\n                    <p class=\"zalaczniki__title\">\n                                                    Deklaracja dot. pe\u0142nienia funkcji pe\u0142nomocnika z urz\u0119du w sprawach cywilnych                                            <\/p>\n                    <p class=\"zalaczniki__file-name\">\n                                                    zal.A10.-deklaracja-dot.-pelmomocnika-z-urzedu-w-sprawach-cywilnych.docx                                            <\/p>\n                <\/div>\n                <div class=\"zalaczniki__middle\">\n                                        <a href=\"https:\/\/adwokatura.krakow.pl\/adwokaci-i-aplikanci\/wp-content\/uploads\/sites\/2\/2024\/03\/zal.A10.-deklaracja-dot.-pelmomocnika-z-urzedu-w-sprawach-cywilnych.docx\">Zobacz plik<\/a>\n                                    <\/div>\n                <div class=\"zalaczniki__last\">\n                                        <a download href=\"https:\/\/adwokatura.krakow.pl\/adwokaci-i-aplikanci\/wp-content\/uploads\/sites\/2\/2024\/03\/zal.A10.-deklaracja-dot.-pelmomocnika-z-urzedu-w-sprawach-cywilnych.docx\">\n                            <img decoding=\"async\" src=\"https:\/\/adwokatura.krakow.pl\/adwokaci-i-aplikanci\/wp-content\/themes\/kia\/dist\/images\/download.svg\" alt=\"download\">\n                        <\/a>\n                                    <\/div>\n               \n            <\/div>\n                    <div class=\"zalaczniki__single\">\n                <div class=\"zalaczniki__first\">\n                    <p class=\"zalaczniki__title\">\n                                                    Deklaracja gotowo\u015bci udzielania oskar\u017conym pomocy prawnej z urz\u0119du w sprawach karnych                                            <\/p>\n                    <p class=\"zalaczniki__file-name\">\n                                                    zal.-A11.deklaracja-adwokata-do-u-karne-lista-a-3.doc                                            <\/p>\n                <\/div>\n                <div class=\"zalaczniki__middle\">\n                                        <a href=\"https:\/\/adwokatura.krakow.pl\/adwokaci-i-aplikanci\/wp-content\/uploads\/sites\/2\/2024\/03\/zal.-A11.deklaracja-adwokata-do-u-karne-lista-a-3.doc\">Zobacz plik<\/a>\n                                    <\/div>\n                <div class=\"zalaczniki__last\">\n                                        <a download href=\"https:\/\/adwokatura.krakow.pl\/adwokaci-i-aplikanci\/wp-content\/uploads\/sites\/2\/2024\/03\/zal.-A11.deklaracja-adwokata-do-u-karne-lista-a-3.doc\">\n                            <img decoding=\"async\" src=\"https:\/\/adwokatura.krakow.pl\/adwokaci-i-aplikanci\/wp-content\/themes\/kia\/dist\/images\/download.svg\" alt=\"download\">\n                        <\/a>\n                                    <\/div>\n               \n            <\/div>\n                    <div class=\"zalaczniki__single\">\n                <div class=\"zalaczniki__first\">\n                    <p class=\"zalaczniki__title\">\n                                                    Deklaracja przyst\u0105pienia do Funduszu Wzajemnej Pomocy                                            <\/p>\n                    <p class=\"zalaczniki__file-name\">\n                                                    zal.-A12.-deklaracja-fwp-2021.pdf                                            <\/p>\n                <\/div>\n                <div class=\"zalaczniki__middle\">\n                                        <a href=\"https:\/\/adwokatura.krakow.pl\/adwokaci-i-aplikanci\/wp-content\/uploads\/sites\/2\/2024\/03\/zal.-A12.-deklaracja-fwp-2021.pdf\">Zobacz plik<\/a>\n                                    <\/div>\n                <div class=\"zalaczniki__last\">\n                                        <a download href=\"https:\/\/adwokatura.krakow.pl\/adwokaci-i-aplikanci\/wp-content\/uploads\/sites\/2\/2024\/03\/zal.-A12.-deklaracja-fwp-2021.pdf\">\n                            <img decoding=\"async\" src=\"https:\/\/adwokatura.krakow.pl\/adwokaci-i-aplikanci\/wp-content\/themes\/kia\/dist\/images\/download.svg\" alt=\"download\">\n                        <\/a>\n                                    <\/div>\n               \n            <\/div>\n                    <div class=\"zalaczniki__single\">\n                <div class=\"zalaczniki__first\">\n                    <p class=\"zalaczniki__title\">\n                                                    Deklaracja w sprawie sposobu zapewnienia nieletniemu korzystania z pomocy obro\u0144cy z urz\u0119du                                            <\/p>\n                    <p class=\"zalaczniki__file-name\">\n                                                    zal.-A13.-deklaracja-obroncy-nieletni.docx                                            <\/p>\n                <\/div>\n                <div class=\"zalaczniki__middle\">\n                                        <a href=\"https:\/\/adwokatura.krakow.pl\/adwokaci-i-aplikanci\/wp-content\/uploads\/sites\/2\/2024\/03\/zal.-A13.-deklaracja-obroncy-nieletni.docx\">Zobacz plik<\/a>\n                                    <\/div>\n                <div class=\"zalaczniki__last\">\n                                        <a download href=\"https:\/\/adwokatura.krakow.pl\/adwokaci-i-aplikanci\/wp-content\/uploads\/sites\/2\/2024\/03\/zal.-A13.-deklaracja-obroncy-nieletni.docx\">\n                            <img decoding=\"async\" src=\"https:\/\/adwokatura.krakow.pl\/adwokaci-i-aplikanci\/wp-content\/themes\/kia\/dist\/images\/download.svg\" alt=\"download\">\n                        <\/a>\n                                    <\/div>\n               \n            <\/div>\n                    <div class=\"zalaczniki__single\">\n                <div class=\"zalaczniki__first\">\n                    <p class=\"zalaczniki__title\">\n                                                    Wniosek o wystawienie opinii lub za\u015bwiadczenia o wykonywaniu zawodu                                            <\/p>\n                    <p class=\"zalaczniki__file-name\">\n                                                    zal.-A15.-wniosek-o-wystawienie-opinii-lub-zaswiadczenia-o-wykonywaniu-zawodu-.docx                                            <\/p>\n                <\/div>\n                <div class=\"zalaczniki__middle\">\n                                        <a href=\"https:\/\/adwokatura.krakow.pl\/adwokaci-i-aplikanci\/wp-content\/uploads\/sites\/2\/2024\/03\/zal.-A15.-wniosek-o-wystawienie-opinii-lub-zaswiadczenia-o-wykonywaniu-zawodu-.docx\">Zobacz plik<\/a>\n                                    <\/div>\n                <div class=\"zalaczniki__last\">\n                                        <a download href=\"https:\/\/adwokatura.krakow.pl\/adwokaci-i-aplikanci\/wp-content\/uploads\/sites\/2\/2024\/03\/zal.-A15.-wniosek-o-wystawienie-opinii-lub-zaswiadczenia-o-wykonywaniu-zawodu-.docx\">\n                            <img decoding=\"async\" src=\"https:\/\/adwokatura.krakow.pl\/adwokaci-i-aplikanci\/wp-content\/themes\/kia\/dist\/images\/download.svg\" alt=\"download\">\n                        <\/a>\n                                    <\/div>\n               \n            <\/div>\n                <\/div>\n<\/div>\n\n<a class=\"button button--brazowy-ze-strzalka\" href=\"https:\/\/www.e-sad.gov.pl\/rejestracjaUzytkownika.aspx\">\n        Wniosek o rejestracj\u0119 konta w systemie teleinformatycznym<\/a>\n","protected":false},"excerpt":{"rendered":"","protected":false},"author":1,"featured_media":0,"parent":7,"menu_order":0,"comment_status":"closed","ping_status":"closed","template":"","meta":{"_acf_changed":false,"inline_featured_image":false,"footnotes":""},"class_list":["post-8","page","type-page","status-publish","hentry"],"acf":[],"_links":{"self":[{"href":"https:\/\/adwokatura.krakow.pl\/adwokaci-i-aplikanci\/wp-json\/wp\/v2\/pages\/8","targetHints":{"allow":["GET"]}}],"collection":[{"href":"https:\/\/adwokatura.krakow.pl\/adwokaci-i-aplikanci\/wp-json\/wp\/v2\/pages"}],"about":[{"href":"https:\/\/adwokatura.krakow.pl\/adwokaci-i-aplikanci\/wp-json\/wp\/v2\/types\/page"}],"author":[{"embeddable":true,"href":"https:\/\/adwokatura.krakow.pl\/adwokaci-i-aplikanci\/wp-json\/wp\/v2\/users\/1"}],"replies":[{"embeddable":true,"href":"https:\/\/adwokatura.krakow.pl\/adwokaci-i-aplikanci\/wp-json\/wp\/v2\/comments?post=8"}],"version-history":[{"count":15,"href":"https:\/\/adwokatura.krakow.pl\/adwokaci-i-aplikanci\/wp-json\/wp\/v2\/pages\/8\/revisions"}],"predecessor-version":[{"id":3356,"href":"https:\/\/adwokatura.krakow.pl\/adwokaci-i-aplikanci\/wp-json\/wp\/v2\/pages\/8\/revisions\/3356"}],"up":[{"embeddable":true,"href":"https:\/\/adwokatura.krakow.pl\/adwokaci-i-aplikanci\/wp-json\/wp\/v2\/pages\/7"}],"wp:attachment":[{"href":"https:\/\/adwokatura.krakow.pl\/adwokaci-i-aplikanci\/wp-json\/wp\/v2\/media?parent=8"}],"curies":[{"name":"wp","href":"https:\/\/api.w.org\/{rel}","templated":true}]}}

<div class="zalaczniki">
    
    <div class="zalaczniki__wrap">
                        <div class="zalaczniki__single">
                <div class="zalaczniki__first">
                    <p class="zalaczniki__title">
                                                    Wniosek o wpis na listę adwokatów wykonujących zawód                                            </p>
                    <p class="zalaczniki__file-name">
                                                    zal.-A06.-PRZENIESIENIE-NA-LISTE-ADWOKATOW-WYKONUJACYCH-ZAWOD.doc                                            </p>
                </div>
                <div class="zalaczniki__middle">
                                        <a href="https://adwokatura.krakow.pl/adwokaci-i-aplikanci/wp-content/uploads/sites/2/2024/03/zal.-A06.-PRZENIESIENIE-NA-LISTE-ADWOKATOW-WYKONUJACYCH-ZAWOD.doc">Zobacz plik</a>
                                    </div>
                <div class="zalaczniki__last">
                                        <a download href="https://adwokatura.krakow.pl/adwokaci-i-aplikanci/wp-content/uploads/sites/2/2024/03/zal.-A06.-PRZENIESIENIE-NA-LISTE-ADWOKATOW-WYKONUJACYCH-ZAWOD.doc">
                            <img decoding="async" src="https://adwokatura.krakow.pl/adwokaci-i-aplikanci/wp-content/themes/kia/dist/images/download.svg" alt="download">
                        </a>
                                    </div>
               
            </div>
                    <div class="zalaczniki__single">
                <div class="zalaczniki__first">
                    <p class="zalaczniki__title">
                                                    Wniosek o wpis na listę adwokatów niewykonujących zawodu                                            </p>
                    <p class="zalaczniki__file-name">
                                                    zal.-A07.-PRZENIESIENIE-NA-LISTE-ADWOKATOW-NIEWYKONUJACYCH-ZAWODU.doc                                            </p>
                </div>
                <div class="zalaczniki__middle">
                                        <a href="https://adwokatura.krakow.pl/adwokaci-i-aplikanci/wp-content/uploads/sites/2/2024/03/zal.-A07.-PRZENIESIENIE-NA-LISTE-ADWOKATOW-NIEWYKONUJACYCH-ZAWODU.doc">Zobacz plik</a>
                                    </div>
                <div class="zalaczniki__last">
                                        <a download href="https://adwokatura.krakow.pl/adwokaci-i-aplikanci/wp-content/uploads/sites/2/2024/03/zal.-A07.-PRZENIESIENIE-NA-LISTE-ADWOKATOW-NIEWYKONUJACYCH-ZAWODU.doc">
                            <img decoding="async" src="https://adwokatura.krakow.pl/adwokaci-i-aplikanci/wp-content/themes/kia/dist/images/download.svg" alt="download">
                        </a>
                                    </div>
               
            </div>
                    <div class="zalaczniki__single">
                <div class="zalaczniki__first">
                    <p class="zalaczniki__title">
                                                    Formularz zgłoszeniowy wykonywania zawodu                                             </p>
                    <p class="zalaczniki__file-name">
                                                    zal.A08.-formularz-zgloszenia-wykonywania-zawodu.docx                                            </p>
                </div>
                <div class="zalaczniki__middle">
                                        <a href="https://adwokatura.krakow.pl/adwokaci-i-aplikanci/wp-content/uploads/sites/2/2024/03/zal.A08.-formularz-zgloszenia-wykonywania-zawodu.docx">Zobacz plik</a>
                                    </div>
                <div class="zalaczniki__last">
                                        <a download href="https://adwokatura.krakow.pl/adwokaci-i-aplikanci/wp-content/uploads/sites/2/2024/03/zal.A08.-formularz-zgloszenia-wykonywania-zawodu.docx">
                            <img decoding="async" src="https://adwokatura.krakow.pl/adwokaci-i-aplikanci/wp-content/themes/kia/dist/images/download.svg" alt="download">
                        </a>
                                    </div>
               
            </div>
                    <div class="zalaczniki__single">
                <div class="zalaczniki__first">
                    <p class="zalaczniki__title">
                                                    Formularz zmiany wykonywania zawodu                                            </p>
                    <p class="zalaczniki__file-name">
                                                    zal.-A09.-formularz-zgloszeniowy-zmiana-.docx                                            </p>
                </div>
                <div class="zalaczniki__middle">
                                        <a href="https://adwokatura.krakow.pl/adwokaci-i-aplikanci/wp-content/uploads/sites/2/2024/03/zal.-A09.-formularz-zgloszeniowy-zmiana-.docx">Zobacz plik</a>
                                    </div>
                <div class="zalaczniki__last">
                                        <a download href="https://adwokatura.krakow.pl/adwokaci-i-aplikanci/wp-content/uploads/sites/2/2024/03/zal.-A09.-formularz-zgloszeniowy-zmiana-.docx">
                            <img decoding="async" src="https://adwokatura.krakow.pl/adwokaci-i-aplikanci/wp-content/themes/kia/dist/images/download.svg" alt="download">
                        </a>
                                    </div>
               
            </div>
                    <div class="zalaczniki__single">
                <div class="zalaczniki__first">
                    <p class="zalaczniki__title">
                                                    Deklaracja dot. pełnienia funkcji pełnomocnika z urzędu w sprawach cywilnych                                            </p>
                    <p class="zalaczniki__file-name">
                                                    zal.A10.-deklaracja-dot.-pelmomocnika-z-urzedu-w-sprawach-cywilnych.docx                                            </p>
                </div>
                <div class="zalaczniki__middle">
                                        <a href="https://adwokatura.krakow.pl/adwokaci-i-aplikanci/wp-content/uploads/sites/2/2024/03/zal.A10.-deklaracja-dot.-pelmomocnika-z-urzedu-w-sprawach-cywilnych.docx">Zobacz plik</a>
                                    </div>
                <div class="zalaczniki__last">
                                        <a download href="https://adwokatura.krakow.pl/adwokaci-i-aplikanci/wp-content/uploads/sites/2/2024/03/zal.A10.-deklaracja-dot.-pelmomocnika-z-urzedu-w-sprawach-cywilnych.docx">
                            <img decoding="async" src="https://adwokatura.krakow.pl/adwokaci-i-aplikanci/wp-content/themes/kia/dist/images/download.svg" alt="download">
                        </a>
                                    </div>
               
            </div>
                    <div class="zalaczniki__single">
                <div class="zalaczniki__first">
                    <p class="zalaczniki__title">
                                                    Deklaracja gotowości udzielania oskarżonym pomocy prawnej z urzędu w sprawach karnych                                            </p>
                    <p class="zalaczniki__file-name">
                                                    zal.-A11.deklaracja-adwokata-do-u-karne-lista-a-3.doc                                            </p>
                </div>
                <div class="zalaczniki__middle">
                                        <a href="https://adwokatura.krakow.pl/adwokaci-i-aplikanci/wp-content/uploads/sites/2/2024/03/zal.-A11.deklaracja-adwokata-do-u-karne-lista-a-3.doc">Zobacz plik</a>
                                    </div>
                <div class="zalaczniki__last">
                                        <a download href="https://adwokatura.krakow.pl/adwokaci-i-aplikanci/wp-content/uploads/sites/2/2024/03/zal.-A11.deklaracja-adwokata-do-u-karne-lista-a-3.doc">
                            <img decoding="async" src="https://adwokatura.krakow.pl/adwokaci-i-aplikanci/wp-content/themes/kia/dist/images/download.svg" alt="download">
                        </a>
                                    </div>
               
            </div>
                    <div class="zalaczniki__single">
                <div class="zalaczniki__first">
                    <p class="zalaczniki__title">
                                                    Deklaracja przystąpienia do Funduszu Wzajemnej Pomocy                                            </p>
                    <p class="zalaczniki__file-name">
                                                    zal.-A12.-deklaracja-fwp-2021.pdf                                            </p>
                </div>
                <div class="zalaczniki__middle">
                                        <a href="https://adwokatura.krakow.pl/adwokaci-i-aplikanci/wp-content/uploads/sites/2/2024/03/zal.-A12.-deklaracja-fwp-2021.pdf">Zobacz plik</a>
                                    </div>
                <div class="zalaczniki__last">
                                        <a download href="https://adwokatura.krakow.pl/adwokaci-i-aplikanci/wp-content/uploads/sites/2/2024/03/zal.-A12.-deklaracja-fwp-2021.pdf">
                            <img decoding="async" src="https://adwokatura.krakow.pl/adwokaci-i-aplikanci/wp-content/themes/kia/dist/images/download.svg" alt="download">
                        </a>
                                    </div>
               
            </div>
                    <div class="zalaczniki__single">
                <div class="zalaczniki__first">
                    <p class="zalaczniki__title">
                                                    Deklaracja w sprawie sposobu zapewnienia nieletniemu korzystania z pomocy obrońcy z urzędu                                            </p>
                    <p class="zalaczniki__file-name">
                                                    zal.-A13.-deklaracja-obroncy-nieletni.docx                                            </p>
                </div>
                <div class="zalaczniki__middle">
                                        <a href="https://adwokatura.krakow.pl/adwokaci-i-aplikanci/wp-content/uploads/sites/2/2024/03/zal.-A13.-deklaracja-obroncy-nieletni.docx">Zobacz plik</a>
                                    </div>
                <div class="zalaczniki__last">
                                        <a download href="https://adwokatura.krakow.pl/adwokaci-i-aplikanci/wp-content/uploads/sites/2/2024/03/zal.-A13.-deklaracja-obroncy-nieletni.docx">
                            <img decoding="async" src="https://adwokatura.krakow.pl/adwokaci-i-aplikanci/wp-content/themes/kia/dist/images/download.svg" alt="download">
                        </a>
                                    </div>
               
            </div>
                    <div class="zalaczniki__single">
                <div class="zalaczniki__first">
                    <p class="zalaczniki__title">
                                                    Wniosek o wystawienie opinii lub zaświadczenia o wykonywaniu zawodu                                            </p>
                    <p class="zalaczniki__file-name">
                                                    zal.-A15.-wniosek-o-wystawienie-opinii-lub-zaswiadczenia-o-wykonywaniu-zawodu-.docx                                            </p>
                </div>
                <div class="zalaczniki__middle">
                                        <a href="https://adwokatura.krakow.pl/adwokaci-i-aplikanci/wp-content/uploads/sites/2/2024/03/zal.-A15.-wniosek-o-wystawienie-opinii-lub-zaswiadczenia-o-wykonywaniu-zawodu-.docx">Zobacz plik</a>
                                    </div>
                <div class="zalaczniki__last">
                                        <a download href="https://adwokatura.krakow.pl/adwokaci-i-aplikanci/wp-content/uploads/sites/2/2024/03/zal.-A15.-wniosek-o-wystawienie-opinii-lub-zaswiadczenia-o-wykonywaniu-zawodu-.docx">
                            <img decoding="async" src="https://adwokatura.krakow.pl/adwokaci-i-aplikanci/wp-content/themes/kia/dist/images/download.svg" alt="download">
                        </a>
                                    </div>
               
            </div>
                </div>
</div>

<a class="button button--brazowy-ze-strzalka" href="https://www.e-sad.gov.pl/rejestracjaUzytkownika.aspx">
        Wniosek o rejestrację konta w systemie teleinformatycznym</a>
