{"id":11,"date":"2023-11-28T11:16:15","date_gmt":"2023-11-28T10:16:15","guid":{"rendered":"http:\/\/adwokatura.krakow.pl\/klienci\/?page_id=11"},"modified":"2024-04-26T12:49:50","modified_gmt":"2024-04-26T10:49:50","slug":"rzecznik-dyscyplinarny","status":"publish","type":"page","link":"https:\/\/adwokatura.krakow.pl\/klienci\/w-czym-pomagamy\/rzecznik-dyscyplinarny\/","title":{"rendered":"Rzecznik dyscyplinarny"},"content":{"rendered":"\n<h4 class=\"wp-block-heading\">INFORMACJA O SPOSOBIE Z\u0141O\u017bENIA WNIOSKU O WSZCZ\u0118CIE POST\u0118POWANIA DYSCYPLINARNEGO<\/h4>\n\n\n\n<p>Referat Rzecznika Dyscyplinarnego rozpoznaje wnioski o wszcz\u0119cie post\u0119powania\/dochodzenia dyscyplinarnego wniesione na pi\u015bmie do w\u0142a\u015bciwej Izby Adwokackiej, kt\u00f3rej cz\u0142onkiem jest adwokat\/aplikant adwokacki, kt\u00f3rego zawiadomienie dotyczy lub skargi przekazane z Referatu Skarg i Wniosk\u00f3w, kt\u00f3re zosta\u0142y uznane za zasadne.<\/p>\n\n\n\n<p>Wniosek nale\u017cy z\u0142o\u017cy\u0107 w formie pisemnej, opisuj\u0105c nieprawid\u0142owo\u015bci w dzia\u0142aniu oraz zarzuty kierowane wobec adwokata. Do pisma mo\u017cna za\u0142\u0105czy\u0107 dowody na opisane w zawiadomieniu okoliczno\u015bci (np. wymian\u0119 korespondencji, e-maili, sms etc.)<\/p>\n\n\n\n<p>Dokument taki mo\u017cna z\u0142o\u017cy\u0107 osobi\u015bcie na Biurze Podawczym Okr\u0119gowej Rady Adwokackiej w Krakowie, codziennie w godz. 8:00-16:00, b\u0105d\u017a nada\u0107 drog\u0105 listown\u0105 na adres: Okr\u0119gowa Rada Adwokacka w Krakowie, ul. Batorego 17, 31-135 Krak\u00f3w.<\/p>\n\n\n\n<p><strong>Wniosek o wszcz\u0119cie post\u0119powania dyscyplinarnego musi zawiera\u0107 oryginalny podpis sk\u0142adaj\u0105cego zawiadomienie.<\/strong><\/p>\n\n\n\n<p>Do rozpoznawania wniosk\u00f3w o wszcz\u0119cie post\u0119powania dyscyplinarnego stosuje si\u0119 odpowiednio przepisy kodeksu post\u0119powania karnego.<\/p>\n\n\n<div class=\"sklad-referatu\">\n    <div class=\"sklad-referatu__heading\">\n                    <h4 class=\"sklad-referatu__title\">\n                Sk\u0142ad referatu            <\/h4>\n                \n    <\/div>\n    <div class=\"sklad-referatu__row-wrap\">\n                                    <div class=\"sklad-referatu__row\">\n                    <div class=\"sklad-referatu__cell bold\">\n                                                    Adw. dr Micha\u0142 Sowa                                            <\/div>\n                    <div class=\"sklad-referatu__cell \">\n                                                    Rzecznik Dyscyplinarny                                            <\/div>\n                <\/div>\n                            <div class=\"sklad-referatu__row\">\n                    <div class=\"sklad-referatu__cell bold\">\n                                                    Adw. dr Patrycja Balcer-Czarnecka                                            <\/div>\n                    <div class=\"sklad-referatu__cell \">\n                                                    Zast\u0119pca Rzecznika Dyscyplinarnego                                            <\/div>\n                <\/div>\n                            <div class=\"sklad-referatu__row\">\n                    <div class=\"sklad-referatu__cell bold\">\n                                                    Adw. Daniel Bieszczad                                            <\/div>\n                    <div class=\"sklad-referatu__cell \">\n                                                    Zast\u0119pca Rzecznika Dyscyplinarnego                                            <\/div>\n                <\/div>\n                            <div class=\"sklad-referatu__row\">\n                    <div class=\"sklad-referatu__cell bold\">\n                                                    Adw. Marcin Ga\u0142uszka                                            <\/div>\n                    <div class=\"sklad-referatu__cell \">\n                                                    Zast\u0119pca Rzecznika Dyscyplinarnego                                            <\/div>\n                <\/div>\n                            <div class=\"sklad-referatu__row\">\n                    <div class=\"sklad-referatu__cell bold\">\n                                                    Adw. Marzena Ju\u015bkiewicz                                            <\/div>\n                    <div class=\"sklad-referatu__cell \">\n                                                    Zast\u0119pca Rzecznika Dyscyplinarnego                                            <\/div>\n                <\/div>\n                            <div class=\"sklad-referatu__row\">\n                    <div class=\"sklad-referatu__cell bold\">\n                                                    Adw. Marek Kowalczyk                                            <\/div>\n                    <div class=\"sklad-referatu__cell \">\n                                                    Zast\u0119pca Rzecznika Dyscyplinarnego                                            <\/div>\n                <\/div>\n                            <div class=\"sklad-referatu__row\">\n                    <div class=\"sklad-referatu__cell bold\">\n                                                    Adw. Fryderyka Kulesza                                            <\/div>\n                    <div class=\"sklad-referatu__cell \">\n                                                    Zast\u0119pca Rzecznika Dyscyplinarnego                                            <\/div>\n                <\/div>\n                            <div class=\"sklad-referatu__row\">\n                    <div class=\"sklad-referatu__cell bold\">\n                                                    Adw. Bogdan Mat\u0142ok                                            <\/div>\n                    <div class=\"sklad-referatu__cell \">\n                                                    Zast\u0119pca Rzecznika Dyscyplinarnego                                            <\/div>\n                <\/div>\n                            <div class=\"sklad-referatu__row\">\n                    <div class=\"sklad-referatu__cell bold\">\n                                                    Adw. Miros\u0142aw Pa\u0142ucki                                            <\/div>\n                    <div class=\"sklad-referatu__cell \">\n                                                    Zast\u0119pca Rzecznika Dyscyplinarnego                                            <\/div>\n                <\/div>\n                            <div class=\"sklad-referatu__row\">\n                    <div class=\"sklad-referatu__cell bold\">\n                                                    Adw. Magdalena Rygo\u0142-Ko\u015bciarz                                            <\/div>\n                    <div class=\"sklad-referatu__cell \">\n                                                    Zast\u0119pca Rzecznika Dyscyplinarnego                                            <\/div>\n                <\/div>\n                            <div class=\"sklad-referatu__row\">\n                    <div class=\"sklad-referatu__cell bold\">\n                                                    Adw. Rafa\u0142 Sta\u0144czewski                                            <\/div>\n                    <div class=\"sklad-referatu__cell \">\n                                                    Zast\u0119pca Rzecznika Dyscyplinarnego                                            <\/div>\n                <\/div>\n                            <div class=\"sklad-referatu__row\">\n                    <div class=\"sklad-referatu__cell bold\">\n                                                    adw. Nadia Tomkiewicz                                            <\/div>\n                    <div class=\"sklad-referatu__cell \">\n                                                    Zast\u0119pca Rzecznika Dyscyplinarnego                                            <\/div>\n                <\/div>\n                        <\/div>\n<\/div>\n\n\n<h4 class=\"wp-block-heading\">AKTY PRAWNE<\/h4>\n\n\n<div class=\"zalaczniki\">\n    \n    <div class=\"zalaczniki__wrap\">\n                        <div class=\"zalaczniki__single\">\n                <div class=\"zalaczniki__first\">\n                    <p class=\"zalaczniki__title\">\n                                                    Regulamin dzia\u0142ania rzecznik\u00f3w dyscyplinarnych                                            <\/p>\n                    <p class=\"zalaczniki__file-name\">\n                                                    01.-aktualny-regulamin-rzecznikow-dyscyplinarnych.pdf                                            <\/p>\n                <\/div>\n                <div class=\"zalaczniki__middle\">\n                                        <a href=\"https:\/\/adwokatura.krakow.pl\/klienci\/wp-content\/uploads\/sites\/3\/2024\/03\/01.-aktualny-regulamin-rzecznikow-dyscyplinarnych.pdf\">Zobacz plik<\/a>\n                                    <\/div>\n                <div class=\"zalaczniki__last\">\n                                        <a download href=\"https:\/\/adwokatura.krakow.pl\/klienci\/wp-content\/uploads\/sites\/3\/2024\/03\/01.-aktualny-regulamin-rzecznikow-dyscyplinarnych.pdf\">\n                            <img decoding=\"async\" src=\"https:\/\/adwokatura.krakow.pl\/klienci\/wp-content\/themes\/kia\/dist\/images\/download.svg\" alt=\"download\">\n                        <\/a>\n                                    <\/div>\n               \n            <\/div>\n                <\/div>\n<\/div>\n\n\n<h4 class=\"wp-block-heading\">KONTAKT<\/h4>\n\n\n\n<p>Joanna Kr\u00f3lik<br>Sekretariat Rzecznika KIA<br>kom: <a href=\"tel:+48 533 344 273\">+48 533 344 273<\/a><br>e-mail: <a href=\"mailto:rd@adwokatura.krakow.pl\">rd@adwokatura.krakow.pl<\/a><\/p>\n\n\n\n<p>ul. Batorego 17, 31-135 Krak\u00f3w<\/p>\n","protected":false},"excerpt":{"rendered":"<p>INFORMACJA O SPOSOBIE Z\u0141O\u017bENIA WNIOSKU O WSZCZ\u0118CIE POST\u0118POWANIA DYSCYPLINARNEGO Referat Rzecznika Dyscyplinarnego rozpoznaje wnioski o wszcz\u0119cie post\u0119powania\/dochodzenia dyscyplinarnego wniesione na pi\u015bmie do w\u0142a\u015bciwej Izby Adwokackiej, kt\u00f3rej cz\u0142onkiem jest adwokat\/aplikant adwokacki, kt\u00f3rego zawiadomienie dotyczy lub skargi przekazane z Referatu Skarg i Wniosk\u00f3w, kt\u00f3re zosta\u0142y uznane za zasadne. Wniosek nale\u017cy z\u0142o\u017cy\u0107 w formie pisemnej, opisuj\u0105c nieprawid\u0142owo\u015bci w [&hellip;]<\/p>\n","protected":false},"author":1,"featured_media":0,"parent":10,"menu_order":0,"comment_status":"closed","ping_status":"closed","template":"","meta":{"_acf_changed":false,"inline_featured_image":false,"footnotes":""},"class_list":["post-11","page","type-page","status-publish","hentry"],"acf":[],"_links":{"self":[{"href":"https:\/\/adwokatura.krakow.pl\/klienci\/wp-json\/wp\/v2\/pages\/11","targetHints":{"allow":["GET"]}}],"collection":[{"href":"https:\/\/adwokatura.krakow.pl\/klienci\/wp-json\/wp\/v2\/pages"}],"about":[{"href":"https:\/\/adwokatura.krakow.pl\/klienci\/wp-json\/wp\/v2\/types\/page"}],"author":[{"embeddable":true,"href":"https:\/\/adwokatura.krakow.pl\/klienci\/wp-json\/wp\/v2\/users\/1"}],"replies":[{"embeddable":true,"href":"https:\/\/adwokatura.krakow.pl\/klienci\/wp-json\/wp\/v2\/comments?post=11"}],"version-history":[{"count":15,"href":"https:\/\/adwokatura.krakow.pl\/klienci\/wp-json\/wp\/v2\/pages\/11\/revisions"}],"predecessor-version":[{"id":272,"href":"https:\/\/adwokatura.krakow.pl\/klienci\/wp-json\/wp\/v2\/pages\/11\/revisions\/272"}],"up":[{"embeddable":true,"href":"https:\/\/adwokatura.krakow.pl\/klienci\/wp-json\/wp\/v2\/pages\/10"}],"wp:attachment":[{"href":"https:\/\/adwokatura.krakow.pl\/klienci\/wp-json\/wp\/v2\/media?parent=11"}],"curies":[{"name":"wp","href":"https:\/\/api.w.org\/{rel}","templated":true}]}}

<h4 class="wp-block-heading">INFORMACJA O SPOSOBIE ZŁOŻENIA WNIOSKU O WSZCZĘCIE POSTĘPOWANIA DYSCYPLINARNEGO</h4>



<p>Referat Rzecznika Dyscyplinarnego rozpoznaje wnioski o wszczęcie postępowania/dochodzenia dyscyplinarnego wniesione na piśmie do właściwej Izby Adwokackiej, której członkiem jest adwokat/aplikant adwokacki, którego zawiadomienie dotyczy lub skargi przekazane z Referatu Skarg i Wniosków, które zostały uznane za zasadne.</p>



<p>Wniosek należy złożyć w formie pisemnej, opisując nieprawidłowości w działaniu oraz zarzuty kierowane wobec adwokata. Do pisma można załączyć dowody na opisane w zawiadomieniu okoliczności (np. wymianę korespondencji, e-maili, sms etc.)</p>



<p>Dokument taki można złożyć osobiście na Biurze Podawczym Okręgowej Rady Adwokackiej w Krakowie, codziennie w godz. 8:00-16:00, bądź nadać drogą listowną na adres: Okręgowa Rada Adwokacka w Krakowie, ul. Batorego 17, 31-135 Kraków.</p>



<p><strong>Wniosek o wszczęcie postępowania dyscyplinarnego musi zawierać oryginalny podpis składającego zawiadomienie.</strong></p>



<p>Do rozpoznawania wniosków o wszczęcie postępowania dyscyplinarnego stosuje się odpowiednio przepisy kodeksu postępowania karnego.</p>


<div class="sklad-referatu">
    <div class="sklad-referatu__heading">
                    <h4 class="sklad-referatu__title">
                Skład referatu            </h4>
                
    </div>
    <div class="sklad-referatu__row-wrap">
                                    <div class="sklad-referatu__row">
                    <div class="sklad-referatu__cell bold">
                                                    Adw. dr Michał Sowa                                            </div>
                    <div class="sklad-referatu__cell ">
                                                    Rzecznik Dyscyplinarny                                            </div>
                </div>
                            <div class="sklad-referatu__row">
                    <div class="sklad-referatu__cell bold">
                                                    Adw. dr Patrycja Balcer-Czarnecka                                            </div>
                    <div class="sklad-referatu__cell ">
                                                    Zastępca Rzecznika Dyscyplinarnego                                            </div>
                </div>
                            <div class="sklad-referatu__row">
                    <div class="sklad-referatu__cell bold">
                                                    Adw. Daniel Bieszczad                                            </div>
                    <div class="sklad-referatu__cell ">
                                                    Zastępca Rzecznika Dyscyplinarnego                                            </div>
                </div>
                            <div class="sklad-referatu__row">
                    <div class="sklad-referatu__cell bold">
                                                    Adw. Marcin Gałuszka                                            </div>
                    <div class="sklad-referatu__cell ">
                                                    Zastępca Rzecznika Dyscyplinarnego                                            </div>
                </div>
                            <div class="sklad-referatu__row">
                    <div class="sklad-referatu__cell bold">
                                                    Adw. Marzena Juśkiewicz                                            </div>
                    <div class="sklad-referatu__cell ">
                                                    Zastępca Rzecznika Dyscyplinarnego                                            </div>
                </div>
                            <div class="sklad-referatu__row">
                    <div class="sklad-referatu__cell bold">
                                                    Adw. Marek Kowalczyk                                            </div>
                    <div class="sklad-referatu__cell ">
                                                    Zastępca Rzecznika Dyscyplinarnego                                            </div>
                </div>
                            <div class="sklad-referatu__row">
                    <div class="sklad-referatu__cell bold">
                                                    Adw. Fryderyka Kulesza                                            </div>
                    <div class="sklad-referatu__cell ">
                                                    Zastępca Rzecznika Dyscyplinarnego                                            </div>
                </div>
                            <div class="sklad-referatu__row">
                    <div class="sklad-referatu__cell bold">
                                                    Adw. Bogdan Matłok                                            </div>
                    <div class="sklad-referatu__cell ">
                                                    Zastępca Rzecznika Dyscyplinarnego                                            </div>
                </div>
                            <div class="sklad-referatu__row">
                    <div class="sklad-referatu__cell bold">
                                                    Adw. Mirosław Pałucki                                            </div>
                    <div class="sklad-referatu__cell ">
                                                    Zastępca Rzecznika Dyscyplinarnego                                            </div>
                </div>
                            <div class="sklad-referatu__row">
                    <div class="sklad-referatu__cell bold">
                                                    Adw. Magdalena Rygoł-Kościarz                                            </div>
                    <div class="sklad-referatu__cell ">
                                                    Zastępca Rzecznika Dyscyplinarnego                                            </div>
                </div>
                            <div class="sklad-referatu__row">
                    <div class="sklad-referatu__cell bold">
                                                    Adw. Rafał Stańczewski                                            </div>
                    <div class="sklad-referatu__cell ">
                                                    Zastępca Rzecznika Dyscyplinarnego                                            </div>
                </div>
                            <div class="sklad-referatu__row">
                    <div class="sklad-referatu__cell bold">
                                                    adw. Nadia Tomkiewicz                                            </div>
                    <div class="sklad-referatu__cell ">
                                                    Zastępca Rzecznika Dyscyplinarnego                                            </div>
                </div>
                        </div>
</div>


<h4 class="wp-block-heading">AKTY PRAWNE</h4>


<div class="zalaczniki">
    
    <div class="zalaczniki__wrap">
                        <div class="zalaczniki__single">
                <div class="zalaczniki__first">
                    <p class="zalaczniki__title">
                                                    Regulamin działania rzeczników dyscyplinarnych                                            </p>
                    <p class="zalaczniki__file-name">
                                                    01.-aktualny-regulamin-rzecznikow-dyscyplinarnych.pdf                                            </p>
                </div>
                <div class="zalaczniki__middle">
                                        <a href="https://adwokatura.krakow.pl/klienci/wp-content/uploads/sites/3/2024/03/01.-aktualny-regulamin-rzecznikow-dyscyplinarnych.pdf">Zobacz plik</a>
                                    </div>
                <div class="zalaczniki__last">
                                        <a download href="https://adwokatura.krakow.pl/klienci/wp-content/uploads/sites/3/2024/03/01.-aktualny-regulamin-rzecznikow-dyscyplinarnych.pdf">
                            <img decoding="async" src="https://adwokatura.krakow.pl/klienci/wp-content/themes/kia/dist/images/download.svg" alt="download">
                        </a>
                                    </div>
               
            </div>
                </div>
</div>


<h4 class="wp-block-heading">KONTAKT</h4>



<p>Joanna Królik<br>Sekretariat Rzecznika KIA<br>kom: <a href="tel:+48 533 344 273">+48 533 344 273</a><br>e-mail: <a href="mailto:rd@adwokatura.krakow.pl">rd@adwokatura.krakow.pl</a></p>



<p>ul. Batorego 17, 31-135 Kraków</p>

<p>INFORMACJA O SPOSOBIE ZŁOŻENIA WNIOSKU O WSZCZĘCIE POSTĘPOWANIA DYSCYPLINARNEGO Referat Rzecznika Dyscyplinarnego rozpoznaje wnioski o wszczęcie postępowania/dochodzenia dyscyplinarnego wniesione na piśmie do właściwej Izby Adwokackiej, której członkiem jest adwokat/aplikant adwokacki, którego zawiadomienie dotyczy lub skargi przekazane z Referatu Skarg i Wniosków, które zostały uznane za zasadne. Wniosek należy złożyć w formie pisemnej, opisując nieprawidłowości w [&hellip;]</p>
