{"id":12,"date":"2023-11-28T11:16:22","date_gmt":"2023-11-28T10:16:22","guid":{"rendered":"http:\/\/adwokatura.krakow.pl\/klienci\/?page_id=12"},"modified":"2024-03-06T12:49:40","modified_gmt":"2024-03-06T11:49:40","slug":"sad-dyscyplinarny","status":"publish","type":"page","link":"https:\/\/adwokatura.krakow.pl\/klienci\/w-czym-pomagamy\/sad-dyscyplinarny\/","title":{"rendered":"S\u0105d dyscyplinarny"},"content":{"rendered":"\n<p>Zgodnie z tre\u015bci\u0105 art. 80 Ustawy Prawa o adwokaturze adwokaci i aplikanci adwokaccy podlegaj\u0105 odpowiedzialno\u015bci dyscyplinarnej za post\u0119powanie sprzeczne z prawem, zasadami etyki lub godno\u015bci\u0105 zawodu b\u0105d\u017a za naruszenie swych obowi\u0105zk\u00f3w zawodowych, a adwokaci r\u00f3wnie\u017c za niespe\u0142nienie obowi\u0105zku zawarcia umowy ubezpieczenia, o kt\u00f3rym mowa w art. 8a ust. 1, zgodnie z przepisami wydanymi na podstawie art. 8b.<\/p>\n\n\n\n<p>Orzekanie przez samorz\u0105dy zawodowe o odpowiedzialno\u015bci dyscyplinarnej os\u00f3b wykonuj\u0105cych zawody zaufania publicznego jest realizacj\u0105 wynikaj\u0105cego z art. 17 ust. 1 Konstytucji Rzeczypospolitej Polskiej obowi\u0105zku sprawowania przez nie pieczy nad nale\u017cytym wykonywaniem tych zawod\u00f3w w granicach interesu publicznego i dla jego ochrony.<\/p>\n\n\n\n<p><strong>S\u0105d Dyscyplinarny Krakowskiej Izby Adwokackiej<\/strong> rozpoznaje jako I instancja akty oskar\u017cenia p-ko Adwokatom tut. Izby, skierowane do S\u0105du Dyscyplinarnego przez Rzecznika Dyscyplinarnego Krakowskiej Izby Adwokackiej oraz jako II instancja za\u017calenia na postanowienie Rzecznika Dyscyplinarnego KIA o odmowie wszcz\u0119cia dochodzenia\/post\u0119powania umorzeniu dochodzenia\/post\u0119powania etc.<\/p>\n\n\n\n<p>S\u0105d Dyscyplinarny jest organem niezawis\u0142ym; orzeka zawsze w 3-osobowym sk\u0142adzie w oparciu o przepisy Prawa o adwokaturze, Zbioru Zasad Etyki Zawodowej i Godno\u015bci Zawodu Adwokata , Kodeksu post\u0119powania karnego.<\/p>\n\n\n\n<p>Posiedzenia i rozprawy przed S\u0105dem Dyscyplinarnym wyznaczane s\u0105 przez Prezesa S\u0105du na bie\u017c\u0105co, bez zb\u0119dnej zw\u0142oki i odbywaj\u0105 si\u0119 w siedzibie Krakowskiej Izby Adwokackiej, ul. Batorego 17, 31-135 Krak\u00f3w.<\/p>\n\n\n<div class=\"sklad-referatu\">\n    <div class=\"sklad-referatu__heading\">\n                    <h4 class=\"sklad-referatu__title\">\n                Sk\u0142ad osobowy S\u0105du Dyscyplinarnego Krakowskiej Izby Adwokackiej            <\/h4>\n                \n    <\/div>\n    <div class=\"sklad-referatu__row-wrap\">\n                                    <div class=\"sklad-referatu__row\">\n                    <div class=\"sklad-referatu__cell bold\">\n                                                    adw. Piotr Ocha\u0142ek                                            <\/div>\n                    <div class=\"sklad-referatu__cell \">\n                                                    Prezes                                            <\/div>\n                <\/div>\n                            <div class=\"sklad-referatu__row\">\n                    <div class=\"sklad-referatu__cell bold\">\n                                                    adw. Wojciech Grybo\u015b                                            <\/div>\n                    <div class=\"sklad-referatu__cell \">\n                                                    Wiceprezes                                            <\/div>\n                <\/div>\n                            <div class=\"sklad-referatu__row\">\n                    <div class=\"sklad-referatu__cell bold\">\n                                                    adw. Angelika Arter                                            <\/div>\n                    <div class=\"sklad-referatu__cell \">\n                                                    Cz\u0142onek                                            <\/div>\n                <\/div>\n                            <div class=\"sklad-referatu__row\">\n                    <div class=\"sklad-referatu__cell bold\">\n                                                    adw. Andrzej Braum                                            <\/div>\n                    <div class=\"sklad-referatu__cell \">\n                                                    Cz\u0142onek                                            <\/div>\n                <\/div>\n                            <div class=\"sklad-referatu__row\">\n                    <div class=\"sklad-referatu__cell bold\">\n                                                    adw. dr Aleksandra Cempura                                            <\/div>\n                    <div class=\"sklad-referatu__cell \">\n                                                    Cz\u0142onek                                            <\/div>\n                <\/div>\n                            <div class=\"sklad-referatu__row\">\n                    <div class=\"sklad-referatu__cell bold\">\n                                                    adw. Beata Czosnowska                                            <\/div>\n                    <div class=\"sklad-referatu__cell \">\n                                                    Cz\u0142onek                                            <\/div>\n                <\/div>\n                            <div class=\"sklad-referatu__row\">\n                    <div class=\"sklad-referatu__cell bold\">\n                                                    adw. Bogumi\u0142a G\u00f3rnikowska                                            <\/div>\n                    <div class=\"sklad-referatu__cell \">\n                                                    Cz\u0142onek                                            <\/div>\n                <\/div>\n                            <div class=\"sklad-referatu__row\">\n                    <div class=\"sklad-referatu__cell bold\">\n                                                    adw. Anna Kasolik                                            <\/div>\n                    <div class=\"sklad-referatu__cell \">\n                                                    Cz\u0142onek                                            <\/div>\n                <\/div>\n                            <div class=\"sklad-referatu__row\">\n                    <div class=\"sklad-referatu__cell bold\">\n                                                    adw. Katarzyna Kasprzykiewicz                                            <\/div>\n                    <div class=\"sklad-referatu__cell \">\n                                                    Cz\u0142onek                                            <\/div>\n                <\/div>\n                            <div class=\"sklad-referatu__row\">\n                    <div class=\"sklad-referatu__cell bold\">\n                                                    adw. Ewa Kodymowska-Sio\u0142a                                            <\/div>\n                    <div class=\"sklad-referatu__cell \">\n                                                    Cz\u0142onek                                            <\/div>\n                <\/div>\n                            <div class=\"sklad-referatu__row\">\n                    <div class=\"sklad-referatu__cell bold\">\n                                                    adw. Agnieszka Kurek-Mazgaj                                            <\/div>\n                    <div class=\"sklad-referatu__cell \">\n                                                    Cz\u0142onek                                            <\/div>\n                <\/div>\n                            <div class=\"sklad-referatu__row\">\n                    <div class=\"sklad-referatu__cell bold\">\n                                                    adw. Piotr Karol Ochwat                                            <\/div>\n                    <div class=\"sklad-referatu__cell \">\n                                                    Cz\u0142onek                                            <\/div>\n                <\/div>\n                            <div class=\"sklad-referatu__row\">\n                    <div class=\"sklad-referatu__cell bold\">\n                                                    adw. Maciej Pietrzykowski                                            <\/div>\n                    <div class=\"sklad-referatu__cell \">\n                                                    Cz\u0142onek                                            <\/div>\n                <\/div>\n                            <div class=\"sklad-referatu__row\">\n                    <div class=\"sklad-referatu__cell bold\">\n                                                    adw. Andrzej Sopata                                            <\/div>\n                    <div class=\"sklad-referatu__cell \">\n                                                    Cz\u0142onek                                            <\/div>\n                <\/div>\n                            <div class=\"sklad-referatu__row\">\n                    <div class=\"sklad-referatu__cell bold\">\n                                                    adw. Ma\u0142gorzata Tokarz                                            <\/div>\n                    <div class=\"sklad-referatu__cell \">\n                                                    Cz\u0142onek                                            <\/div>\n                <\/div>\n                            <div class=\"sklad-referatu__row\">\n                    <div class=\"sklad-referatu__cell bold\">\n                                                    adw. dr Magdalena Walig\u00f3ra                                            <\/div>\n                    <div class=\"sklad-referatu__cell \">\n                                                    Cz\u0142onek                                            <\/div>\n                <\/div>\n                            <div class=\"sklad-referatu__row\">\n                    <div class=\"sklad-referatu__cell bold\">\n                                                    adw. Bartosz W\u00f3jcik                                            <\/div>\n                    <div class=\"sklad-referatu__cell \">\n                                                    Cz\u0142onek                                            <\/div>\n                <\/div>\n                            <div class=\"sklad-referatu__row\">\n                    <div class=\"sklad-referatu__cell bold\">\n                                                    adw. \u0141ukasz W\u00f3jtowicz                                            <\/div>\n                    <div class=\"sklad-referatu__cell \">\n                                                    Cz\u0142onek                                            <\/div>\n                <\/div>\n                            <div class=\"sklad-referatu__row\">\n                    <div class=\"sklad-referatu__cell bold\">\n                                                    adw. Hubert Znamirowski                                            <\/div>\n                    <div class=\"sklad-referatu__cell \">\n                                                    Cz\u0142onek                                            <\/div>\n                <\/div>\n                            <div class=\"sklad-referatu__row\">\n                    <div class=\"sklad-referatu__cell bold\">\n                                                    adw. \u0141ukasz Znamirowski                                            <\/div>\n                    <div class=\"sklad-referatu__cell \">\n                                                    Cz\u0142onek                                            <\/div>\n                <\/div>\n                        <\/div>\n<\/div>\n\n\n<h4 class=\"wp-block-heading\">KONTAKT<\/h4>\n\n\n\n<p>S\u0105d Dyscyplinarny Krakowskiej Izby Adwokackiej<br>ul. Batorego 17, 31-135 Krak\u00f3w<\/p>\n\n\n\n<p>Karolina W\u0142odarczyk-Ca\u0142us<br>tel. kom. <a href=\"tel:+48 728 871 911\">+48 728 871 911<\/a><br>e-mail: <a href=\"mailto:karolina.wlodarczyk.calus@adwokatura.krakow.pl\">karolina.wlodarczyk.calus@adwokatura.krakow.pl<\/a><\/p>\n","protected":false},"excerpt":{"rendered":"<p>Zgodnie z tre\u015bci\u0105 art. 80 Ustawy Prawa o adwokaturze adwokaci i aplikanci adwokaccy podlegaj\u0105 odpowiedzialno\u015bci dyscyplinarnej za post\u0119powanie sprzeczne z prawem, zasadami etyki lub godno\u015bci\u0105 zawodu b\u0105d\u017a za naruszenie swych obowi\u0105zk\u00f3w zawodowych, a adwokaci r\u00f3wnie\u017c za niespe\u0142nienie obowi\u0105zku zawarcia umowy ubezpieczenia, o kt\u00f3rym mowa w art. 8a ust. 1, zgodnie z przepisami wydanymi na podstawie [&hellip;]<\/p>\n","protected":false},"author":1,"featured_media":0,"parent":10,"menu_order":0,"comment_status":"closed","ping_status":"closed","template":"","meta":{"_acf_changed":false,"inline_featured_image":false,"footnotes":""},"class_list":["post-12","page","type-page","status-publish","hentry"],"acf":[],"_links":{"self":[{"href":"https:\/\/adwokatura.krakow.pl\/klienci\/wp-json\/wp\/v2\/pages\/12","targetHints":{"allow":["GET"]}}],"collection":[{"href":"https:\/\/adwokatura.krakow.pl\/klienci\/wp-json\/wp\/v2\/pages"}],"about":[{"href":"https:\/\/adwokatura.krakow.pl\/klienci\/wp-json\/wp\/v2\/types\/page"}],"author":[{"embeddable":true,"href":"https:\/\/adwokatura.krakow.pl\/klienci\/wp-json\/wp\/v2\/users\/1"}],"replies":[{"embeddable":true,"href":"https:\/\/adwokatura.krakow.pl\/klienci\/wp-json\/wp\/v2\/comments?post=12"}],"version-history":[{"count":9,"href":"https:\/\/adwokatura.krakow.pl\/klienci\/wp-json\/wp\/v2\/pages\/12\/revisions"}],"predecessor-version":[{"id":225,"href":"https:\/\/adwokatura.krakow.pl\/klienci\/wp-json\/wp\/v2\/pages\/12\/revisions\/225"}],"up":[{"embeddable":true,"href":"https:\/\/adwokatura.krakow.pl\/klienci\/wp-json\/wp\/v2\/pages\/10"}],"wp:attachment":[{"href":"https:\/\/adwokatura.krakow.pl\/klienci\/wp-json\/wp\/v2\/media?parent=12"}],"curies":[{"name":"wp","href":"https:\/\/api.w.org\/{rel}","templated":true}]}}

Sąd dyscyplinarny

<p>Zgodnie z treścią art. 80 Ustawy Prawa o adwokaturze adwokaci i aplikanci adwokaccy podlegają odpowiedzialności dyscyplinarnej za postępowanie sprzeczne z prawem, zasadami etyki lub godnością zawodu bądź za naruszenie swych obowiązków zawodowych, a adwokaci również za niespełnienie obowiązku zawarcia umowy ubezpieczenia, o którym mowa w art. 8a ust. 1, zgodnie z przepisami wydanymi na podstawie art. 8b.</p>



<p>Orzekanie przez samorządy zawodowe o odpowiedzialności dyscyplinarnej osób wykonujących zawody zaufania publicznego jest realizacją wynikającego z art. 17 ust. 1 Konstytucji Rzeczypospolitej Polskiej obowiązku sprawowania przez nie pieczy nad należytym wykonywaniem tych zawodów w granicach interesu publicznego i dla jego ochrony.</p>



<p><strong>Sąd Dyscyplinarny Krakowskiej Izby Adwokackiej</strong> rozpoznaje jako I instancja akty oskarżenia p-ko Adwokatom tut. Izby, skierowane do Sądu Dyscyplinarnego przez Rzecznika Dyscyplinarnego Krakowskiej Izby Adwokackiej oraz jako II instancja zażalenia na postanowienie Rzecznika Dyscyplinarnego KIA o odmowie wszczęcia dochodzenia/postępowania umorzeniu dochodzenia/postępowania etc.</p>



<p>Sąd Dyscyplinarny jest organem niezawisłym; orzeka zawsze w 3-osobowym składzie w oparciu o przepisy Prawa o adwokaturze, Zbioru Zasad Etyki Zawodowej i Godności Zawodu Adwokata , Kodeksu postępowania karnego.</p>



<p>Posiedzenia i rozprawy przed Sądem Dyscyplinarnym wyznaczane są przez Prezesa Sądu na bieżąco, bez zbędnej zwłoki i odbywają się w siedzibie Krakowskiej Izby Adwokackiej, ul. Batorego 17, 31-135 Kraków.</p>


<div class="sklad-referatu">
    <div class="sklad-referatu__heading">
                    <h4 class="sklad-referatu__title">
                Skład osobowy Sądu Dyscyplinarnego Krakowskiej Izby Adwokackiej            </h4>
                
    </div>
    <div class="sklad-referatu__row-wrap">
                                    <div class="sklad-referatu__row">
                    <div class="sklad-referatu__cell bold">
                                                    adw. Piotr Ochałek                                            </div>
                    <div class="sklad-referatu__cell ">
                                                    Prezes                                            </div>
                </div>
                            <div class="sklad-referatu__row">
                    <div class="sklad-referatu__cell bold">
                                                    adw. Wojciech Gryboś                                            </div>
                    <div class="sklad-referatu__cell ">
                                                    Wiceprezes                                            </div>
                </div>
                            <div class="sklad-referatu__row">
                    <div class="sklad-referatu__cell bold">
                                                    adw. Angelika Arter                                            </div>
                    <div class="sklad-referatu__cell ">
                                                    Członek                                            </div>
                </div>
                            <div class="sklad-referatu__row">
                    <div class="sklad-referatu__cell bold">
                                                    adw. Andrzej Braum                                            </div>
                    <div class="sklad-referatu__cell ">
                                                    Członek                                            </div>
                </div>
                            <div class="sklad-referatu__row">
                    <div class="sklad-referatu__cell bold">
                                                    adw. dr Aleksandra Cempura                                            </div>
                    <div class="sklad-referatu__cell ">
                                                    Członek                                            </div>
                </div>
                            <div class="sklad-referatu__row">
                    <div class="sklad-referatu__cell bold">
                                                    adw. Beata Czosnowska                                            </div>
                    <div class="sklad-referatu__cell ">
                                                    Członek                                            </div>
                </div>
                            <div class="sklad-referatu__row">
                    <div class="sklad-referatu__cell bold">
                                                    adw. Bogumiła Górnikowska                                            </div>
                    <div class="sklad-referatu__cell ">
                                                    Członek                                            </div>
                </div>
                            <div class="sklad-referatu__row">
                    <div class="sklad-referatu__cell bold">
                                                    adw. Anna Kasolik                                            </div>
                    <div class="sklad-referatu__cell ">
                                                    Członek                                            </div>
                </div>
                            <div class="sklad-referatu__row">
                    <div class="sklad-referatu__cell bold">
                                                    adw. Katarzyna Kasprzykiewicz                                            </div>
                    <div class="sklad-referatu__cell ">
                                                    Członek                                            </div>
                </div>
                            <div class="sklad-referatu__row">
                    <div class="sklad-referatu__cell bold">
                                                    adw. Ewa Kodymowska-Sioła                                            </div>
                    <div class="sklad-referatu__cell ">
                                                    Członek                                            </div>
                </div>
                            <div class="sklad-referatu__row">
                    <div class="sklad-referatu__cell bold">
                                                    adw. Agnieszka Kurek-Mazgaj                                            </div>
                    <div class="sklad-referatu__cell ">
                                                    Członek                                            </div>
                </div>
                            <div class="sklad-referatu__row">
                    <div class="sklad-referatu__cell bold">
                                                    adw. Piotr Karol Ochwat                                            </div>
                    <div class="sklad-referatu__cell ">
                                                    Członek                                            </div>
                </div>
                            <div class="sklad-referatu__row">
                    <div class="sklad-referatu__cell bold">
                                                    adw. Maciej Pietrzykowski                                            </div>
                    <div class="sklad-referatu__cell ">
                                                    Członek                                            </div>
                </div>
                            <div class="sklad-referatu__row">
                    <div class="sklad-referatu__cell bold">
                                                    adw. Andrzej Sopata                                            </div>
                    <div class="sklad-referatu__cell ">
                                                    Członek                                            </div>
                </div>
                            <div class="sklad-referatu__row">
                    <div class="sklad-referatu__cell bold">
                                                    adw. Małgorzata Tokarz                                            </div>
                    <div class="sklad-referatu__cell ">
                                                    Członek                                            </div>
                </div>
                            <div class="sklad-referatu__row">
                    <div class="sklad-referatu__cell bold">
                                                    adw. dr Magdalena Waligóra                                            </div>
                    <div class="sklad-referatu__cell ">
                                                    Członek                                            </div>
                </div>
                            <div class="sklad-referatu__row">
                    <div class="sklad-referatu__cell bold">
                                                    adw. Bartosz Wójcik                                            </div>
                    <div class="sklad-referatu__cell ">
                                                    Członek                                            </div>
                </div>
                            <div class="sklad-referatu__row">
                    <div class="sklad-referatu__cell bold">
                                                    adw. Łukasz Wójtowicz                                            </div>
                    <div class="sklad-referatu__cell ">
                                                    Członek                                            </div>
                </div>
                            <div class="sklad-referatu__row">
                    <div class="sklad-referatu__cell bold">
                                                    adw. Hubert Znamirowski                                            </div>
                    <div class="sklad-referatu__cell ">
                                                    Członek                                            </div>
                </div>
                            <div class="sklad-referatu__row">
                    <div class="sklad-referatu__cell bold">
                                                    adw. Łukasz Znamirowski                                            </div>
                    <div class="sklad-referatu__cell ">
                                                    Członek                                            </div>
                </div>
                        </div>
</div>


<h4 class="wp-block-heading">KONTAKT</h4>



<p>Sąd Dyscyplinarny Krakowskiej Izby Adwokackiej<br>ul. Batorego 17, 31-135 Kraków</p>



<p>Karolina Włodarczyk-Całus<br>tel. kom. <a href="tel:+48 728 871 911">+48 728 871 911</a><br>e-mail: <a href="mailto:karolina.wlodarczyk.calus@adwokatura.krakow.pl">karolina.wlodarczyk.calus@adwokatura.krakow.pl</a></p>

<p>Zgodnie z treścią art. 80 Ustawy Prawa o adwokaturze adwokaci i aplikanci adwokaccy podlegają odpowiedzialności dyscyplinarnej za postępowanie sprzeczne z prawem, zasadami etyki lub godnością zawodu bądź za naruszenie swych obowiązków zawodowych, a adwokaci również za niespełnienie obowiązku zawarcia umowy ubezpieczenia, o którym mowa w art. 8a ust. 1, zgodnie z przepisami wydanymi na podstawie [&hellip;]</p>
