{"id":13,"date":"2023-11-28T11:16:28","date_gmt":"2023-11-28T10:16:28","guid":{"rendered":"http:\/\/adwokatura.krakow.pl\/klienci\/?page_id=13"},"modified":"2024-04-24T10:04:26","modified_gmt":"2024-04-24T08:04:26","slug":"skargi","status":"publish","type":"page","link":"https:\/\/adwokatura.krakow.pl\/klienci\/w-czym-pomagamy\/skargi\/","title":{"rendered":"Skargi"},"content":{"rendered":"\n<h4 class=\"wp-block-heading\"><strong>INFORMACJA O SPOSOBIE Z\u0141O\u017bENIA SKARGI<\/strong><\/h4>\n\n\n\n<p>Referat Skarg i Wniosk\u00f3w rozpoznaje skargi (wnioski) wniesione na pi\u015bmie do w\u0142a\u015bciwej Izby Adwokackiej, kt\u00f3rej cz\u0142onkiem jest adwokat\/aplikant adwokacki, kt\u00f3rego skarga dotyczy.<\/p>\n\n\n\n<p>Skarg\u0119 nale\u017cy z\u0142o\u017cy\u0107 w formie pisemnej. Stosowne zawiadomienie winno zawiera\u0107 opis nieprawid\u0142owo\u015bci w dzia\u0142aniu, jak r\u00f3wnie\u017c zarzuty, kt\u00f3re kieruje si\u0119 pod adresem adwokata, kt\u00f3rego skarga ma dotyczy\u0107. Do pisma mo\u017cna za\u0142\u0105czy\u0107 dowody na opisane w zawiadomieniu okoliczno\u015bci (np. wymian\u0119 korespondencji, e-maili, sms etc.)<\/p>\n\n\n\n<p>Dokument taki mo\u017ce z\u0142o\u017cy\u0107 osobi\u015bcie na Biurze Podawczy Okr\u0119gowej Rady Adwokackiej w Krakowie, codziennie w godz. 8:00-16:00, b\u0105d\u017a nada\u0107 drog\u0105 listown\u0105 na adres: <\/p>\n\n\n\n<p>Okr\u0119gowa Rada Adwokacka w Krakowie<br>ul. Batorego 17<br>31-135 Krak\u00f3w<\/p>\n\n\n\n<p>Mo\u017cna tak\u017ce przys\u0142a\u0107 zawiadomienie drog\u0105 elektroniczn\u0105 (<a href=\"mailto:ora@adwokatura.krakow.pl\">ora@adwokatura.krakow.pl<\/a>), jednak\u017ce musi by\u0107 to np. zdj\u0119cie, JPG b\u0105d\u017a PDF, na kt\u00f3rym widnia\u0142 b\u0119dzie podpis osoby sk\u0142adaj\u0105cej skarg\u0119.<\/p>\n\n\n\n<p>Do rozpoznawania skarg stosuje si\u0119 odpowiednio przepisy kodeksu post\u0119powania administracyjnego. Dokumentacja dotycz\u0105ca post\u0119powania skargowego ma charakter wewn\u0119trzny.<\/p>\n\n\n<div class=\"sklad-referatu\">\n    <div class=\"sklad-referatu__heading\">\n                    <h4 class=\"sklad-referatu__title\">\n                Referat Skarg i Wniosk\u00f3w Okr\u0119gowej Rady Adwokackiej w Krakowie            <\/h4>\n                \n    <\/div>\n    <div class=\"sklad-referatu__row-wrap\">\n                                    <div class=\"sklad-referatu__row\">\n                    <div class=\"sklad-referatu__cell bold\">\n                                                    adw. Pawe\u0142 Eilmes                                            <\/div>\n                    <div class=\"sklad-referatu__cell \">\n                                                    Przewodnicz\u0105cy Referatu                                            <\/div>\n                <\/div>\n                            <div class=\"sklad-referatu__row\">\n                    <div class=\"sklad-referatu__cell bold\">\n                                                    adw. Tomasz Tarnawski                                            <\/div>\n                    <div class=\"sklad-referatu__cell \">\n                                                    Zast\u0119pca Przewodnicz\u0105cego Referatu                                            <\/div>\n                <\/div>\n                            <div class=\"sklad-referatu__row\">\n                    <div class=\"sklad-referatu__cell bold\">\n                                                    adw. Malwina Cicho\u0144ska                                            <\/div>\n                    <div class=\"sklad-referatu__cell \">\n                                                    Cz\u0142onek                                            <\/div>\n                <\/div>\n                            <div class=\"sklad-referatu__row\">\n                    <div class=\"sklad-referatu__cell bold\">\n                                                    adw. Dariusz Gradzi                                            <\/div>\n                    <div class=\"sklad-referatu__cell \">\n                                                    Cz\u0142onek                                            <\/div>\n                <\/div>\n                            <div class=\"sklad-referatu__row\">\n                    <div class=\"sklad-referatu__cell bold\">\n                                                    adw. Marcin Kosiorkiewicz                                            <\/div>\n                    <div class=\"sklad-referatu__cell \">\n                                                    Cz\u0142onek                                            <\/div>\n                <\/div>\n                            <div class=\"sklad-referatu__row\">\n                    <div class=\"sklad-referatu__cell bold\">\n                                                    adw. W\u0142adys\u0142aw Pociej                                            <\/div>\n                    <div class=\"sklad-referatu__cell \">\n                                                    Cz\u0142onek                                            <\/div>\n                <\/div>\n                            <div class=\"sklad-referatu__row\">\n                    <div class=\"sklad-referatu__cell bold\">\n                                                    adw. Maria Skotnicka                                            <\/div>\n                    <div class=\"sklad-referatu__cell \">\n                                                    Cz\u0142onek                                            <\/div>\n                <\/div>\n                        <\/div>\n<\/div>\n\n\n<h4 class=\"wp-block-heading\">KONTAKT<\/h4>\n\n\n\n<p>Referat Skarg i Wniosk\u00f3w Okr\u0119gowej Rady Adwokackiej w Krakowie<br>ul. Batorego 17, 31-135 Krak\u00f3w<\/p>\n\n\n\n<p>Karolina W\u0142odarczyk-Ca\u0142us<br>tel. kom. <a href=\"tel:+48 728 871 911\">+48 728 871 911<\/a><br>e-mail: <a href=\"mailto:karolina.wlodarczyk.calus@adwokatura.krakow.pl\">karolina.wlodarczyk.calus@adwokatura.krakow.pl<\/a><\/p>\n","protected":false},"excerpt":{"rendered":"<p>INFORMACJA O SPOSOBIE Z\u0141O\u017bENIA SKARGI Referat Skarg i Wniosk\u00f3w rozpoznaje skargi (wnioski) wniesione na pi\u015bmie do w\u0142a\u015bciwej Izby Adwokackiej, kt\u00f3rej cz\u0142onkiem jest adwokat\/aplikant adwokacki, kt\u00f3rego skarga dotyczy. Skarg\u0119 nale\u017cy z\u0142o\u017cy\u0107 w formie pisemnej. Stosowne zawiadomienie winno zawiera\u0107 opis nieprawid\u0142owo\u015bci w dzia\u0142aniu, jak r\u00f3wnie\u017c zarzuty, kt\u00f3re kieruje si\u0119 pod adresem adwokata, kt\u00f3rego skarga ma dotyczy\u0107. Do [&hellip;]<\/p>\n","protected":false},"author":1,"featured_media":0,"parent":10,"menu_order":0,"comment_status":"closed","ping_status":"closed","template":"","meta":{"_acf_changed":false,"inline_featured_image":false,"footnotes":""},"class_list":["post-13","page","type-page","status-publish","hentry"],"acf":[],"_links":{"self":[{"href":"https:\/\/adwokatura.krakow.pl\/klienci\/wp-json\/wp\/v2\/pages\/13","targetHints":{"allow":["GET"]}}],"collection":[{"href":"https:\/\/adwokatura.krakow.pl\/klienci\/wp-json\/wp\/v2\/pages"}],"about":[{"href":"https:\/\/adwokatura.krakow.pl\/klienci\/wp-json\/wp\/v2\/types\/page"}],"author":[{"embeddable":true,"href":"https:\/\/adwokatura.krakow.pl\/klienci\/wp-json\/wp\/v2\/users\/1"}],"replies":[{"embeddable":true,"href":"https:\/\/adwokatura.krakow.pl\/klienci\/wp-json\/wp\/v2\/comments?post=13"}],"version-history":[{"count":14,"href":"https:\/\/adwokatura.krakow.pl\/klienci\/wp-json\/wp\/v2\/pages\/13\/revisions"}],"predecessor-version":[{"id":269,"href":"https:\/\/adwokatura.krakow.pl\/klienci\/wp-json\/wp\/v2\/pages\/13\/revisions\/269"}],"up":[{"embeddable":true,"href":"https:\/\/adwokatura.krakow.pl\/klienci\/wp-json\/wp\/v2\/pages\/10"}],"wp:attachment":[{"href":"https:\/\/adwokatura.krakow.pl\/klienci\/wp-json\/wp\/v2\/media?parent=13"}],"curies":[{"name":"wp","href":"https:\/\/api.w.org\/{rel}","templated":true}]}}

<h4 class="wp-block-heading"><strong>INFORMACJA O SPOSOBIE ZŁOŻENIA SKARGI</strong></h4>



<p>Referat Skarg i Wniosków rozpoznaje skargi (wnioski) wniesione na piśmie do właściwej Izby Adwokackiej, której członkiem jest adwokat/aplikant adwokacki, którego skarga dotyczy.</p>



<p>Skargę należy złożyć w formie pisemnej. Stosowne zawiadomienie winno zawierać opis nieprawidłowości w działaniu, jak również zarzuty, które kieruje się pod adresem adwokata, którego skarga ma dotyczyć. Do pisma można załączyć dowody na opisane w zawiadomieniu okoliczności (np. wymianę korespondencji, e-maili, sms etc.)</p>



<p>Dokument taki może złożyć osobiście na Biurze Podawczy Okręgowej Rady Adwokackiej w Krakowie, codziennie w godz. 8:00-16:00, bądź nadać drogą listowną na adres: </p>



<p>Okręgowa Rada Adwokacka w Krakowie<br>ul. Batorego 17<br>31-135 Kraków</p>



<p>Można także przysłać zawiadomienie drogą elektroniczną (<a href="mailto:ora@adwokatura.krakow.pl">ora@adwokatura.krakow.pl</a>), jednakże musi być to np. zdjęcie, JPG bądź PDF, na którym widniał będzie podpis osoby składającej skargę.</p>



<p>Do rozpoznawania skarg stosuje się odpowiednio przepisy kodeksu postępowania administracyjnego. Dokumentacja dotycząca postępowania skargowego ma charakter wewnętrzny.</p>


<div class="sklad-referatu">
    <div class="sklad-referatu__heading">
                    <h4 class="sklad-referatu__title">
                Referat Skarg i Wniosków Okręgowej Rady Adwokackiej w Krakowie            </h4>
                
    </div>
    <div class="sklad-referatu__row-wrap">
                                    <div class="sklad-referatu__row">
                    <div class="sklad-referatu__cell bold">
                                                    adw. Paweł Eilmes                                            </div>
                    <div class="sklad-referatu__cell ">
                                                    Przewodniczący Referatu                                            </div>
                </div>
                            <div class="sklad-referatu__row">
                    <div class="sklad-referatu__cell bold">
                                                    adw. Tomasz Tarnawski                                            </div>
                    <div class="sklad-referatu__cell ">
                                                    Zastępca Przewodniczącego Referatu                                            </div>
                </div>
                            <div class="sklad-referatu__row">
                    <div class="sklad-referatu__cell bold">
                                                    adw. Malwina Cichońska                                            </div>
                    <div class="sklad-referatu__cell ">
                                                    Członek                                            </div>
                </div>
                            <div class="sklad-referatu__row">
                    <div class="sklad-referatu__cell bold">
                                                    adw. Dariusz Gradzi                                            </div>
                    <div class="sklad-referatu__cell ">
                                                    Członek                                            </div>
                </div>
                            <div class="sklad-referatu__row">
                    <div class="sklad-referatu__cell bold">
                                                    adw. Marcin Kosiorkiewicz                                            </div>
                    <div class="sklad-referatu__cell ">
                                                    Członek                                            </div>
                </div>
                            <div class="sklad-referatu__row">
                    <div class="sklad-referatu__cell bold">
                                                    adw. Władysław Pociej                                            </div>
                    <div class="sklad-referatu__cell ">
                                                    Członek                                            </div>
                </div>
                            <div class="sklad-referatu__row">
                    <div class="sklad-referatu__cell bold">
                                                    adw. Maria Skotnicka                                            </div>
                    <div class="sklad-referatu__cell ">
                                                    Członek                                            </div>
                </div>
                        </div>
</div>


<h4 class="wp-block-heading">KONTAKT</h4>



<p>Referat Skarg i Wniosków Okręgowej Rady Adwokackiej w Krakowie<br>ul. Batorego 17, 31-135 Kraków</p>



<p>Karolina Włodarczyk-Całus<br>tel. kom. <a href="tel:+48 728 871 911">+48 728 871 911</a><br>e-mail: <a href="mailto:karolina.wlodarczyk.calus@adwokatura.krakow.pl">karolina.wlodarczyk.calus@adwokatura.krakow.pl</a></p>

<p>INFORMACJA O SPOSOBIE ZŁOŻENIA SKARGI Referat Skarg i Wniosków rozpoznaje skargi (wnioski) wniesione na piśmie do właściwej Izby Adwokackiej, której członkiem jest adwokat/aplikant adwokacki, którego skarga dotyczy. Skargę należy złożyć w formie pisemnej. Stosowne zawiadomienie winno zawierać opis nieprawidłowości w działaniu, jak również zarzuty, które kieruje się pod adresem adwokata, którego skarga ma dotyczyć. Do [&hellip;]</p>
