{"id":14,"date":"2023-11-28T11:16:33","date_gmt":"2023-11-28T10:16:33","guid":{"rendered":"http:\/\/adwokatura.krakow.pl\/klienci\/?page_id=14"},"modified":"2024-03-06T12:33:30","modified_gmt":"2024-03-06T11:33:30","slug":"sprawy-z-urzedu","status":"publish","type":"page","link":"https:\/\/adwokatura.krakow.pl\/klienci\/w-czym-pomagamy\/sprawy-z-urzedu\/","title":{"rendered":"Sprawy z urz\u0119du"},"content":{"rendered":"\n<ul class=\"wp-block-list\">\n<li>Dzia\u0142 do spraw z urz\u0119du wyznacza tylko pe\u0142nomocnik\u00f3w do spraw cywilnych, a pe\u0142nomocnik\u00f3w do spraw karnych wyznacza S\u0105d.&#8221;<\/li>\n\n\n\n<li>Pe\u0142nomocnik z urz\u0119du ustanawiany jest na podstawie postanowienia S\u0105du.<\/li>\n\n\n\n<li>S\u0105d zawiadamia, kt\u00f3ry adwokat zosta\u0142 przyznany stronie.<\/li>\n\n\n\n<li>Strona mo\u017ce wskaza\u0107 danego adwokata przysy\u0142aj\u0105c do nas wniosek. [Wz\u00f3r wniosku]<\/li>\n\n\n\n<li>Wnioski o zmian\u0119 pe\u0142nomocnika z urz\u0119du nale\u017cy kierowa\u0107 do S\u0105du, przed kt\u00f3rym toczy si\u0119 sprawa (art. 118 \u00a7 3 k.p.c. w brzmieniu ustalonym wskazan\u0105 wy\u017cej ustaw\u0105 nowelizuj\u0105c\u0105. ustawy z dnia 17 grudnia 2009 roku (Dz. U. z 2010 r. Nr 7 poz. 45) tryb i spos\u00f3b zmiany pe\u0142nomocnika z urz\u0119du).<\/li>\n\n\n\n<li>Je\u015bli zachodzi konflikt interes\u00f3w w sprawie, adwokat winien zwr\u00f3ci\u0107 si\u0119 do S\u0105du orzekaj\u0105cego.<\/li>\n<\/ul>\n\n\n\n<h4 class=\"wp-block-heading\">KURATELE<\/h4>\n\n\n\n<ul class=\"wp-block-list\">\n<li>Kurator jest wskazywany na pismo S\u0105du.<\/li>\n\n\n\n<li>Adwokat b\u0105d\u017a aplikant wybierany jest z aktualnej listy w zale\u017cno\u015bci od sprawy.<\/li>\n<\/ul>\n\n\n\n<h4 class=\"wp-block-heading\">KONTAKT<\/h4>\n\n\n\n<p>Ma\u0142gorzata Wenner<br>Augustyna Seku\u0142a<\/p>\n\n\n\n<p>kom: <a href=\"TEL:+48 664 152 661\">+48 664 152 661<\/a><br>e-mail: <a href=\"mailto:sprawyzurzedu@adwokatura.krakow.pl\">sprawyzurzedu@adwokatura.krakow.pl<\/a><\/p>\n\n\n\n<p>ul. Batorego 17, 31-135 Krak\u00f3w<\/p>\n","protected":false},"excerpt":{"rendered":"<p>KURATELE KONTAKT Ma\u0142gorzata WennerAugustyna Seku\u0142a kom: +48 664 152 661e-mail: sprawyzurzedu@adwokatura.krakow.pl ul. Batorego 17, 31-135 Krak\u00f3w<\/p>\n","protected":false},"author":1,"featured_media":0,"parent":10,"menu_order":0,"comment_status":"closed","ping_status":"closed","template":"","meta":{"_acf_changed":false,"inline_featured_image":false,"footnotes":""},"class_list":["post-14","page","type-page","status-publish","hentry"],"acf":[],"_links":{"self":[{"href":"https:\/\/adwokatura.krakow.pl\/klienci\/wp-json\/wp\/v2\/pages\/14","targetHints":{"allow":["GET"]}}],"collection":[{"href":"https:\/\/adwokatura.krakow.pl\/klienci\/wp-json\/wp\/v2\/pages"}],"about":[{"href":"https:\/\/adwokatura.krakow.pl\/klienci\/wp-json\/wp\/v2\/types\/page"}],"author":[{"embeddable":true,"href":"https:\/\/adwokatura.krakow.pl\/klienci\/wp-json\/wp\/v2\/users\/1"}],"replies":[{"embeddable":true,"href":"https:\/\/adwokatura.krakow.pl\/klienci\/wp-json\/wp\/v2\/comments?post=14"}],"version-history":[{"count":4,"href":"https:\/\/adwokatura.krakow.pl\/klienci\/wp-json\/wp\/v2\/pages\/14\/revisions"}],"predecessor-version":[{"id":212,"href":"https:\/\/adwokatura.krakow.pl\/klienci\/wp-json\/wp\/v2\/pages\/14\/revisions\/212"}],"up":[{"embeddable":true,"href":"https:\/\/adwokatura.krakow.pl\/klienci\/wp-json\/wp\/v2\/pages\/10"}],"wp:attachment":[{"href":"https:\/\/adwokatura.krakow.pl\/klienci\/wp-json\/wp\/v2\/media?parent=14"}],"curies":[{"name":"wp","href":"https:\/\/api.w.org\/{rel}","templated":true}]}}

Sprawy z urzędu

<ul class="wp-block-list">
<li>Dział do spraw z urzędu wyznacza tylko pełnomocników do spraw cywilnych, a pełnomocników do spraw karnych wyznacza Sąd.&#8221;</li>



<li>Pełnomocnik z urzędu ustanawiany jest na podstawie postanowienia Sądu.</li>



<li>Sąd zawiadamia, który adwokat został przyznany stronie.</li>



<li>Strona może wskazać danego adwokata przysyłając do nas wniosek. [Wzór wniosku]</li>



<li>Wnioski o zmianę pełnomocnika z urzędu należy kierować do Sądu, przed którym toczy się sprawa (art. 118 § 3 k.p.c. w brzmieniu ustalonym wskazaną wyżej ustawą nowelizującą. ustawy z dnia 17 grudnia 2009 roku (Dz. U. z 2010 r. Nr 7 poz. 45) tryb i sposób zmiany pełnomocnika z urzędu).</li>



<li>Jeśli zachodzi konflikt interesów w sprawie, adwokat winien zwrócić się do Sądu orzekającego.</li>
</ul>



<h4 class="wp-block-heading">KURATELE</h4>



<ul class="wp-block-list">
<li>Kurator jest wskazywany na pismo Sądu.</li>



<li>Adwokat bądź aplikant wybierany jest z aktualnej listy w zależności od sprawy.</li>
</ul>



<h4 class="wp-block-heading">KONTAKT</h4>



<p>Małgorzata Wenner<br>Augustyna Sekuła</p>



<p>kom: <a href="TEL:+48 664 152 661">+48 664 152 661</a><br>e-mail: <a href="mailto:sprawyzurzedu@adwokatura.krakow.pl">sprawyzurzedu@adwokatura.krakow.pl</a></p>



<p>ul. Batorego 17, 31-135 Kraków</p>

<p>KURATELE KONTAKT Małgorzata WennerAugustyna Sekuła kom: +48 664 152 661e-mail: sprawyzurzedu@adwokatura.krakow.pl ul. Batorego 17, 31-135 Kraków</p>
