{"id":7,"date":"2023-11-28T11:15:43","date_gmt":"2023-11-28T10:15:43","guid":{"rendered":"http:\/\/adwokatura.krakow.pl\/klienci\/?page_id=7"},"modified":"2024-04-26T12:37:48","modified_gmt":"2024-04-26T10:37:48","slug":"dyzur-dziekanski","status":"publish","type":"page","link":"https:\/\/adwokatura.krakow.pl\/klienci\/o-nas\/dyzur-dziekanski\/","title":{"rendered":"Dy\u017cur dzieka\u0144ski"},"content":{"rendered":"\n<p><em>Szanowni Pa\u0144stwo,<\/em><\/p>\n\n\n\n<p>Biuro Okr\u0119gowej Rady Adwokackiej uprzejmie zawiadamia, i\u017c Dziekan KIA, b\u0105d\u017a przedstawiciel Prezydium ORA przyjmuje w ramach dy\u017curu dzieka\u0144skiego w ka\u017cd\u0105 \u015brod\u0119.<\/p>\n\n\n\n<p>Aby um\u00f3wi\u0107 si\u0119 na dy\u017cur dzieka\u0144ski nale\u017cy skontaktowa\u0107 si\u0119 z sekretariatem Biura ORA pod numerem kom: <a href=\"tel:728871909\">728 871 909<\/a> &#8211;\u00a0 celem ustalenia terminu spotkania.<\/p>\n","protected":false},"excerpt":{"rendered":"<p>Szanowni Pa\u0144stwo, Biuro Okr\u0119gowej Rady Adwokackiej uprzejmie zawiadamia, i\u017c Dziekan KIA, b\u0105d\u017a przedstawiciel Prezydium ORA przyjmuje w ramach dy\u017curu dzieka\u0144skiego w ka\u017cd\u0105 \u015brod\u0119. Aby um\u00f3wi\u0107 si\u0119 na dy\u017cur dzieka\u0144ski nale\u017cy skontaktowa\u0107 si\u0119 z sekretariatem Biura ORA pod numerem kom: 728 871 909 &#8211;\u00a0 celem ustalenia terminu spotkania.<\/p>\n","protected":false},"author":1,"featured_media":0,"parent":6,"menu_order":0,"comment_status":"closed","ping_status":"closed","template":"","meta":{"_acf_changed":false,"inline_featured_image":false,"footnotes":""},"class_list":["post-7","page","type-page","status-publish","hentry"],"acf":[],"_links":{"self":[{"href":"https:\/\/adwokatura.krakow.pl\/klienci\/wp-json\/wp\/v2\/pages\/7","targetHints":{"allow":["GET"]}}],"collection":[{"href":"https:\/\/adwokatura.krakow.pl\/klienci\/wp-json\/wp\/v2\/pages"}],"about":[{"href":"https:\/\/adwokatura.krakow.pl\/klienci\/wp-json\/wp\/v2\/types\/page"}],"author":[{"embeddable":true,"href":"https:\/\/adwokatura.krakow.pl\/klienci\/wp-json\/wp\/v2\/users\/1"}],"replies":[{"embeddable":true,"href":"https:\/\/adwokatura.krakow.pl\/klienci\/wp-json\/wp\/v2\/comments?post=7"}],"version-history":[{"count":5,"href":"https:\/\/adwokatura.krakow.pl\/klienci\/wp-json\/wp\/v2\/pages\/7\/revisions"}],"predecessor-version":[{"id":270,"href":"https:\/\/adwokatura.krakow.pl\/klienci\/wp-json\/wp\/v2\/pages\/7\/revisions\/270"}],"up":[{"embeddable":true,"href":"https:\/\/adwokatura.krakow.pl\/klienci\/wp-json\/wp\/v2\/pages\/6"}],"wp:attachment":[{"href":"https:\/\/adwokatura.krakow.pl\/klienci\/wp-json\/wp\/v2\/media?parent=7"}],"curies":[{"name":"wp","href":"https:\/\/api.w.org\/{rel}","templated":true}]}}

Dyżur dziekański

<p><em>Szanowni Państwo,</em></p>



<p>Biuro Okręgowej Rady Adwokackiej uprzejmie zawiadamia, iż Dziekan KIA, bądź przedstawiciel Prezydium ORA przyjmuje w ramach dyżuru dziekańskiego w każdą środę.</p>



<p>Aby umówić się na dyżur dziekański należy skontaktować się z sekretariatem Biura ORA pod numerem kom: <a href="tel:728871909">728 871 909</a> &#8211;  celem ustalenia terminu spotkania.</p>

<p>Szanowni Państwo, Biuro Okręgowej Rady Adwokackiej uprzejmie zawiadamia, iż Dziekan KIA, bądź przedstawiciel Prezydium ORA przyjmuje w ramach dyżuru dziekańskiego w każdą środę. Aby umówić się na dyżur dziekański należy skontaktować się z sekretariatem Biura ORA pod numerem kom: 728 871 909 &#8211;  celem ustalenia terminu spotkania.</p>
